{"id":978,"date":"2016-12-01T11:48:40","date_gmt":"2016-12-01T10:48:40","guid":{"rendered":"http:\/\/lascriticas.com\/?page_id=978"},"modified":"2021-01-19T21:48:35","modified_gmt":"2021-01-19T20:48:35","slug":"jennifer-thorndike","status":"publish","type":"page","link":"https:\/\/lascriticas.com\/index.php\/lascriticas\/jennifer-thorndike\/","title":{"rendered":"Jennifer Thorndike"},"content":{"rendered":"<p style=\"text-align: justify;\"><span style=\"font-size: 16px;\"><b>Jennifer Thorndike<\/b>\u00a0(Lima, 1983) es escritora y acad\u00e9mica. Ha publicado las novelas <i>Esa muerte existe<\/i> (Literatura Random House, 2016) y <i>(ella)<\/i> (2012, reeditada en 2014), tambi\u00e9n los libros de cuentos <i>Cromosoma Z<\/i> (2007) y <i>Antifaces <\/i>(2015). Ha participado en diversas antolog\u00edas tanto peruanas como latinoamericanas. Sus cuentos han sido traducidos al portugu\u00e9s, franc\u00e9s e ingl\u00e9s. Actualmente sigue un doctorado en Estudios Hisp\u00e1nicos en la Universidad de Pennsylvania.<\/span><\/p>\n<p style=\"text-align: justify;\"><span style=\"font-size: 16px;\"><a href=\"https:\/\/lascriticas.com\/index.php\/author\/jennifer-thorndike\/\"><strong>Sus cr\u00edticas<\/strong><\/a><\/span><\/p>\n","protected":false},"excerpt":{"rendered":"<p>Jennifer Thorndike\u00a0(Lima, 1983) es escritora y acad\u00e9mica. Ha publicado las novelas Esa muerte existe (Literatura Random House, 2016) y (ella) (2012, reeditada en 2014), tambi\u00e9n los libros de cuentos Cromosoma Z (2007) y Antifaces (2015). Ha participado en diversas antolog\u00edas tanto peruanas como latinoamericanas. Sus cuentos han sido traducidos al portugu\u00e9s, franc\u00e9s e ingl\u00e9s. Actualmente&#8230;<\/p>\n","protected":false},"author":1,"featured_media":982,"parent":68,"menu_order":0,"comment_status":"closed","ping_status":"closed","template":"","meta":{"footnotes":""},"yoast_head":"<!-- This site is optimized with the Yoast SEO plugin v23.5 - https:\/\/yoast.com\/wordpress\/plugins\/seo\/ -->\n<title>Jennifer Thorndike - Las Cr\u00edticas<\/title>\n<meta name=\"description\" content=\"Jennifer Thorndike (Lima, 1983) es escritora y acad\u00e9mica. Ha publicado las novelas Esa muerte existe (2016) y (ella) (2012), los cuentos Cromosoma Z (2007) y Antifaces (2015)\" \/>\n<meta name=\"robots\" content=\"index, follow, max-snippet:-1, max-image-preview:large, max-video-preview:-1\" \/>\n<link rel=\"canonical\" href=\"https:\/\/lascriticas.com\/index.php\/lascriticas\/jennifer-thorndike\/\" \/>\n<meta property=\"og:locale\" content=\"es_ES\" \/>\n<meta property=\"og:type\" content=\"article\" \/>\n<meta property=\"og:title\" content=\"Jennifer Thorndike - Las Cr\u00edticas\" \/>\n<meta property=\"og:description\" content=\"Jennifer Thorndike (Lima, 1983) es escritora y acad\u00e9mica. Ha publicado las novelas Esa muerte existe (2016) y (ella) (2012), los cuentos Cromosoma Z (2007) y Antifaces (2015)\" \/>\n<meta property=\"og:url\" content=\"https:\/\/lascriticas.com\/index.php\/lascriticas\/jennifer-thorndike\/\" \/>\n<meta property=\"og:site_name\" content=\"Las Cr\u00edticas\" \/>\n<meta property=\"article:publisher\" content=\"https:\/\/www.facebook.com\/lascriticas\/\" \/>\n<meta property=\"article:modified_time\" content=\"2021-01-19T20:48:35+00:00\" \/>\n<meta property=\"og:image\" content=\"https:\/\/lascriticas.com\/wp-content\/uploads\/2016\/12\/Jennifer-Thorndike.jpg\" \/>\n\t<meta property=\"og:image:width\" content=\"1080\" \/>\n\t<meta property=\"og:image:height\" content=\"606\" \/>\n\t<meta property=\"og:image:type\" content=\"image\/jpeg\" \/>\n<meta name=\"twitter:card\" content=\"summary_large_image\" \/>\n<meta name=\"twitter:site\" content=\"@LasCriticas_com\" \/>\n<meta name=\"twitter:label1\" content=\"Tiempo de lectura\" \/>\n\t<meta name=\"twitter:data1\" content=\"1 minuto\" \/>\n<script type=\"application\/ld+json\" class=\"yoast-schema-graph\">{\"@context\":\"https:\/\/schema.org\",\"@graph\":[{\"@type\":\"WebPage\",\"@id\":\"https:\/\/lascriticas.com\/index.php\/lascriticas\/jennifer-thorndike\/\",\"url\":\"https:\/\/lascriticas.com\/index.php\/lascriticas\/jennifer-thorndike\/\",\"name\":\"Jennifer Thorndike - Las Cr\u00edticas\",\"isPartOf\":{\"@id\":\"https:\/\/lascriticas.com\/#website\"},\"primaryImageOfPage\":{\"@id\":\"https:\/\/lascriticas.com\/index.php\/lascriticas\/jennifer-thorndike\/#primaryimage\"},\"image\":{\"@id\":\"https:\/\/lascriticas.com\/index.php\/lascriticas\/jennifer-thorndike\/#primaryimage\"},\"thumbnailUrl\":\"https:\/\/lascriticas.com\/wp-content\/uploads\/2016\/12\/Jennifer-Thorndike.jpg\",\"datePublished\":\"2016-12-01T10:48:40+00:00\",\"dateModified\":\"2021-01-19T20:48:35+00:00\",\"description\":\"Jennifer Thorndike (Lima, 1983) es escritora y acad\u00e9mica. Ha publicado las novelas Esa muerte existe (2016) y (ella) (2012), los cuentos Cromosoma Z (2007) y Antifaces (2015)\",\"breadcrumb\":{\"@id\":\"https:\/\/lascriticas.com\/index.php\/lascriticas\/jennifer-thorndike\/#breadcrumb\"},\"inLanguage\":\"es\",\"potentialAction\":[{\"@type\":\"ReadAction\",\"target\":[\"https:\/\/lascriticas.com\/index.php\/lascriticas\/jennifer-thorndike\/\"]}]},{\"@type\":\"ImageObject\",\"inLanguage\":\"es\",\"@id\":\"https:\/\/lascriticas.com\/index.php\/lascriticas\/jennifer-thorndike\/#primaryimage\",\"url\":\"https:\/\/lascriticas.com\/wp-content\/uploads\/2016\/12\/Jennifer-Thorndike.jpg\",\"contentUrl\":\"https:\/\/lascriticas.com\/wp-content\/uploads\/2016\/12\/Jennifer-Thorndike.jpg\",\"width\":1080,\"height\":606,\"caption\":\"Jennifer Thorndike\"},{\"@type\":\"BreadcrumbList\",\"@id\":\"https:\/\/lascriticas.com\/index.php\/lascriticas\/jennifer-thorndike\/#breadcrumb\",\"itemListElement\":[{\"@type\":\"ListItem\",\"position\":1,\"name\":\"Inicio\",\"item\":\"https:\/\/lascriticas.com\/\"},{\"@type\":\"ListItem\",\"position\":2,\"name\":\"Las Cr\u00edticas\",\"item\":\"https:\/\/lascriticas.com\/index.php\/lascriticas\/\"},{\"@type\":\"ListItem\",\"position\":3,\"name\":\"Jennifer Thorndike\"}]},{\"@type\":\"WebSite\",\"@id\":\"https:\/\/lascriticas.com\/#website\",\"url\":\"https:\/\/lascriticas.com\/\",\"name\":\"Las Cr\u00edticas\",\"description\":\"Cr\u00edtica literaria hecha por mujeres\",\"publisher\":{\"@id\":\"https:\/\/lascriticas.com\/#organization\"},\"potentialAction\":[{\"@type\":\"SearchAction\",\"target\":{\"@type\":\"EntryPoint\",\"urlTemplate\":\"https:\/\/lascriticas.com\/?s={search_term_string}\"},\"query-input\":{\"@type\":\"PropertyValueSpecification\",\"valueRequired\":true,\"valueName\":\"search_term_string\"}}],\"inLanguage\":\"es\"},{\"@type\":\"Organization\",\"@id\":\"https:\/\/lascriticas.com\/#organization\",\"name\":\"Las Cr\u00edticas\",\"url\":\"https:\/\/lascriticas.com\/\",\"logo\":{\"@type\":\"ImageObject\",\"inLanguage\":\"es\",\"@id\":\"https:\/\/lascriticas.com\/#\/schema\/logo\/image\/\",\"url\":\"https:\/\/lascriticas.com\/wp-content\/uploads\/2016\/09\/Las-Cr\u00edticas.png\",\"contentUrl\":\"https:\/\/lascriticas.com\/wp-content\/uploads\/2016\/09\/Las-Cr\u00edticas.png\",\"width\":372,\"height\":201,\"caption\":\"Las Cr\u00edticas\"},\"image\":{\"@id\":\"https:\/\/lascriticas.com\/#\/schema\/logo\/image\/\"},\"sameAs\":[\"https:\/\/www.facebook.com\/lascriticas\/\",\"https:\/\/x.com\/LasCriticas_com\",\"https:\/\/www.instagram.com\/lascriticas_com\/\",\"https:\/\/www.youtube.com\/channel\/UCd7r-H6EJA4sSXGLX33_iHQ\"]}]}<\/script>\n<!-- \/ Yoast SEO plugin. -->","yoast_head_json":{"title":"Jennifer Thorndike - Las Cr\u00edticas","description":"Jennifer Thorndike (Lima, 1983) es escritora y acad\u00e9mica. Ha publicado las novelas Esa muerte existe (2016) y (ella) (2012), los cuentos Cromosoma Z (2007) y Antifaces (2015)","robots":{"index":"index","follow":"follow","max-snippet":"max-snippet:-1","max-image-preview":"max-image-preview:large","max-video-preview":"max-video-preview:-1"},"canonical":"https:\/\/lascriticas.com\/index.php\/lascriticas\/jennifer-thorndike\/","og_locale":"es_ES","og_type":"article","og_title":"Jennifer Thorndike - Las Cr\u00edticas","og_description":"Jennifer Thorndike (Lima, 1983) es escritora y acad\u00e9mica. Ha publicado las novelas Esa muerte existe (2016) y (ella) (2012), los cuentos Cromosoma Z (2007) y Antifaces (2015)","og_url":"https:\/\/lascriticas.com\/index.php\/lascriticas\/jennifer-thorndike\/","og_site_name":"Las Cr\u00edticas","article_publisher":"https:\/\/www.facebook.com\/lascriticas\/","article_modified_time":"2021-01-19T20:48:35+00:00","og_image":[{"width":1080,"height":606,"url":"https:\/\/lascriticas.com\/wp-content\/uploads\/2016\/12\/Jennifer-Thorndike.jpg","type":"image\/jpeg"}],"twitter_card":"summary_large_image","twitter_site":"@LasCriticas_com","twitter_misc":{"Tiempo de lectura":"1 minuto"},"schema":{"@context":"https:\/\/schema.org","@graph":[{"@type":"WebPage","@id":"https:\/\/lascriticas.com\/index.php\/lascriticas\/jennifer-thorndike\/","url":"https:\/\/lascriticas.com\/index.php\/lascriticas\/jennifer-thorndike\/","name":"Jennifer Thorndike - Las Cr\u00edticas","isPartOf":{"@id":"https:\/\/lascriticas.com\/#website"},"primaryImageOfPage":{"@id":"https:\/\/lascriticas.com\/index.php\/lascriticas\/jennifer-thorndike\/#primaryimage"},"image":{"@id":"https:\/\/lascriticas.com\/index.php\/lascriticas\/jennifer-thorndike\/#primaryimage"},"thumbnailUrl":"https:\/\/lascriticas.com\/wp-content\/uploads\/2016\/12\/Jennifer-Thorndike.jpg","datePublished":"2016-12-01T10:48:40+00:00","dateModified":"2021-01-19T20:48:35+00:00","description":"Jennifer Thorndike (Lima, 1983) es escritora y acad\u00e9mica. Ha publicado las novelas Esa muerte existe (2016) y (ella) (2012), los cuentos Cromosoma Z (2007) y Antifaces (2015)","breadcrumb":{"@id":"https:\/\/lascriticas.com\/index.php\/lascriticas\/jennifer-thorndike\/#breadcrumb"},"inLanguage":"es","potentialAction":[{"@type":"ReadAction","target":["https:\/\/lascriticas.com\/index.php\/lascriticas\/jennifer-thorndike\/"]}]},{"@type":"ImageObject","inLanguage":"es","@id":"https:\/\/lascriticas.com\/index.php\/lascriticas\/jennifer-thorndike\/#primaryimage","url":"https:\/\/lascriticas.com\/wp-content\/uploads\/2016\/12\/Jennifer-Thorndike.jpg","contentUrl":"https:\/\/lascriticas.com\/wp-content\/uploads\/2016\/12\/Jennifer-Thorndike.jpg","width":1080,"height":606,"caption":"Jennifer Thorndike"},{"@type":"BreadcrumbList","@id":"https:\/\/lascriticas.com\/index.php\/lascriticas\/jennifer-thorndike\/#breadcrumb","itemListElement":[{"@type":"ListItem","position":1,"name":"Inicio","item":"https:\/\/lascriticas.com\/"},{"@type":"ListItem","position":2,"name":"Las Cr\u00edticas","item":"https:\/\/lascriticas.com\/index.php\/lascriticas\/"},{"@type":"ListItem","position":3,"name":"Jennifer Thorndike"}]},{"@type":"WebSite","@id":"https:\/\/lascriticas.com\/#website","url":"https:\/\/lascriticas.com\/","name":"Las Cr\u00edticas","description":"Cr\u00edtica literaria hecha por mujeres","publisher":{"@id":"https:\/\/lascriticas.com\/#organization"},"potentialAction":[{"@type":"SearchAction","target":{"@type":"EntryPoint","urlTemplate":"https:\/\/lascriticas.com\/?s={search_term_string}"},"query-input":{"@type":"PropertyValueSpecification","valueRequired":true,"valueName":"search_term_string"}}],"inLanguage":"es"},{"@type":"Organization","@id":"https:\/\/lascriticas.com\/#organization","name":"Las Cr\u00edticas","url":"https:\/\/lascriticas.com\/","logo":{"@type":"ImageObject","inLanguage":"es","@id":"https:\/\/lascriticas.com\/#\/schema\/logo\/image\/","url":"https:\/\/lascriticas.com\/wp-content\/uploads\/2016\/09\/Las-Cr\u00edticas.png","contentUrl":"https:\/\/lascriticas.com\/wp-content\/uploads\/2016\/09\/Las-Cr\u00edticas.png","width":372,"height":201,"caption":"Las Cr\u00edticas"},"image":{"@id":"https:\/\/lascriticas.com\/#\/schema\/logo\/image\/"},"sameAs":["https:\/\/www.facebook.com\/lascriticas\/","https:\/\/x.com\/LasCriticas_com","https:\/\/www.instagram.com\/lascriticas_com\/","https:\/\/www.youtube.com\/channel\/UCd7r-H6EJA4sSXGLX33_iHQ"]}]}},"_links":{"self":[{"href":"https:\/\/lascriticas.com\/index.php\/wp-json\/wp\/v2\/pages\/978"}],"collection":[{"href":"https:\/\/lascriticas.com\/index.php\/wp-json\/wp\/v2\/pages"}],"about":[{"href":"https:\/\/lascriticas.com\/index.php\/wp-json\/wp\/v2\/types\/page"}],"author":[{"embeddable":true,"href":"https:\/\/lascriticas.com\/index.php\/wp-json\/wp\/v2\/users\/1"}],"replies":[{"embeddable":true,"href":"https:\/\/lascriticas.com\/index.php\/wp-json\/wp\/v2\/comments?post=978"}],"version-history":[{"count":6,"href":"https:\/\/lascriticas.com\/index.php\/wp-json\/wp\/v2\/pages\/978\/revisions"}],"predecessor-version":[{"id":3843,"href":"https:\/\/lascriticas.com\/index.php\/wp-json\/wp\/v2\/pages\/978\/revisions\/3843"}],"up":[{"embeddable":true,"href":"https:\/\/lascriticas.com\/index.php\/wp-json\/wp\/v2\/pages\/68"}],"wp:featuredmedia":[{"embeddable":true,"href":"https:\/\/lascriticas.com\/index.php\/wp-json\/wp\/v2\/media\/982"}],"wp:attachment":[{"href":"https:\/\/lascriticas.com\/index.php\/wp-json\/wp\/v2\/media?parent=978"}],"curies":[{"name":"wp","href":"https:\/\/api.w.org\/{rel}","templated":true}]}}