{"id":6152,"date":"2026-09-06T19:48:27","date_gmt":"2026-09-06T17:48:27","guid":{"rendered":"https:\/\/lascriticas.com\/?page_id=6152"},"modified":"2026-09-06T20:24:32","modified_gmt":"2026-09-06T18:24:32","slug":"miluska-benavides","status":"publish","type":"page","link":"https:\/\/lascriticas.com\/index.php\/lascriticas\/miluska-benavides\/","title":{"rendered":"Miluska Benavides"},"content":{"rendered":"<div class=\"\" style=\"text-align: justify;\"><span style=\"font-size: 16px;\"><span class=\"\"><strong>Miluska Benavides<\/strong> (Lima, Per\u00fa) es narradora, traductora, docente universitaria y cr\u00edtica literaria peruana. Ha publicado la traducci\u00f3n de\u00a0<i class=\"\">Una temporada en el infierno<\/i>\u00a0(2012), un estudio sobre Eguren,\u00a0<i class=\"\">Naturaleza de la prosa de Jos\u00e9 Mar\u00eda Eguren<\/i>\u00a0(2017) y el libro de cuentos\u00a0<i class=\"\">La caza espiritual<\/i>\u00a0(2015)<\/span><span class=\"\">. Es doctora en literatura latinoamericana por la Universidad de Colorado-Boulder.\u00a0<\/span><span class=\"\">En 2021, fue incluida por la revista brit\u00e1nica\u00a0<\/span><span class=\"\">Granta<\/span><span class=\"\">\u00a0en su selecci\u00f3n de los mejores narradores en espa\u00f1ol menores de 35 a\u00f1os. Prepara su primera novela, titulada\u00a0<\/span><em><span class=\"\">Hechos<\/span><\/em><span class=\"\">.<\/span><\/span><\/div>\n<div><\/div>\n<div><a href=\"https:\/\/lascriticas.com\/index.php\/author\/miluska-benavides\/\"><span style=\"font-size: 16px;\"><strong>Sus cr\u00edticas<\/strong><\/span><\/a><\/div>\n","protected":false},"excerpt":{"rendered":"<p>Miluska Benavides (Lima, Per\u00fa) es narradora, traductora, docente universitaria y cr\u00edtica literaria peruana. Ha publicado la traducci\u00f3n de\u00a0Una temporada en el infierno\u00a0(2012), un estudio sobre Eguren,\u00a0Naturaleza de la prosa de Jos\u00e9 Mar\u00eda Eguren\u00a0(2017) y el libro de cuentos\u00a0La caza espiritual\u00a0(2015). Es doctora en literatura latinoamericana por la Universidad de Colorado-Boulder.\u00a0En 2021, fue incluida por la&#8230;<\/p>\n","protected":false},"author":1,"featured_media":6153,"parent":68,"menu_order":0,"comment_status":"closed","ping_status":"closed","template":"","meta":{"footnotes":""},"yoast_head":"<!-- This site is optimized with the Yoast SEO plugin v23.5 - https:\/\/yoast.com\/wordpress\/plugins\/seo\/ -->\n<title>Miluska Benavides - Las Cr\u00edticas<\/title>\n<meta name=\"description\" content=\"Miluska Benavides (Lima, Per\u00fa) es narradora, traductora, docente universitaria y cr\u00edtica literaria peruana. Ha publicado la traducci\u00f3n de\u00a0Una temporada en\" \/>\n<meta name=\"robots\" content=\"index, follow, max-snippet:-1, max-image-preview:large, max-video-preview:-1\" \/>\n<link rel=\"canonical\" href=\"https:\/\/lascriticas.com\/index.php\/lascriticas\/miluska-benavides\/\" \/>\n<meta property=\"og:locale\" content=\"es_ES\" \/>\n<meta property=\"og:type\" content=\"article\" \/>\n<meta property=\"og:title\" content=\"Miluska Benavides - Las Cr\u00edticas\" \/>\n<meta property=\"og:description\" content=\"Miluska Benavides (Lima, Per\u00fa) es narradora, traductora, docente universitaria y cr\u00edtica literaria peruana. Ha publicado la traducci\u00f3n de\u00a0Una temporada en\" \/>\n<meta property=\"og:url\" content=\"https:\/\/lascriticas.com\/index.php\/lascriticas\/miluska-benavides\/\" \/>\n<meta property=\"og:site_name\" content=\"Las Cr\u00edticas\" \/>\n<meta property=\"article:publisher\" content=\"https:\/\/www.facebook.com\/lascriticas\/\" \/>\n<meta property=\"article:modified_time\" content=\"2026-09-06T18:24:32+00:00\" \/>\n<meta property=\"og:image\" content=\"https:\/\/lascriticas.com\/wp-content\/uploads\/2026\/09\/Miluska-Benavides.png\" \/>\n\t<meta property=\"og:image:width\" content=\"960\" \/>\n\t<meta property=\"og:image:height\" content=\"640\" \/>\n\t<meta property=\"og:image:type\" content=\"image\/png\" \/>\n<meta name=\"twitter:card\" content=\"summary_large_image\" \/>\n<meta name=\"twitter:site\" content=\"@LasCriticas_com\" \/>\n<meta name=\"twitter:label1\" content=\"Tiempo de lectura\" \/>\n\t<meta name=\"twitter:data1\" content=\"1 minuto\" \/>\n<script type=\"application\/ld+json\" class=\"yoast-schema-graph\">{\"@context\":\"https:\/\/schema.org\",\"@graph\":[{\"@type\":\"WebPage\",\"@id\":\"https:\/\/lascriticas.com\/index.php\/lascriticas\/miluska-benavides\/\",\"url\":\"https:\/\/lascriticas.com\/index.php\/lascriticas\/miluska-benavides\/\",\"name\":\"Miluska Benavides - Las Cr\u00edticas\",\"isPartOf\":{\"@id\":\"https:\/\/lascriticas.com\/#website\"},\"primaryImageOfPage\":{\"@id\":\"https:\/\/lascriticas.com\/index.php\/lascriticas\/miluska-benavides\/#primaryimage\"},\"image\":{\"@id\":\"https:\/\/lascriticas.com\/index.php\/lascriticas\/miluska-benavides\/#primaryimage\"},\"thumbnailUrl\":\"https:\/\/lascriticas.com\/wp-content\/uploads\/2026\/09\/Miluska-Benavides.png\",\"datePublished\":\"2026-09-06T17:48:27+00:00\",\"dateModified\":\"2026-09-06T18:24:32+00:00\",\"description\":\"Miluska Benavides (Lima, Per\u00fa) es narradora, traductora, docente universitaria y cr\u00edtica literaria peruana. Ha publicado la traducci\u00f3n de\u00a0Una temporada en\",\"breadcrumb\":{\"@id\":\"https:\/\/lascriticas.com\/index.php\/lascriticas\/miluska-benavides\/#breadcrumb\"},\"inLanguage\":\"es\",\"potentialAction\":[{\"@type\":\"ReadAction\",\"target\":[\"https:\/\/lascriticas.com\/index.php\/lascriticas\/miluska-benavides\/\"]}]},{\"@type\":\"ImageObject\",\"inLanguage\":\"es\",\"@id\":\"https:\/\/lascriticas.com\/index.php\/lascriticas\/miluska-benavides\/#primaryimage\",\"url\":\"https:\/\/lascriticas.com\/wp-content\/uploads\/2026\/09\/Miluska-Benavides.png\",\"contentUrl\":\"https:\/\/lascriticas.com\/wp-content\/uploads\/2026\/09\/Miluska-Benavides.png\",\"width\":960,\"height\":640},{\"@type\":\"BreadcrumbList\",\"@id\":\"https:\/\/lascriticas.com\/index.php\/lascriticas\/miluska-benavides\/#breadcrumb\",\"itemListElement\":[{\"@type\":\"ListItem\",\"position\":1,\"name\":\"Inicio\",\"item\":\"https:\/\/lascriticas.com\/\"},{\"@type\":\"ListItem\",\"position\":2,\"name\":\"Las Cr\u00edticas\",\"item\":\"https:\/\/lascriticas.com\/index.php\/lascriticas\/\"},{\"@type\":\"ListItem\",\"position\":3,\"name\":\"Miluska Benavides\"}]},{\"@type\":\"WebSite\",\"@id\":\"https:\/\/lascriticas.com\/#website\",\"url\":\"https:\/\/lascriticas.com\/\",\"name\":\"Las Cr\u00edticas\",\"description\":\"Cr\u00edtica literaria hecha por mujeres\",\"publisher\":{\"@id\":\"https:\/\/lascriticas.com\/#organization\"},\"potentialAction\":[{\"@type\":\"SearchAction\",\"target\":{\"@type\":\"EntryPoint\",\"urlTemplate\":\"https:\/\/lascriticas.com\/?s={search_term_string}\"},\"query-input\":{\"@type\":\"PropertyValueSpecification\",\"valueRequired\":true,\"valueName\":\"search_term_string\"}}],\"inLanguage\":\"es\"},{\"@type\":\"Organization\",\"@id\":\"https:\/\/lascriticas.com\/#organization\",\"name\":\"Las Cr\u00edticas\",\"url\":\"https:\/\/lascriticas.com\/\",\"logo\":{\"@type\":\"ImageObject\",\"inLanguage\":\"es\",\"@id\":\"https:\/\/lascriticas.com\/#\/schema\/logo\/image\/\",\"url\":\"https:\/\/lascriticas.com\/wp-content\/uploads\/2016\/09\/Las-Cr\u00edticas.png\",\"contentUrl\":\"https:\/\/lascriticas.com\/wp-content\/uploads\/2016\/09\/Las-Cr\u00edticas.png\",\"width\":372,\"height\":201,\"caption\":\"Las Cr\u00edticas\"},\"image\":{\"@id\":\"https:\/\/lascriticas.com\/#\/schema\/logo\/image\/\"},\"sameAs\":[\"https:\/\/www.facebook.com\/lascriticas\/\",\"https:\/\/x.com\/LasCriticas_com\",\"https:\/\/www.instagram.com\/lascriticas_com\/\",\"https:\/\/www.youtube.com\/channel\/UCd7r-H6EJA4sSXGLX33_iHQ\"]}]}<\/script>\n<!-- \/ Yoast SEO plugin. -->","yoast_head_json":{"title":"Miluska Benavides - Las Cr\u00edticas","description":"Miluska Benavides (Lima, Per\u00fa) es narradora, traductora, docente universitaria y cr\u00edtica literaria peruana. Ha publicado la traducci\u00f3n de\u00a0Una temporada en","robots":{"index":"index","follow":"follow","max-snippet":"max-snippet:-1","max-image-preview":"max-image-preview:large","max-video-preview":"max-video-preview:-1"},"canonical":"https:\/\/lascriticas.com\/index.php\/lascriticas\/miluska-benavides\/","og_locale":"es_ES","og_type":"article","og_title":"Miluska Benavides - Las Cr\u00edticas","og_description":"Miluska Benavides (Lima, Per\u00fa) es narradora, traductora, docente universitaria y cr\u00edtica literaria peruana. Ha publicado la traducci\u00f3n de\u00a0Una temporada en","og_url":"https:\/\/lascriticas.com\/index.php\/lascriticas\/miluska-benavides\/","og_site_name":"Las Cr\u00edticas","article_publisher":"https:\/\/www.facebook.com\/lascriticas\/","article_modified_time":"2026-09-06T18:24:32+00:00","og_image":[{"width":960,"height":640,"url":"https:\/\/lascriticas.com\/wp-content\/uploads\/2026\/09\/Miluska-Benavides.png","type":"image\/png"}],"twitter_card":"summary_large_image","twitter_site":"@LasCriticas_com","twitter_misc":{"Tiempo de lectura":"1 minuto"},"schema":{"@context":"https:\/\/schema.org","@graph":[{"@type":"WebPage","@id":"https:\/\/lascriticas.com\/index.php\/lascriticas\/miluska-benavides\/","url":"https:\/\/lascriticas.com\/index.php\/lascriticas\/miluska-benavides\/","name":"Miluska Benavides - Las Cr\u00edticas","isPartOf":{"@id":"https:\/\/lascriticas.com\/#website"},"primaryImageOfPage":{"@id":"https:\/\/lascriticas.com\/index.php\/lascriticas\/miluska-benavides\/#primaryimage"},"image":{"@id":"https:\/\/lascriticas.com\/index.php\/lascriticas\/miluska-benavides\/#primaryimage"},"thumbnailUrl":"https:\/\/lascriticas.com\/wp-content\/uploads\/2026\/09\/Miluska-Benavides.png","datePublished":"2026-09-06T17:48:27+00:00","dateModified":"2026-09-06T18:24:32+00:00","description":"Miluska Benavides (Lima, Per\u00fa) es narradora, traductora, docente universitaria y cr\u00edtica literaria peruana. Ha publicado la traducci\u00f3n de\u00a0Una temporada en","breadcrumb":{"@id":"https:\/\/lascriticas.com\/index.php\/lascriticas\/miluska-benavides\/#breadcrumb"},"inLanguage":"es","potentialAction":[{"@type":"ReadAction","target":["https:\/\/lascriticas.com\/index.php\/lascriticas\/miluska-benavides\/"]}]},{"@type":"ImageObject","inLanguage":"es","@id":"https:\/\/lascriticas.com\/index.php\/lascriticas\/miluska-benavides\/#primaryimage","url":"https:\/\/lascriticas.com\/wp-content\/uploads\/2026\/09\/Miluska-Benavides.png","contentUrl":"https:\/\/lascriticas.com\/wp-content\/uploads\/2026\/09\/Miluska-Benavides.png","width":960,"height":640},{"@type":"BreadcrumbList","@id":"https:\/\/lascriticas.com\/index.php\/lascriticas\/miluska-benavides\/#breadcrumb","itemListElement":[{"@type":"ListItem","position":1,"name":"Inicio","item":"https:\/\/lascriticas.com\/"},{"@type":"ListItem","position":2,"name":"Las Cr\u00edticas","item":"https:\/\/lascriticas.com\/index.php\/lascriticas\/"},{"@type":"ListItem","position":3,"name":"Miluska Benavides"}]},{"@type":"WebSite","@id":"https:\/\/lascriticas.com\/#website","url":"https:\/\/lascriticas.com\/","name":"Las Cr\u00edticas","description":"Cr\u00edtica literaria hecha por mujeres","publisher":{"@id":"https:\/\/lascriticas.com\/#organization"},"potentialAction":[{"@type":"SearchAction","target":{"@type":"EntryPoint","urlTemplate":"https:\/\/lascriticas.com\/?s={search_term_string}"},"query-input":{"@type":"PropertyValueSpecification","valueRequired":true,"valueName":"search_term_string"}}],"inLanguage":"es"},{"@type":"Organization","@id":"https:\/\/lascriticas.com\/#organization","name":"Las Cr\u00edticas","url":"https:\/\/lascriticas.com\/","logo":{"@type":"ImageObject","inLanguage":"es","@id":"https:\/\/lascriticas.com\/#\/schema\/logo\/image\/","url":"https:\/\/lascriticas.com\/wp-content\/uploads\/2016\/09\/Las-Cr\u00edticas.png","contentUrl":"https:\/\/lascriticas.com\/wp-content\/uploads\/2016\/09\/Las-Cr\u00edticas.png","width":372,"height":201,"caption":"Las Cr\u00edticas"},"image":{"@id":"https:\/\/lascriticas.com\/#\/schema\/logo\/image\/"},"sameAs":["https:\/\/www.facebook.com\/lascriticas\/","https:\/\/x.com\/LasCriticas_com","https:\/\/www.instagram.com\/lascriticas_com\/","https:\/\/www.youtube.com\/channel\/UCd7r-H6EJA4sSXGLX33_iHQ"]}]}},"_links":{"self":[{"href":"https:\/\/lascriticas.com\/index.php\/wp-json\/wp\/v2\/pages\/6152"}],"collection":[{"href":"https:\/\/lascriticas.com\/index.php\/wp-json\/wp\/v2\/pages"}],"about":[{"href":"https:\/\/lascriticas.com\/index.php\/wp-json\/wp\/v2\/types\/page"}],"author":[{"embeddable":true,"href":"https:\/\/lascriticas.com\/index.php\/wp-json\/wp\/v2\/users\/1"}],"replies":[{"embeddable":true,"href":"https:\/\/lascriticas.com\/index.php\/wp-json\/wp\/v2\/comments?post=6152"}],"version-history":[{"count":4,"href":"https:\/\/lascriticas.com\/index.php\/wp-json\/wp\/v2\/pages\/6152\/revisions"}],"predecessor-version":[{"id":6173,"href":"https:\/\/lascriticas.com\/index.php\/wp-json\/wp\/v2\/pages\/6152\/revisions\/6173"}],"up":[{"embeddable":true,"href":"https:\/\/lascriticas.com\/index.php\/wp-json\/wp\/v2\/pages\/68"}],"wp:featuredmedia":[{"embeddable":true,"href":"https:\/\/lascriticas.com\/index.php\/wp-json\/wp\/v2\/media\/6153"}],"wp:attachment":[{"href":"https:\/\/lascriticas.com\/index.php\/wp-json\/wp\/v2\/media?parent=6152"}],"curies":[{"name":"wp","href":"https:\/\/api.w.org\/{rel}","templated":true}]}}

<div class="" style="text-align: justify;"><span style="font-size: 16px;"><span class=""><strong>Miluska Benavides</strong> (Lima, Perú) es narradora, traductora, docente universitaria y crítica literaria peruana. Ha publicado la traducción de <i class="">Una temporada en el infierno</i> (2012), un estudio sobre Eguren, <i class="">Naturaleza de la prosa de José María Eguren</i> (2017) y el libro de cuentos <i class="">La caza espiritual</i> (2015)</span><span class="">. Es doctora en literatura latinoamericana por la Universidad de Colorado-Boulder. </span><span class="">En 2021, fue incluida por la revista británica </span><span class="">Granta</span><span class=""> en su selección de los mejores narradores en español menores de 35 años. Prepara su primera novela, titulada </span><em><span class="">Hechos</span></em><span class="">.</span></span></div>
<div></div>
<div><a href="https://lascriticas.com/index.php/author/miluska-benavides/"><span style="font-size: 16px;"><strong>Sus críticas</strong></span></a></div>

<p>Miluska Benavides (Lima, Perú) es narradora, traductora, docente universitaria y crítica literaria peruana. Ha publicado la traducción de Una temporada en el infierno (2012), un estudio sobre Eguren, Naturaleza de la prosa de José María Eguren (2017) y el libro de cuentos La caza espiritual (2015). Es doctora en literatura latinoamericana por la Universidad de Colorado-Boulder. En 2021, fue incluida por la&#8230;</p>

<!-- This site is optimized with the Yoast SEO plugin v23.5 - https://yoast.com/wordpress/plugins/seo/ -->
<title>Miluska Benavides - Las Críticas</title>
<meta name="description" content="Miluska Benavides (Lima, Perú) es narradora, traductora, docente universitaria y crítica literaria peruana. Ha publicado la traducción de Una temporada en" />
<meta name="robots" content="index, follow, max-snippet:-1, max-image-preview:large, max-video-preview:-1" />
<link rel="canonical" href="https://lascriticas.com/index.php/lascriticas/miluska-benavides/" />
<meta property="og:locale" content="es_ES" />
<meta property="og:type" content="article" />
<meta property="og:title" content="Miluska Benavides - Las Críticas" />
<meta property="og:description" content="Miluska Benavides (Lima, Perú) es narradora, traductora, docente universitaria y crítica literaria peruana. Ha publicado la traducción de Una temporada en" />
<meta property="og:url" content="https://lascriticas.com/index.php/lascriticas/miluska-benavides/" />
<meta property="og:site_name" content="Las Críticas" />
<meta property="article:publisher" content="https://www.facebook.com/lascriticas/" />
<meta property="article:modified_time" content="2026-09-06T18:24:32+00:00" />
<meta property="og:image" content="https://lascriticas.com/wp-content/uploads/2026/09/Miluska-Benavides.png" />
	<meta property="og:image:width" content="960" />
	<meta property="og:image:height" content="640" />
	<meta property="og:image:type" content="image/png" />
<meta name="twitter:card" content="summary_large_image" />
<meta name="twitter:site" content="@LasCriticas_com" />
<meta name="twitter:label1" content="Tiempo de lectura" />
	<meta name="twitter:data1" content="1 minuto" />
<script type="application/ld+json" class="yoast-schema-graph">{"@context":"https://schema.org","@graph":[{"@type":"WebPage","@id":"https://lascriticas.com/index.php/lascriticas/miluska-benavides/","url":"https://lascriticas.com/index.php/lascriticas/miluska-benavides/","name":"Miluska Benavides - Las Críticas","isPartOf":{"@id":"https://lascriticas.com/#website"},"primaryImageOfPage":{"@id":"https://lascriticas.com/index.php/lascriticas/miluska-benavides/#primaryimage"},"image":{"@id":"https://lascriticas.com/index.php/lascriticas/miluska-benavides/#primaryimage"},"thumbnailUrl":"https://lascriticas.com/wp-content/uploads/2026/09/Miluska-Benavides.png","datePublished":"2026-09-06T17:48:27+00:00","dateModified":"2026-09-06T18:24:32+00:00","description":"Miluska Benavides (Lima, Perú) es narradora, traductora, docente universitaria y crítica literaria peruana. Ha publicado la traducción de Una temporada en","breadcrumb":{"@id":"https://lascriticas.com/index.php/lascriticas/miluska-benavides/#breadcrumb"},"inLanguage":"es","potentialAction":[{"@type":"ReadAction","target":["https://lascriticas.com/index.php/lascriticas/miluska-benavides/"]}]},{"@type":"ImageObject","inLanguage":"es","@id":"https://lascriticas.com/index.php/lascriticas/miluska-benavides/#primaryimage","url":"https://lascriticas.com/wp-content/uploads/2026/09/Miluska-Benavides.png","contentUrl":"https://lascriticas.com/wp-content/uploads/2026/09/Miluska-Benavides.png","width":960,"height":640},{"@type":"BreadcrumbList","@id":"https://lascriticas.com/index.php/lascriticas/miluska-benavides/#breadcrumb","itemListElement":[{"@type":"ListItem","position":1,"name":"Inicio","item":"https://lascriticas.com/"},{"@type":"ListItem","position":2,"name":"Las Críticas","item":"https://lascriticas.com/index.php/lascriticas/"},{"@type":"ListItem","position":3,"name":"Miluska Benavides"}]},{"@type":"WebSite","@id":"https://lascriticas.com/#website","url":"https://lascriticas.com/","name":"Las Críticas","description":"Crítica literaria hecha por mujeres","publisher":{"@id":"https://lascriticas.com/#organization"},"potentialAction":[{"@type":"SearchAction","target":{"@type":"EntryPoint","urlTemplate":"https://lascriticas.com/?s={search_term_string}"},"query-input":{"@type":"PropertyValueSpecification","valueRequired":true,"valueName":"search_term_string"}}],"inLanguage":"es"},{"@type":"Organization","@id":"https://lascriticas.com/#organization","name":"Las Críticas","url":"https://lascriticas.com/","logo":{"@type":"ImageObject","inLanguage":"es","@id":"https://lascriticas.com/#/schema/logo/image/","url":"https://lascriticas.com/wp-content/uploads/2016/09/Las-Críticas.png","contentUrl":"https://lascriticas.com/wp-content/uploads/2016/09/Las-Críticas.png","width":372,"height":201,"caption":"Las Críticas"},"image":{"@id":"https://lascriticas.com/#/schema/logo/image/"},"sameAs":["https://www.facebook.com/lascriticas/","https://x.com/LasCriticas_com","https://www.instagram.com/lascriticas_com/","https://www.youtube.com/channel/UCd7r-H6EJA4sSXGLX33_iHQ"]}]}</script>
<!-- / Yoast SEO plugin. -->

Miluska Benavides - Las Críticas

Miluska Benavides (Lima, Perú) es narradora, traductora, docente universitaria y crítica literaria peruana. Ha publicado la traducción de Una temporada en

Las Críticas

Crítica literaria hecha por mujeres

https://lascriticas.com/wp-content/uploads/2016/09/Las-Críticas.png
