{"id":6057,"date":"2025-12-06T23:12:37","date_gmt":"2025-12-06T22:12:37","guid":{"rendered":"https:\/\/lascriticas.com\/?page_id=6057"},"modified":"2025-12-11T16:06:10","modified_gmt":"2025-12-11T15:06:10","slug":"bethsabe-huaman-andia","status":"publish","type":"page","link":"https:\/\/lascriticas.com\/index.php\/lascriticas\/bethsabe-huaman-andia\/","title":{"rendered":"Bethsab\u00e9 Huam\u00e1n And\u00eda"},"content":{"rendered":"<p style=\"text-align: justify;\"><span style=\"font-size: 16px;\"><b>Bethsab\u00e9 Huam\u00e1n And\u00eda. <\/b>Ph. D., escritora e investigadora. Es catedr\u00e1tica en la Universidad de Saint Catherine (Minnesota, Estados Unidos). Se doctor\u00f3 en Literatura y Cultura Hispana por la Universidad de Tulane (2019) y obtuvo una maestr\u00eda en Estudios de G\u00e9nero por El Colegio de M\u00e9xico (2007). Es especialista en teor\u00eda feminista, poes\u00eda y <i>performance<\/i>. Entre sus publicaciones acad\u00e9micas, destacan <i>Hijas del horror: Roc\u00edo Silva Santisteban y Regina Jos\u00e9 Galindo <\/i>(2023), ganadora del Premio Iberoamericano Book Award LASA2025. Tambi\u00e9n coedit\u00f3 la edici\u00f3n cr\u00edtica <i>Esta m\u00edstica de relatar cosas sucias. Ensayos en torno a la obra de Carmen Oll\u00e9<\/i> (2016). Como narradora, ha publicado los conjuntos de relatos <i>S\u00e1bado pm<\/i> (2003), <i>Memento mori <\/i>(2009) y <i>La oscuridad del sombrero<\/i> (2018).<\/span><\/p>\n<p><a href=\"https:\/\/lascriticas.com\/index.php\/author\/bethsabe-huaman-andia\/\"><strong><span style=\"font-size: 16px;\">Sus cr\u00edticas<\/span><\/strong><\/a><\/p>\n","protected":false},"excerpt":{"rendered":"<p>Bethsab\u00e9 Huam\u00e1n And\u00eda. Ph. D., escritora e investigadora. Es catedr\u00e1tica en la Universidad de Saint Catherine (Minnesota, Estados Unidos). Se doctor\u00f3 en Literatura y Cultura Hispana por la Universidad de Tulane (2019) y obtuvo una maestr\u00eda en Estudios de G\u00e9nero por El Colegio de M\u00e9xico (2007). Es especialista en teor\u00eda feminista, poes\u00eda y performance. Entre&#8230;<\/p>\n","protected":false},"author":1,"featured_media":6061,"parent":68,"menu_order":0,"comment_status":"closed","ping_status":"closed","template":"","meta":{"footnotes":""},"yoast_head":"<!-- This site is optimized with the Yoast SEO plugin v23.5 - https:\/\/yoast.com\/wordpress\/plugins\/seo\/ -->\n<title>Bethsab\u00e9 Huam\u00e1n And\u00eda - Las Cr\u00edticas<\/title>\n<meta name=\"description\" content=\"Bethsab\u00e9 Huam\u00e1n And\u00eda. Ph. D., escritora e investigadora. Es catedr\u00e1tica en la Universidad de Saint Catherine (Minnesota, Estados Unidos). Se doctor\u00f3 en\" \/>\n<meta name=\"robots\" content=\"index, follow, max-snippet:-1, max-image-preview:large, max-video-preview:-1\" \/>\n<link rel=\"canonical\" href=\"https:\/\/lascriticas.com\/index.php\/lascriticas\/bethsabe-huaman-andia\/\" \/>\n<meta property=\"og:locale\" content=\"es_ES\" \/>\n<meta property=\"og:type\" content=\"article\" \/>\n<meta property=\"og:title\" content=\"Bethsab\u00e9 Huam\u00e1n And\u00eda - Las Cr\u00edticas\" \/>\n<meta property=\"og:description\" content=\"Bethsab\u00e9 Huam\u00e1n And\u00eda. Ph. D., escritora e investigadora. Es catedr\u00e1tica en la Universidad de Saint Catherine (Minnesota, Estados Unidos). Se doctor\u00f3 en\" \/>\n<meta property=\"og:url\" content=\"https:\/\/lascriticas.com\/index.php\/lascriticas\/bethsabe-huaman-andia\/\" \/>\n<meta property=\"og:site_name\" content=\"Las Cr\u00edticas\" \/>\n<meta property=\"article:publisher\" content=\"https:\/\/www.facebook.com\/lascriticas\/\" \/>\n<meta property=\"article:modified_time\" content=\"2025-12-11T15:06:10+00:00\" \/>\n<meta property=\"og:image\" content=\"https:\/\/lascriticas.com\/wp-content\/uploads\/2025\/12\/Bethsabe-300x300-1.jpeg\" \/>\n\t<meta property=\"og:image:width\" content=\"300\" \/>\n\t<meta property=\"og:image:height\" content=\"300\" \/>\n\t<meta property=\"og:image:type\" content=\"image\/jpeg\" \/>\n<meta name=\"twitter:card\" content=\"summary_large_image\" \/>\n<meta name=\"twitter:site\" content=\"@LasCriticas_com\" \/>\n<meta name=\"twitter:label1\" content=\"Tiempo de lectura\" \/>\n\t<meta name=\"twitter:data1\" content=\"1 minuto\" \/>\n<script type=\"application\/ld+json\" class=\"yoast-schema-graph\">{\"@context\":\"https:\/\/schema.org\",\"@graph\":[{\"@type\":\"WebPage\",\"@id\":\"https:\/\/lascriticas.com\/index.php\/lascriticas\/bethsabe-huaman-andia\/\",\"url\":\"https:\/\/lascriticas.com\/index.php\/lascriticas\/bethsabe-huaman-andia\/\",\"name\":\"Bethsab\u00e9 Huam\u00e1n And\u00eda - Las Cr\u00edticas\",\"isPartOf\":{\"@id\":\"https:\/\/lascriticas.com\/#website\"},\"primaryImageOfPage\":{\"@id\":\"https:\/\/lascriticas.com\/index.php\/lascriticas\/bethsabe-huaman-andia\/#primaryimage\"},\"image\":{\"@id\":\"https:\/\/lascriticas.com\/index.php\/lascriticas\/bethsabe-huaman-andia\/#primaryimage\"},\"thumbnailUrl\":\"https:\/\/lascriticas.com\/wp-content\/uploads\/2025\/12\/Bethsabe-300x300-1.jpeg\",\"datePublished\":\"2025-12-06T22:12:37+00:00\",\"dateModified\":\"2025-12-11T15:06:10+00:00\",\"description\":\"Bethsab\u00e9 Huam\u00e1n And\u00eda. Ph. D., escritora e investigadora. Es catedr\u00e1tica en la Universidad de Saint Catherine (Minnesota, Estados Unidos). Se doctor\u00f3 en\",\"breadcrumb\":{\"@id\":\"https:\/\/lascriticas.com\/index.php\/lascriticas\/bethsabe-huaman-andia\/#breadcrumb\"},\"inLanguage\":\"es\",\"potentialAction\":[{\"@type\":\"ReadAction\",\"target\":[\"https:\/\/lascriticas.com\/index.php\/lascriticas\/bethsabe-huaman-andia\/\"]}]},{\"@type\":\"ImageObject\",\"inLanguage\":\"es\",\"@id\":\"https:\/\/lascriticas.com\/index.php\/lascriticas\/bethsabe-huaman-andia\/#primaryimage\",\"url\":\"https:\/\/lascriticas.com\/wp-content\/uploads\/2025\/12\/Bethsabe-300x300-1.jpeg\",\"contentUrl\":\"https:\/\/lascriticas.com\/wp-content\/uploads\/2025\/12\/Bethsabe-300x300-1.jpeg\",\"width\":300,\"height\":300},{\"@type\":\"BreadcrumbList\",\"@id\":\"https:\/\/lascriticas.com\/index.php\/lascriticas\/bethsabe-huaman-andia\/#breadcrumb\",\"itemListElement\":[{\"@type\":\"ListItem\",\"position\":1,\"name\":\"Inicio\",\"item\":\"https:\/\/lascriticas.com\/\"},{\"@type\":\"ListItem\",\"position\":2,\"name\":\"Las Cr\u00edticas\",\"item\":\"https:\/\/lascriticas.com\/index.php\/lascriticas\/\"},{\"@type\":\"ListItem\",\"position\":3,\"name\":\"Bethsab\u00e9 Huam\u00e1n And\u00eda\"}]},{\"@type\":\"WebSite\",\"@id\":\"https:\/\/lascriticas.com\/#website\",\"url\":\"https:\/\/lascriticas.com\/\",\"name\":\"Las Cr\u00edticas\",\"description\":\"Cr\u00edtica literaria hecha por mujeres\",\"publisher\":{\"@id\":\"https:\/\/lascriticas.com\/#organization\"},\"potentialAction\":[{\"@type\":\"SearchAction\",\"target\":{\"@type\":\"EntryPoint\",\"urlTemplate\":\"https:\/\/lascriticas.com\/?s={search_term_string}\"},\"query-input\":{\"@type\":\"PropertyValueSpecification\",\"valueRequired\":true,\"valueName\":\"search_term_string\"}}],\"inLanguage\":\"es\"},{\"@type\":\"Organization\",\"@id\":\"https:\/\/lascriticas.com\/#organization\",\"name\":\"Las Cr\u00edticas\",\"url\":\"https:\/\/lascriticas.com\/\",\"logo\":{\"@type\":\"ImageObject\",\"inLanguage\":\"es\",\"@id\":\"https:\/\/lascriticas.com\/#\/schema\/logo\/image\/\",\"url\":\"https:\/\/lascriticas.com\/wp-content\/uploads\/2016\/09\/Las-Cr\u00edticas.png\",\"contentUrl\":\"https:\/\/lascriticas.com\/wp-content\/uploads\/2016\/09\/Las-Cr\u00edticas.png\",\"width\":372,\"height\":201,\"caption\":\"Las Cr\u00edticas\"},\"image\":{\"@id\":\"https:\/\/lascriticas.com\/#\/schema\/logo\/image\/\"},\"sameAs\":[\"https:\/\/www.facebook.com\/lascriticas\/\",\"https:\/\/x.com\/LasCriticas_com\",\"https:\/\/www.instagram.com\/lascriticas_com\/\",\"https:\/\/www.youtube.com\/channel\/UCd7r-H6EJA4sSXGLX33_iHQ\"]}]}<\/script>\n<!-- \/ Yoast SEO plugin. -->","yoast_head_json":{"title":"Bethsab\u00e9 Huam\u00e1n And\u00eda - Las Cr\u00edticas","description":"Bethsab\u00e9 Huam\u00e1n And\u00eda. Ph. D., escritora e investigadora. Es catedr\u00e1tica en la Universidad de Saint Catherine (Minnesota, Estados Unidos). Se doctor\u00f3 en","robots":{"index":"index","follow":"follow","max-snippet":"max-snippet:-1","max-image-preview":"max-image-preview:large","max-video-preview":"max-video-preview:-1"},"canonical":"https:\/\/lascriticas.com\/index.php\/lascriticas\/bethsabe-huaman-andia\/","og_locale":"es_ES","og_type":"article","og_title":"Bethsab\u00e9 Huam\u00e1n And\u00eda - Las Cr\u00edticas","og_description":"Bethsab\u00e9 Huam\u00e1n And\u00eda. Ph. D., escritora e investigadora. Es catedr\u00e1tica en la Universidad de Saint Catherine (Minnesota, Estados Unidos). Se doctor\u00f3 en","og_url":"https:\/\/lascriticas.com\/index.php\/lascriticas\/bethsabe-huaman-andia\/","og_site_name":"Las Cr\u00edticas","article_publisher":"https:\/\/www.facebook.com\/lascriticas\/","article_modified_time":"2025-12-11T15:06:10+00:00","og_image":[{"width":300,"height":300,"url":"https:\/\/lascriticas.com\/wp-content\/uploads\/2025\/12\/Bethsabe-300x300-1.jpeg","type":"image\/jpeg"}],"twitter_card":"summary_large_image","twitter_site":"@LasCriticas_com","twitter_misc":{"Tiempo de lectura":"1 minuto"},"schema":{"@context":"https:\/\/schema.org","@graph":[{"@type":"WebPage","@id":"https:\/\/lascriticas.com\/index.php\/lascriticas\/bethsabe-huaman-andia\/","url":"https:\/\/lascriticas.com\/index.php\/lascriticas\/bethsabe-huaman-andia\/","name":"Bethsab\u00e9 Huam\u00e1n And\u00eda - Las Cr\u00edticas","isPartOf":{"@id":"https:\/\/lascriticas.com\/#website"},"primaryImageOfPage":{"@id":"https:\/\/lascriticas.com\/index.php\/lascriticas\/bethsabe-huaman-andia\/#primaryimage"},"image":{"@id":"https:\/\/lascriticas.com\/index.php\/lascriticas\/bethsabe-huaman-andia\/#primaryimage"},"thumbnailUrl":"https:\/\/lascriticas.com\/wp-content\/uploads\/2025\/12\/Bethsabe-300x300-1.jpeg","datePublished":"2025-12-06T22:12:37+00:00","dateModified":"2025-12-11T15:06:10+00:00","description":"Bethsab\u00e9 Huam\u00e1n And\u00eda. Ph. D., escritora e investigadora. Es catedr\u00e1tica en la Universidad de Saint Catherine (Minnesota, Estados Unidos). Se doctor\u00f3 en","breadcrumb":{"@id":"https:\/\/lascriticas.com\/index.php\/lascriticas\/bethsabe-huaman-andia\/#breadcrumb"},"inLanguage":"es","potentialAction":[{"@type":"ReadAction","target":["https:\/\/lascriticas.com\/index.php\/lascriticas\/bethsabe-huaman-andia\/"]}]},{"@type":"ImageObject","inLanguage":"es","@id":"https:\/\/lascriticas.com\/index.php\/lascriticas\/bethsabe-huaman-andia\/#primaryimage","url":"https:\/\/lascriticas.com\/wp-content\/uploads\/2025\/12\/Bethsabe-300x300-1.jpeg","contentUrl":"https:\/\/lascriticas.com\/wp-content\/uploads\/2025\/12\/Bethsabe-300x300-1.jpeg","width":300,"height":300},{"@type":"BreadcrumbList","@id":"https:\/\/lascriticas.com\/index.php\/lascriticas\/bethsabe-huaman-andia\/#breadcrumb","itemListElement":[{"@type":"ListItem","position":1,"name":"Inicio","item":"https:\/\/lascriticas.com\/"},{"@type":"ListItem","position":2,"name":"Las Cr\u00edticas","item":"https:\/\/lascriticas.com\/index.php\/lascriticas\/"},{"@type":"ListItem","position":3,"name":"Bethsab\u00e9 Huam\u00e1n And\u00eda"}]},{"@type":"WebSite","@id":"https:\/\/lascriticas.com\/#website","url":"https:\/\/lascriticas.com\/","name":"Las Cr\u00edticas","description":"Cr\u00edtica literaria hecha por mujeres","publisher":{"@id":"https:\/\/lascriticas.com\/#organization"},"potentialAction":[{"@type":"SearchAction","target":{"@type":"EntryPoint","urlTemplate":"https:\/\/lascriticas.com\/?s={search_term_string}"},"query-input":{"@type":"PropertyValueSpecification","valueRequired":true,"valueName":"search_term_string"}}],"inLanguage":"es"},{"@type":"Organization","@id":"https:\/\/lascriticas.com\/#organization","name":"Las Cr\u00edticas","url":"https:\/\/lascriticas.com\/","logo":{"@type":"ImageObject","inLanguage":"es","@id":"https:\/\/lascriticas.com\/#\/schema\/logo\/image\/","url":"https:\/\/lascriticas.com\/wp-content\/uploads\/2016\/09\/Las-Cr\u00edticas.png","contentUrl":"https:\/\/lascriticas.com\/wp-content\/uploads\/2016\/09\/Las-Cr\u00edticas.png","width":372,"height":201,"caption":"Las Cr\u00edticas"},"image":{"@id":"https:\/\/lascriticas.com\/#\/schema\/logo\/image\/"},"sameAs":["https:\/\/www.facebook.com\/lascriticas\/","https:\/\/x.com\/LasCriticas_com","https:\/\/www.instagram.com\/lascriticas_com\/","https:\/\/www.youtube.com\/channel\/UCd7r-H6EJA4sSXGLX33_iHQ"]}]}},"_links":{"self":[{"href":"https:\/\/lascriticas.com\/index.php\/wp-json\/wp\/v2\/pages\/6057"}],"collection":[{"href":"https:\/\/lascriticas.com\/index.php\/wp-json\/wp\/v2\/pages"}],"about":[{"href":"https:\/\/lascriticas.com\/index.php\/wp-json\/wp\/v2\/types\/page"}],"author":[{"embeddable":true,"href":"https:\/\/lascriticas.com\/index.php\/wp-json\/wp\/v2\/users\/1"}],"replies":[{"embeddable":true,"href":"https:\/\/lascriticas.com\/index.php\/wp-json\/wp\/v2\/comments?post=6057"}],"version-history":[{"count":4,"href":"https:\/\/lascriticas.com\/index.php\/wp-json\/wp\/v2\/pages\/6057\/revisions"}],"predecessor-version":[{"id":6099,"href":"https:\/\/lascriticas.com\/index.php\/wp-json\/wp\/v2\/pages\/6057\/revisions\/6099"}],"up":[{"embeddable":true,"href":"https:\/\/lascriticas.com\/index.php\/wp-json\/wp\/v2\/pages\/68"}],"wp:featuredmedia":[{"embeddable":true,"href":"https:\/\/lascriticas.com\/index.php\/wp-json\/wp\/v2\/media\/6061"}],"wp:attachment":[{"href":"https:\/\/lascriticas.com\/index.php\/wp-json\/wp\/v2\/media?parent=6057"}],"curies":[{"name":"wp","href":"https:\/\/api.w.org\/{rel}","templated":true}]}}