{"id":5962,"date":"2025-05-15T11:26:13","date_gmt":"2025-05-15T09:26:13","guid":{"rendered":"https:\/\/lascriticas.com\/?page_id=5962"},"modified":"2025-05-15T11:36:55","modified_gmt":"2025-05-15T09:36:55","slug":"ana-maria-shua","status":"publish","type":"page","link":"https:\/\/lascriticas.com\/index.php\/lascriticas\/ana-maria-shua\/","title":{"rendered":"Ana Mar\u00eda Shua"},"content":{"rendered":"<p style=\"text-align: justify;\"><span style=\"font-family: georgia, palatino, serif; font-size: 16px;\">Escritora, poeta y periodista argentina, <strong>Ana Mar\u00eda Shua<\/strong> es una de las escritoras argentinas m\u00e1s representativas de su generaci\u00f3n, siendo el cuento el g\u00e9nero en el que destaca particularmente. Ha merecido numerosos premios como el Konex de Platino y el Premio Nacional de Cuento y Relato, el Premio Trayectoria de la Asociaci\u00f3n de Artistas Premiados en 2015 y en 2016 el Premio Democracia. Tambi\u00e9n ha recibido varios premios nacionales e internacionales por su producci\u00f3n destinada al publico juvenil e infantil, muy difundida en Am\u00e9rica Latina y Espa\u00f1a. En 2016 recibi\u00f3 en M\u00e9xico el I Premio Internacional Juan Jos\u00e9 Arreola de Minificci\u00f3n. Su producci\u00f4n literaria es extensa, y destacan sus libros de microrrelatos\u00a0<i>La sue\u00f1era, Casa de Geishas, Bot\u00e1nica del caos, Temporada de fantasmas.<\/i><\/span><\/p>\n<p><span style=\"font-size: 16px; font-family: georgia, palatino, serif;\"><strong>Sus cr\u00edticas<\/strong><\/span><\/p>\n","protected":false},"excerpt":{"rendered":"<p>Escritora, poeta y periodista argentina, Ana Mar\u00eda Shua es una de las escritoras argentinas m\u00e1s representativas de su generaci\u00f3n, siendo el cuento el g\u00e9nero en el que destaca particularmente. Ha merecido numerosos premios como el Konex de Platino y el Premio Nacional de Cuento y Relato, el Premio Trayectoria de la Asociaci\u00f3n de Artistas Premiados&#8230;<\/p>\n","protected":false},"author":1,"featured_media":5964,"parent":68,"menu_order":0,"comment_status":"closed","ping_status":"closed","template":"","meta":{"footnotes":""},"yoast_head":"<!-- This site is optimized with the Yoast SEO plugin v23.5 - https:\/\/yoast.com\/wordpress\/plugins\/seo\/ -->\n<title>Ana Mar\u00eda Shua - Las Cr\u00edticas<\/title>\n<meta name=\"description\" content=\"Escritora, poeta y periodista argentina, Ana Mar\u00eda Shua es una de las escritoras argentinas m\u00e1s representativas de su generaci\u00f3n, siendo el cuento el\" \/>\n<meta name=\"robots\" content=\"index, follow, max-snippet:-1, max-image-preview:large, max-video-preview:-1\" \/>\n<link rel=\"canonical\" href=\"https:\/\/lascriticas.com\/index.php\/lascriticas\/ana-maria-shua\/\" \/>\n<meta property=\"og:locale\" content=\"es_ES\" \/>\n<meta property=\"og:type\" content=\"article\" \/>\n<meta property=\"og:title\" content=\"Ana Mar\u00eda Shua - Las Cr\u00edticas\" \/>\n<meta property=\"og:description\" content=\"Escritora, poeta y periodista argentina, Ana Mar\u00eda Shua es una de las escritoras argentinas m\u00e1s representativas de su generaci\u00f3n, siendo el cuento el\" \/>\n<meta property=\"og:url\" content=\"https:\/\/lascriticas.com\/index.php\/lascriticas\/ana-maria-shua\/\" \/>\n<meta property=\"og:site_name\" content=\"Las Cr\u00edticas\" \/>\n<meta property=\"article:publisher\" content=\"https:\/\/www.facebook.com\/lascriticas\/\" \/>\n<meta property=\"article:modified_time\" content=\"2025-05-15T09:36:55+00:00\" \/>\n<meta property=\"og:image\" content=\"https:\/\/lascriticas.com\/wp-content\/uploads\/2025\/05\/Ana-Maria-Shua.jpeg\" \/>\n\t<meta property=\"og:image:width\" content=\"500\" \/>\n\t<meta property=\"og:image:height\" content=\"500\" \/>\n\t<meta property=\"og:image:type\" content=\"image\/jpeg\" \/>\n<meta name=\"twitter:card\" content=\"summary_large_image\" \/>\n<meta name=\"twitter:site\" content=\"@LasCriticas_com\" \/>\n<meta name=\"twitter:label1\" content=\"Tiempo de lectura\" \/>\n\t<meta name=\"twitter:data1\" content=\"1 minuto\" \/>\n<script type=\"application\/ld+json\" class=\"yoast-schema-graph\">{\"@context\":\"https:\/\/schema.org\",\"@graph\":[{\"@type\":\"WebPage\",\"@id\":\"https:\/\/lascriticas.com\/index.php\/lascriticas\/ana-maria-shua\/\",\"url\":\"https:\/\/lascriticas.com\/index.php\/lascriticas\/ana-maria-shua\/\",\"name\":\"Ana Mar\u00eda Shua - Las Cr\u00edticas\",\"isPartOf\":{\"@id\":\"https:\/\/lascriticas.com\/#website\"},\"primaryImageOfPage\":{\"@id\":\"https:\/\/lascriticas.com\/index.php\/lascriticas\/ana-maria-shua\/#primaryimage\"},\"image\":{\"@id\":\"https:\/\/lascriticas.com\/index.php\/lascriticas\/ana-maria-shua\/#primaryimage\"},\"thumbnailUrl\":\"https:\/\/lascriticas.com\/wp-content\/uploads\/2025\/05\/Ana-Maria-Shua.jpeg\",\"datePublished\":\"2025-05-15T09:26:13+00:00\",\"dateModified\":\"2025-05-15T09:36:55+00:00\",\"description\":\"Escritora, poeta y periodista argentina, Ana Mar\u00eda Shua es una de las escritoras argentinas m\u00e1s representativas de su generaci\u00f3n, siendo el cuento el\",\"breadcrumb\":{\"@id\":\"https:\/\/lascriticas.com\/index.php\/lascriticas\/ana-maria-shua\/#breadcrumb\"},\"inLanguage\":\"es\",\"potentialAction\":[{\"@type\":\"ReadAction\",\"target\":[\"https:\/\/lascriticas.com\/index.php\/lascriticas\/ana-maria-shua\/\"]}]},{\"@type\":\"ImageObject\",\"inLanguage\":\"es\",\"@id\":\"https:\/\/lascriticas.com\/index.php\/lascriticas\/ana-maria-shua\/#primaryimage\",\"url\":\"https:\/\/lascriticas.com\/wp-content\/uploads\/2025\/05\/Ana-Maria-Shua.jpeg\",\"contentUrl\":\"https:\/\/lascriticas.com\/wp-content\/uploads\/2025\/05\/Ana-Maria-Shua.jpeg\",\"width\":500,\"height\":500},{\"@type\":\"BreadcrumbList\",\"@id\":\"https:\/\/lascriticas.com\/index.php\/lascriticas\/ana-maria-shua\/#breadcrumb\",\"itemListElement\":[{\"@type\":\"ListItem\",\"position\":1,\"name\":\"Inicio\",\"item\":\"https:\/\/lascriticas.com\/\"},{\"@type\":\"ListItem\",\"position\":2,\"name\":\"Las Cr\u00edticas\",\"item\":\"https:\/\/lascriticas.com\/index.php\/lascriticas\/\"},{\"@type\":\"ListItem\",\"position\":3,\"name\":\"Ana Mar\u00eda Shua\"}]},{\"@type\":\"WebSite\",\"@id\":\"https:\/\/lascriticas.com\/#website\",\"url\":\"https:\/\/lascriticas.com\/\",\"name\":\"Las Cr\u00edticas\",\"description\":\"Cr\u00edtica literaria hecha por mujeres\",\"publisher\":{\"@id\":\"https:\/\/lascriticas.com\/#organization\"},\"potentialAction\":[{\"@type\":\"SearchAction\",\"target\":{\"@type\":\"EntryPoint\",\"urlTemplate\":\"https:\/\/lascriticas.com\/?s={search_term_string}\"},\"query-input\":{\"@type\":\"PropertyValueSpecification\",\"valueRequired\":true,\"valueName\":\"search_term_string\"}}],\"inLanguage\":\"es\"},{\"@type\":\"Organization\",\"@id\":\"https:\/\/lascriticas.com\/#organization\",\"name\":\"Las Cr\u00edticas\",\"url\":\"https:\/\/lascriticas.com\/\",\"logo\":{\"@type\":\"ImageObject\",\"inLanguage\":\"es\",\"@id\":\"https:\/\/lascriticas.com\/#\/schema\/logo\/image\/\",\"url\":\"https:\/\/lascriticas.com\/wp-content\/uploads\/2016\/09\/Las-Cr\u00edticas.png\",\"contentUrl\":\"https:\/\/lascriticas.com\/wp-content\/uploads\/2016\/09\/Las-Cr\u00edticas.png\",\"width\":372,\"height\":201,\"caption\":\"Las Cr\u00edticas\"},\"image\":{\"@id\":\"https:\/\/lascriticas.com\/#\/schema\/logo\/image\/\"},\"sameAs\":[\"https:\/\/www.facebook.com\/lascriticas\/\",\"https:\/\/x.com\/LasCriticas_com\",\"https:\/\/www.instagram.com\/lascriticas_com\/\",\"https:\/\/www.youtube.com\/channel\/UCd7r-H6EJA4sSXGLX33_iHQ\"]}]}<\/script>\n<!-- \/ Yoast SEO plugin. -->","yoast_head_json":{"title":"Ana Mar\u00eda Shua - Las Cr\u00edticas","description":"Escritora, poeta y periodista argentina, Ana Mar\u00eda Shua es una de las escritoras argentinas m\u00e1s representativas de su generaci\u00f3n, siendo el cuento el","robots":{"index":"index","follow":"follow","max-snippet":"max-snippet:-1","max-image-preview":"max-image-preview:large","max-video-preview":"max-video-preview:-1"},"canonical":"https:\/\/lascriticas.com\/index.php\/lascriticas\/ana-maria-shua\/","og_locale":"es_ES","og_type":"article","og_title":"Ana Mar\u00eda Shua - Las Cr\u00edticas","og_description":"Escritora, poeta y periodista argentina, Ana Mar\u00eda Shua es una de las escritoras argentinas m\u00e1s representativas de su generaci\u00f3n, siendo el cuento el","og_url":"https:\/\/lascriticas.com\/index.php\/lascriticas\/ana-maria-shua\/","og_site_name":"Las Cr\u00edticas","article_publisher":"https:\/\/www.facebook.com\/lascriticas\/","article_modified_time":"2025-05-15T09:36:55+00:00","og_image":[{"width":500,"height":500,"url":"https:\/\/lascriticas.com\/wp-content\/uploads\/2025\/05\/Ana-Maria-Shua.jpeg","type":"image\/jpeg"}],"twitter_card":"summary_large_image","twitter_site":"@LasCriticas_com","twitter_misc":{"Tiempo de lectura":"1 minuto"},"schema":{"@context":"https:\/\/schema.org","@graph":[{"@type":"WebPage","@id":"https:\/\/lascriticas.com\/index.php\/lascriticas\/ana-maria-shua\/","url":"https:\/\/lascriticas.com\/index.php\/lascriticas\/ana-maria-shua\/","name":"Ana Mar\u00eda Shua - Las Cr\u00edticas","isPartOf":{"@id":"https:\/\/lascriticas.com\/#website"},"primaryImageOfPage":{"@id":"https:\/\/lascriticas.com\/index.php\/lascriticas\/ana-maria-shua\/#primaryimage"},"image":{"@id":"https:\/\/lascriticas.com\/index.php\/lascriticas\/ana-maria-shua\/#primaryimage"},"thumbnailUrl":"https:\/\/lascriticas.com\/wp-content\/uploads\/2025\/05\/Ana-Maria-Shua.jpeg","datePublished":"2025-05-15T09:26:13+00:00","dateModified":"2025-05-15T09:36:55+00:00","description":"Escritora, poeta y periodista argentina, Ana Mar\u00eda Shua es una de las escritoras argentinas m\u00e1s representativas de su generaci\u00f3n, siendo el cuento el","breadcrumb":{"@id":"https:\/\/lascriticas.com\/index.php\/lascriticas\/ana-maria-shua\/#breadcrumb"},"inLanguage":"es","potentialAction":[{"@type":"ReadAction","target":["https:\/\/lascriticas.com\/index.php\/lascriticas\/ana-maria-shua\/"]}]},{"@type":"ImageObject","inLanguage":"es","@id":"https:\/\/lascriticas.com\/index.php\/lascriticas\/ana-maria-shua\/#primaryimage","url":"https:\/\/lascriticas.com\/wp-content\/uploads\/2025\/05\/Ana-Maria-Shua.jpeg","contentUrl":"https:\/\/lascriticas.com\/wp-content\/uploads\/2025\/05\/Ana-Maria-Shua.jpeg","width":500,"height":500},{"@type":"BreadcrumbList","@id":"https:\/\/lascriticas.com\/index.php\/lascriticas\/ana-maria-shua\/#breadcrumb","itemListElement":[{"@type":"ListItem","position":1,"name":"Inicio","item":"https:\/\/lascriticas.com\/"},{"@type":"ListItem","position":2,"name":"Las Cr\u00edticas","item":"https:\/\/lascriticas.com\/index.php\/lascriticas\/"},{"@type":"ListItem","position":3,"name":"Ana Mar\u00eda Shua"}]},{"@type":"WebSite","@id":"https:\/\/lascriticas.com\/#website","url":"https:\/\/lascriticas.com\/","name":"Las Cr\u00edticas","description":"Cr\u00edtica literaria hecha por mujeres","publisher":{"@id":"https:\/\/lascriticas.com\/#organization"},"potentialAction":[{"@type":"SearchAction","target":{"@type":"EntryPoint","urlTemplate":"https:\/\/lascriticas.com\/?s={search_term_string}"},"query-input":{"@type":"PropertyValueSpecification","valueRequired":true,"valueName":"search_term_string"}}],"inLanguage":"es"},{"@type":"Organization","@id":"https:\/\/lascriticas.com\/#organization","name":"Las Cr\u00edticas","url":"https:\/\/lascriticas.com\/","logo":{"@type":"ImageObject","inLanguage":"es","@id":"https:\/\/lascriticas.com\/#\/schema\/logo\/image\/","url":"https:\/\/lascriticas.com\/wp-content\/uploads\/2016\/09\/Las-Cr\u00edticas.png","contentUrl":"https:\/\/lascriticas.com\/wp-content\/uploads\/2016\/09\/Las-Cr\u00edticas.png","width":372,"height":201,"caption":"Las Cr\u00edticas"},"image":{"@id":"https:\/\/lascriticas.com\/#\/schema\/logo\/image\/"},"sameAs":["https:\/\/www.facebook.com\/lascriticas\/","https:\/\/x.com\/LasCriticas_com","https:\/\/www.instagram.com\/lascriticas_com\/","https:\/\/www.youtube.com\/channel\/UCd7r-H6EJA4sSXGLX33_iHQ"]}]}},"_links":{"self":[{"href":"https:\/\/lascriticas.com\/index.php\/wp-json\/wp\/v2\/pages\/5962"}],"collection":[{"href":"https:\/\/lascriticas.com\/index.php\/wp-json\/wp\/v2\/pages"}],"about":[{"href":"https:\/\/lascriticas.com\/index.php\/wp-json\/wp\/v2\/types\/page"}],"author":[{"embeddable":true,"href":"https:\/\/lascriticas.com\/index.php\/wp-json\/wp\/v2\/users\/1"}],"replies":[{"embeddable":true,"href":"https:\/\/lascriticas.com\/index.php\/wp-json\/wp\/v2\/comments?post=5962"}],"version-history":[{"count":5,"href":"https:\/\/lascriticas.com\/index.php\/wp-json\/wp\/v2\/pages\/5962\/revisions"}],"predecessor-version":[{"id":5968,"href":"https:\/\/lascriticas.com\/index.php\/wp-json\/wp\/v2\/pages\/5962\/revisions\/5968"}],"up":[{"embeddable":true,"href":"https:\/\/lascriticas.com\/index.php\/wp-json\/wp\/v2\/pages\/68"}],"wp:featuredmedia":[{"embeddable":true,"href":"https:\/\/lascriticas.com\/index.php\/wp-json\/wp\/v2\/media\/5964"}],"wp:attachment":[{"href":"https:\/\/lascriticas.com\/index.php\/wp-json\/wp\/v2\/media?parent=5962"}],"curies":[{"name":"wp","href":"https:\/\/api.w.org\/{rel}","templated":true}]}}