{"id":5306,"date":"2023-02-20T11:35:11","date_gmt":"2023-02-20T10:35:11","guid":{"rendered":"https:\/\/lascriticas.com\/?page_id=5306"},"modified":"2023-02-20T12:20:29","modified_gmt":"2023-02-20T11:20:29","slug":"rosella-di-paolo","status":"publish","type":"page","link":"https:\/\/lascriticas.com\/index.php\/lascriticas\/rosella-di-paolo\/","title":{"rendered":"Rosella Di Paolo"},"content":{"rendered":"<p style=\"text-align: justify;\"><span style=\"font-size: 16px;\"><strong>Rosella Di Paolo<\/strong> es una de las m\u00e1s destacadas poetas peruanas, miembro de la llamada Generaci\u00f3n del 80, adem\u00e1s de reconocida acad\u00e9mica. Ha publicado <i>Prueba de galera<\/i>, <i>Continuidad de los cuadros<\/i>, <i>Piel alzada<\/i>, <i>Tablillas de San L\u00e1zaro<\/i> y <i>La silla en el mar.<\/i><\/span><\/p>\n<p><a href=\"https:\/\/lascriticas.com\/index.php\/author\/rosella-di-paolo\/\"><strong><span style=\"font-size: 16px;\">Sus cr\u00edticas<\/span><\/strong><\/a><\/p>\n","protected":false},"excerpt":{"rendered":"<p>Rosella Di Paolo es una de las m\u00e1s destacadas poetas peruanas, miembro de la llamada Generaci\u00f3n del 80, adem\u00e1s de reconocida acad\u00e9mica. Ha publicado Prueba de galera, Continuidad de los cuadros, Piel alzada, Tablillas de San L\u00e1zaro y La silla en el mar. Sus cr\u00edticas<\/p>\n","protected":false},"author":1,"featured_media":5307,"parent":68,"menu_order":0,"comment_status":"closed","ping_status":"closed","template":"","meta":{"footnotes":""},"yoast_head":"<!-- This site is optimized with the Yoast SEO plugin v23.5 - https:\/\/yoast.com\/wordpress\/plugins\/seo\/ -->\n<title>Rosella Di Paolo - Las Cr\u00edticas<\/title>\n<meta name=\"description\" content=\"Rosella Di Paolo es una de las m\u00e1s destacadas poetas peruanas, miembro de la llamada Generaci\u00f3n del 80, adem\u00e1s de reconocida acad\u00e9mica. Ha publicado\" \/>\n<meta name=\"robots\" content=\"index, follow, max-snippet:-1, max-image-preview:large, max-video-preview:-1\" \/>\n<link rel=\"canonical\" href=\"https:\/\/lascriticas.com\/index.php\/lascriticas\/rosella-di-paolo\/\" \/>\n<meta property=\"og:locale\" content=\"es_ES\" \/>\n<meta property=\"og:type\" content=\"article\" \/>\n<meta property=\"og:title\" content=\"Rosella Di Paolo - Las Cr\u00edticas\" \/>\n<meta property=\"og:description\" content=\"Rosella Di Paolo es una de las m\u00e1s destacadas poetas peruanas, miembro de la llamada Generaci\u00f3n del 80, adem\u00e1s de reconocida acad\u00e9mica. Ha publicado\" \/>\n<meta property=\"og:url\" content=\"https:\/\/lascriticas.com\/index.php\/lascriticas\/rosella-di-paolo\/\" \/>\n<meta property=\"og:site_name\" content=\"Las Cr\u00edticas\" \/>\n<meta property=\"article:publisher\" content=\"https:\/\/www.facebook.com\/lascriticas\/\" \/>\n<meta property=\"article:modified_time\" content=\"2023-02-20T11:20:29+00:00\" \/>\n<meta property=\"og:image\" content=\"https:\/\/lascriticas.com\/wp-content\/uploads\/2023\/02\/rosella-di-paolo.webp\" \/>\n\t<meta property=\"og:image:width\" content=\"500\" \/>\n\t<meta property=\"og:image:height\" content=\"500\" \/>\n\t<meta property=\"og:image:type\" content=\"image\/webp\" \/>\n<meta name=\"twitter:card\" content=\"summary_large_image\" \/>\n<meta name=\"twitter:site\" content=\"@LasCriticas_com\" \/>\n<meta name=\"twitter:label1\" content=\"Tiempo de lectura\" \/>\n\t<meta name=\"twitter:data1\" content=\"1 minuto\" \/>\n<script type=\"application\/ld+json\" class=\"yoast-schema-graph\">{\"@context\":\"https:\/\/schema.org\",\"@graph\":[{\"@type\":\"WebPage\",\"@id\":\"https:\/\/lascriticas.com\/index.php\/lascriticas\/rosella-di-paolo\/\",\"url\":\"https:\/\/lascriticas.com\/index.php\/lascriticas\/rosella-di-paolo\/\",\"name\":\"Rosella Di Paolo - Las Cr\u00edticas\",\"isPartOf\":{\"@id\":\"https:\/\/lascriticas.com\/#website\"},\"primaryImageOfPage\":{\"@id\":\"https:\/\/lascriticas.com\/index.php\/lascriticas\/rosella-di-paolo\/#primaryimage\"},\"image\":{\"@id\":\"https:\/\/lascriticas.com\/index.php\/lascriticas\/rosella-di-paolo\/#primaryimage\"},\"thumbnailUrl\":\"https:\/\/lascriticas.com\/wp-content\/uploads\/2023\/02\/rosella-di-paolo.webp\",\"datePublished\":\"2023-02-20T10:35:11+00:00\",\"dateModified\":\"2023-02-20T11:20:29+00:00\",\"description\":\"Rosella Di Paolo es una de las m\u00e1s destacadas poetas peruanas, miembro de la llamada Generaci\u00f3n del 80, adem\u00e1s de reconocida acad\u00e9mica. Ha publicado\",\"breadcrumb\":{\"@id\":\"https:\/\/lascriticas.com\/index.php\/lascriticas\/rosella-di-paolo\/#breadcrumb\"},\"inLanguage\":\"es\",\"potentialAction\":[{\"@type\":\"ReadAction\",\"target\":[\"https:\/\/lascriticas.com\/index.php\/lascriticas\/rosella-di-paolo\/\"]}]},{\"@type\":\"ImageObject\",\"inLanguage\":\"es\",\"@id\":\"https:\/\/lascriticas.com\/index.php\/lascriticas\/rosella-di-paolo\/#primaryimage\",\"url\":\"https:\/\/lascriticas.com\/wp-content\/uploads\/2023\/02\/rosella-di-paolo.webp\",\"contentUrl\":\"https:\/\/lascriticas.com\/wp-content\/uploads\/2023\/02\/rosella-di-paolo.webp\",\"width\":500,\"height\":500},{\"@type\":\"BreadcrumbList\",\"@id\":\"https:\/\/lascriticas.com\/index.php\/lascriticas\/rosella-di-paolo\/#breadcrumb\",\"itemListElement\":[{\"@type\":\"ListItem\",\"position\":1,\"name\":\"Inicio\",\"item\":\"https:\/\/lascriticas.com\/\"},{\"@type\":\"ListItem\",\"position\":2,\"name\":\"Las Cr\u00edticas\",\"item\":\"https:\/\/lascriticas.com\/index.php\/lascriticas\/\"},{\"@type\":\"ListItem\",\"position\":3,\"name\":\"Rosella Di Paolo\"}]},{\"@type\":\"WebSite\",\"@id\":\"https:\/\/lascriticas.com\/#website\",\"url\":\"https:\/\/lascriticas.com\/\",\"name\":\"Las Cr\u00edticas\",\"description\":\"Cr\u00edtica literaria hecha por mujeres\",\"publisher\":{\"@id\":\"https:\/\/lascriticas.com\/#organization\"},\"potentialAction\":[{\"@type\":\"SearchAction\",\"target\":{\"@type\":\"EntryPoint\",\"urlTemplate\":\"https:\/\/lascriticas.com\/?s={search_term_string}\"},\"query-input\":{\"@type\":\"PropertyValueSpecification\",\"valueRequired\":true,\"valueName\":\"search_term_string\"}}],\"inLanguage\":\"es\"},{\"@type\":\"Organization\",\"@id\":\"https:\/\/lascriticas.com\/#organization\",\"name\":\"Las Cr\u00edticas\",\"url\":\"https:\/\/lascriticas.com\/\",\"logo\":{\"@type\":\"ImageObject\",\"inLanguage\":\"es\",\"@id\":\"https:\/\/lascriticas.com\/#\/schema\/logo\/image\/\",\"url\":\"https:\/\/lascriticas.com\/wp-content\/uploads\/2016\/09\/Las-Cr\u00edticas.png\",\"contentUrl\":\"https:\/\/lascriticas.com\/wp-content\/uploads\/2016\/09\/Las-Cr\u00edticas.png\",\"width\":372,\"height\":201,\"caption\":\"Las Cr\u00edticas\"},\"image\":{\"@id\":\"https:\/\/lascriticas.com\/#\/schema\/logo\/image\/\"},\"sameAs\":[\"https:\/\/www.facebook.com\/lascriticas\/\",\"https:\/\/x.com\/LasCriticas_com\",\"https:\/\/www.instagram.com\/lascriticas_com\/\",\"https:\/\/www.youtube.com\/channel\/UCd7r-H6EJA4sSXGLX33_iHQ\"]}]}<\/script>\n<!-- \/ Yoast SEO plugin. -->","yoast_head_json":{"title":"Rosella Di Paolo - Las Cr\u00edticas","description":"Rosella Di Paolo es una de las m\u00e1s destacadas poetas peruanas, miembro de la llamada Generaci\u00f3n del 80, adem\u00e1s de reconocida acad\u00e9mica. Ha publicado","robots":{"index":"index","follow":"follow","max-snippet":"max-snippet:-1","max-image-preview":"max-image-preview:large","max-video-preview":"max-video-preview:-1"},"canonical":"https:\/\/lascriticas.com\/index.php\/lascriticas\/rosella-di-paolo\/","og_locale":"es_ES","og_type":"article","og_title":"Rosella Di Paolo - Las Cr\u00edticas","og_description":"Rosella Di Paolo es una de las m\u00e1s destacadas poetas peruanas, miembro de la llamada Generaci\u00f3n del 80, adem\u00e1s de reconocida acad\u00e9mica. Ha publicado","og_url":"https:\/\/lascriticas.com\/index.php\/lascriticas\/rosella-di-paolo\/","og_site_name":"Las Cr\u00edticas","article_publisher":"https:\/\/www.facebook.com\/lascriticas\/","article_modified_time":"2023-02-20T11:20:29+00:00","og_image":[{"width":500,"height":500,"url":"https:\/\/lascriticas.com\/wp-content\/uploads\/2023\/02\/rosella-di-paolo.webp","type":"image\/webp"}],"twitter_card":"summary_large_image","twitter_site":"@LasCriticas_com","twitter_misc":{"Tiempo de lectura":"1 minuto"},"schema":{"@context":"https:\/\/schema.org","@graph":[{"@type":"WebPage","@id":"https:\/\/lascriticas.com\/index.php\/lascriticas\/rosella-di-paolo\/","url":"https:\/\/lascriticas.com\/index.php\/lascriticas\/rosella-di-paolo\/","name":"Rosella Di Paolo - Las Cr\u00edticas","isPartOf":{"@id":"https:\/\/lascriticas.com\/#website"},"primaryImageOfPage":{"@id":"https:\/\/lascriticas.com\/index.php\/lascriticas\/rosella-di-paolo\/#primaryimage"},"image":{"@id":"https:\/\/lascriticas.com\/index.php\/lascriticas\/rosella-di-paolo\/#primaryimage"},"thumbnailUrl":"https:\/\/lascriticas.com\/wp-content\/uploads\/2023\/02\/rosella-di-paolo.webp","datePublished":"2023-02-20T10:35:11+00:00","dateModified":"2023-02-20T11:20:29+00:00","description":"Rosella Di Paolo es una de las m\u00e1s destacadas poetas peruanas, miembro de la llamada Generaci\u00f3n del 80, adem\u00e1s de reconocida acad\u00e9mica. Ha publicado","breadcrumb":{"@id":"https:\/\/lascriticas.com\/index.php\/lascriticas\/rosella-di-paolo\/#breadcrumb"},"inLanguage":"es","potentialAction":[{"@type":"ReadAction","target":["https:\/\/lascriticas.com\/index.php\/lascriticas\/rosella-di-paolo\/"]}]},{"@type":"ImageObject","inLanguage":"es","@id":"https:\/\/lascriticas.com\/index.php\/lascriticas\/rosella-di-paolo\/#primaryimage","url":"https:\/\/lascriticas.com\/wp-content\/uploads\/2023\/02\/rosella-di-paolo.webp","contentUrl":"https:\/\/lascriticas.com\/wp-content\/uploads\/2023\/02\/rosella-di-paolo.webp","width":500,"height":500},{"@type":"BreadcrumbList","@id":"https:\/\/lascriticas.com\/index.php\/lascriticas\/rosella-di-paolo\/#breadcrumb","itemListElement":[{"@type":"ListItem","position":1,"name":"Inicio","item":"https:\/\/lascriticas.com\/"},{"@type":"ListItem","position":2,"name":"Las Cr\u00edticas","item":"https:\/\/lascriticas.com\/index.php\/lascriticas\/"},{"@type":"ListItem","position":3,"name":"Rosella Di Paolo"}]},{"@type":"WebSite","@id":"https:\/\/lascriticas.com\/#website","url":"https:\/\/lascriticas.com\/","name":"Las Cr\u00edticas","description":"Cr\u00edtica literaria hecha por mujeres","publisher":{"@id":"https:\/\/lascriticas.com\/#organization"},"potentialAction":[{"@type":"SearchAction","target":{"@type":"EntryPoint","urlTemplate":"https:\/\/lascriticas.com\/?s={search_term_string}"},"query-input":{"@type":"PropertyValueSpecification","valueRequired":true,"valueName":"search_term_string"}}],"inLanguage":"es"},{"@type":"Organization","@id":"https:\/\/lascriticas.com\/#organization","name":"Las Cr\u00edticas","url":"https:\/\/lascriticas.com\/","logo":{"@type":"ImageObject","inLanguage":"es","@id":"https:\/\/lascriticas.com\/#\/schema\/logo\/image\/","url":"https:\/\/lascriticas.com\/wp-content\/uploads\/2016\/09\/Las-Cr\u00edticas.png","contentUrl":"https:\/\/lascriticas.com\/wp-content\/uploads\/2016\/09\/Las-Cr\u00edticas.png","width":372,"height":201,"caption":"Las Cr\u00edticas"},"image":{"@id":"https:\/\/lascriticas.com\/#\/schema\/logo\/image\/"},"sameAs":["https:\/\/www.facebook.com\/lascriticas\/","https:\/\/x.com\/LasCriticas_com","https:\/\/www.instagram.com\/lascriticas_com\/","https:\/\/www.youtube.com\/channel\/UCd7r-H6EJA4sSXGLX33_iHQ"]}]}},"_links":{"self":[{"href":"https:\/\/lascriticas.com\/index.php\/wp-json\/wp\/v2\/pages\/5306"}],"collection":[{"href":"https:\/\/lascriticas.com\/index.php\/wp-json\/wp\/v2\/pages"}],"about":[{"href":"https:\/\/lascriticas.com\/index.php\/wp-json\/wp\/v2\/types\/page"}],"author":[{"embeddable":true,"href":"https:\/\/lascriticas.com\/index.php\/wp-json\/wp\/v2\/users\/1"}],"replies":[{"embeddable":true,"href":"https:\/\/lascriticas.com\/index.php\/wp-json\/wp\/v2\/comments?post=5306"}],"version-history":[{"count":2,"href":"https:\/\/lascriticas.com\/index.php\/wp-json\/wp\/v2\/pages\/5306\/revisions"}],"predecessor-version":[{"id":5312,"href":"https:\/\/lascriticas.com\/index.php\/wp-json\/wp\/v2\/pages\/5306\/revisions\/5312"}],"up":[{"embeddable":true,"href":"https:\/\/lascriticas.com\/index.php\/wp-json\/wp\/v2\/pages\/68"}],"wp:featuredmedia":[{"embeddable":true,"href":"https:\/\/lascriticas.com\/index.php\/wp-json\/wp\/v2\/media\/5307"}],"wp:attachment":[{"href":"https:\/\/lascriticas.com\/index.php\/wp-json\/wp\/v2\/media?parent=5306"}],"curies":[{"name":"wp","href":"https:\/\/api.w.org\/{rel}","templated":true}]}}