{"id":4292,"date":"2021-03-31T16:59:51","date_gmt":"2021-03-31T14:59:51","guid":{"rendered":"https:\/\/lascriticas.com\/?page_id=4292"},"modified":"2021-03-31T17:02:57","modified_gmt":"2021-03-31T15:02:57","slug":"ana-maria-portugal","status":"publish","type":"page","link":"https:\/\/lascriticas.com\/index.php\/lascriticas\/ana-maria-portugal\/","title":{"rendered":"Ana Mar\u00eda Portugal"},"content":{"rendered":"<p style=\"text-align: justify;\"><span style=\"font-size: 16px;\"><strong>Ana Mar\u00eda Portugal Speedie<\/strong> es escritora y periodista feminista.\u00a0Fue Coordinadora General de la Fundaci\u00f3n Internacional (2002-2012) en Santiago, Chile. Es especialista en periodismo de investigaci\u00f3n sobre la historia de las mujeres en Am\u00e9rica Latina y el Caribe. Integra el Grupo Cultural Adela Montesinos.<\/span><\/p>\n<p style=\"text-align: justify;\"><span style=\"font-size: 16px;\">Es autora de <em>Ser Mujer en el Per\u00fa<\/em>, en coautor\u00eda con Esther Andradi (1978).\u00a0<em>Mercedes Cabello de Carbonera, o el riesgo de ser mujer,<\/em>\u00a0Ediciones Centro de Documentaci\u00f3n de la Mujer CENDOC-Mujer (1986);\u00a0<em>Veinte a\u00f1os de historia no contada,<\/em>\u00a0Fundaci\u00f3n Isis Internacional (1995);\u00a0<em>Las olvidadas del milenio. Herejes, sabias y visionarias,\u00a0<\/em>Fundaci\u00f3n Isis Internacional (2000); <em>Efem\u00e9rides de las mujeres,<\/em>\u00a0Fundaci\u00f3n Isis Internacional (2010). Tiene en\u00a0preparaci\u00f3n <em>Las herej\u00edas de Clorinda, <\/em>sobre la vida y obra de Clorinda Matto de Turner.<\/span><\/p>\n<p style=\"text-align: justify;\"><span style=\"font-size: 16px;\">Actualmente radica en Arequipa.<\/span><\/p>\n<p><a href=\"https:\/\/lascriticas.com\/index.php\/author\/ana-maria-portugal-y-esther-andradi\/\"><strong>Sus cr\u00edticas<\/strong><\/a><\/p>\n<p>&nbsp;<\/p>\n<p>&nbsp;<\/p>\n","protected":false},"excerpt":{"rendered":"<p>Ana Mar\u00eda Portugal Speedie es escritora y periodista feminista.\u00a0Fue Coordinadora General de la Fundaci\u00f3n Internacional (2002-2012) en Santiago, Chile. Es especialista en periodismo de investigaci\u00f3n sobre la historia de las mujeres en Am\u00e9rica Latina y el Caribe. Integra el Grupo Cultural Adela Montesinos. Es autora de Ser Mujer en el Per\u00fa, en coautor\u00eda con Esther&#8230;<\/p>\n","protected":false},"author":1,"featured_media":4294,"parent":68,"menu_order":0,"comment_status":"closed","ping_status":"closed","template":"","meta":{"footnotes":""},"yoast_head":"<!-- This site is optimized with the Yoast SEO plugin v23.5 - https:\/\/yoast.com\/wordpress\/plugins\/seo\/ -->\n<title>Ana Mar\u00eda Portugal - Las Cr\u00edticas<\/title>\n<meta name=\"description\" content=\"Ana Mar\u00eda Portugal es escritora y periodista feminista peruana, especialista en historia de las mujeres en Am\u00e9rica Latina y el Caribe.\" \/>\n<meta name=\"robots\" content=\"index, follow, max-snippet:-1, max-image-preview:large, max-video-preview:-1\" \/>\n<link rel=\"canonical\" href=\"https:\/\/lascriticas.com\/index.php\/lascriticas\/ana-maria-portugal\/\" \/>\n<meta property=\"og:locale\" content=\"es_ES\" \/>\n<meta property=\"og:type\" content=\"article\" \/>\n<meta property=\"og:title\" content=\"Ana Mar\u00eda Portugal - Las Cr\u00edticas\" \/>\n<meta property=\"og:description\" content=\"Ana Mar\u00eda Portugal es escritora y periodista feminista peruana, especialista en historia de las mujeres en Am\u00e9rica Latina y el Caribe.\" \/>\n<meta property=\"og:url\" content=\"https:\/\/lascriticas.com\/index.php\/lascriticas\/ana-maria-portugal\/\" \/>\n<meta property=\"og:site_name\" content=\"Las Cr\u00edticas\" \/>\n<meta property=\"article:publisher\" content=\"https:\/\/www.facebook.com\/lascriticas\/\" \/>\n<meta property=\"article:modified_time\" content=\"2021-03-31T15:02:57+00:00\" \/>\n<meta property=\"og:image\" content=\"https:\/\/lascriticas.com\/wp-content\/uploads\/2021\/03\/anamariaportugal.jpg\" \/>\n\t<meta property=\"og:image:width\" content=\"348\" \/>\n\t<meta property=\"og:image:height\" content=\"494\" \/>\n\t<meta property=\"og:image:type\" content=\"image\/jpeg\" \/>\n<meta name=\"twitter:card\" content=\"summary_large_image\" \/>\n<meta name=\"twitter:site\" content=\"@LasCriticas_com\" \/>\n<meta name=\"twitter:label1\" content=\"Tiempo de lectura\" \/>\n\t<meta name=\"twitter:data1\" content=\"1 minuto\" \/>\n<script type=\"application\/ld+json\" class=\"yoast-schema-graph\">{\"@context\":\"https:\/\/schema.org\",\"@graph\":[{\"@type\":\"WebPage\",\"@id\":\"https:\/\/lascriticas.com\/index.php\/lascriticas\/ana-maria-portugal\/\",\"url\":\"https:\/\/lascriticas.com\/index.php\/lascriticas\/ana-maria-portugal\/\",\"name\":\"Ana Mar\u00eda Portugal - Las Cr\u00edticas\",\"isPartOf\":{\"@id\":\"https:\/\/lascriticas.com\/#website\"},\"primaryImageOfPage\":{\"@id\":\"https:\/\/lascriticas.com\/index.php\/lascriticas\/ana-maria-portugal\/#primaryimage\"},\"image\":{\"@id\":\"https:\/\/lascriticas.com\/index.php\/lascriticas\/ana-maria-portugal\/#primaryimage\"},\"thumbnailUrl\":\"https:\/\/lascriticas.com\/wp-content\/uploads\/2021\/03\/anamariaportugal.jpg\",\"datePublished\":\"2021-03-31T14:59:51+00:00\",\"dateModified\":\"2021-03-31T15:02:57+00:00\",\"description\":\"Ana Mar\u00eda Portugal es escritora y periodista feminista peruana, especialista en historia de las mujeres en Am\u00e9rica Latina y el Caribe.\",\"breadcrumb\":{\"@id\":\"https:\/\/lascriticas.com\/index.php\/lascriticas\/ana-maria-portugal\/#breadcrumb\"},\"inLanguage\":\"es\",\"potentialAction\":[{\"@type\":\"ReadAction\",\"target\":[\"https:\/\/lascriticas.com\/index.php\/lascriticas\/ana-maria-portugal\/\"]}]},{\"@type\":\"ImageObject\",\"inLanguage\":\"es\",\"@id\":\"https:\/\/lascriticas.com\/index.php\/lascriticas\/ana-maria-portugal\/#primaryimage\",\"url\":\"https:\/\/lascriticas.com\/wp-content\/uploads\/2021\/03\/anamariaportugal.jpg\",\"contentUrl\":\"https:\/\/lascriticas.com\/wp-content\/uploads\/2021\/03\/anamariaportugal.jpg\",\"width\":348,\"height\":494},{\"@type\":\"BreadcrumbList\",\"@id\":\"https:\/\/lascriticas.com\/index.php\/lascriticas\/ana-maria-portugal\/#breadcrumb\",\"itemListElement\":[{\"@type\":\"ListItem\",\"position\":1,\"name\":\"Inicio\",\"item\":\"https:\/\/lascriticas.com\/\"},{\"@type\":\"ListItem\",\"position\":2,\"name\":\"Las Cr\u00edticas\",\"item\":\"https:\/\/lascriticas.com\/index.php\/lascriticas\/\"},{\"@type\":\"ListItem\",\"position\":3,\"name\":\"Ana Mar\u00eda Portugal\"}]},{\"@type\":\"WebSite\",\"@id\":\"https:\/\/lascriticas.com\/#website\",\"url\":\"https:\/\/lascriticas.com\/\",\"name\":\"Las Cr\u00edticas\",\"description\":\"Cr\u00edtica literaria hecha por mujeres\",\"publisher\":{\"@id\":\"https:\/\/lascriticas.com\/#organization\"},\"potentialAction\":[{\"@type\":\"SearchAction\",\"target\":{\"@type\":\"EntryPoint\",\"urlTemplate\":\"https:\/\/lascriticas.com\/?s={search_term_string}\"},\"query-input\":{\"@type\":\"PropertyValueSpecification\",\"valueRequired\":true,\"valueName\":\"search_term_string\"}}],\"inLanguage\":\"es\"},{\"@type\":\"Organization\",\"@id\":\"https:\/\/lascriticas.com\/#organization\",\"name\":\"Las Cr\u00edticas\",\"url\":\"https:\/\/lascriticas.com\/\",\"logo\":{\"@type\":\"ImageObject\",\"inLanguage\":\"es\",\"@id\":\"https:\/\/lascriticas.com\/#\/schema\/logo\/image\/\",\"url\":\"https:\/\/lascriticas.com\/wp-content\/uploads\/2016\/09\/Las-Cr\u00edticas.png\",\"contentUrl\":\"https:\/\/lascriticas.com\/wp-content\/uploads\/2016\/09\/Las-Cr\u00edticas.png\",\"width\":372,\"height\":201,\"caption\":\"Las Cr\u00edticas\"},\"image\":{\"@id\":\"https:\/\/lascriticas.com\/#\/schema\/logo\/image\/\"},\"sameAs\":[\"https:\/\/www.facebook.com\/lascriticas\/\",\"https:\/\/x.com\/LasCriticas_com\",\"https:\/\/www.instagram.com\/lascriticas_com\/\",\"https:\/\/www.youtube.com\/channel\/UCd7r-H6EJA4sSXGLX33_iHQ\"]}]}<\/script>\n<!-- \/ Yoast SEO plugin. -->","yoast_head_json":{"title":"Ana Mar\u00eda Portugal - Las Cr\u00edticas","description":"Ana Mar\u00eda Portugal es escritora y periodista feminista peruana, especialista en historia de las mujeres en Am\u00e9rica Latina y el Caribe.","robots":{"index":"index","follow":"follow","max-snippet":"max-snippet:-1","max-image-preview":"max-image-preview:large","max-video-preview":"max-video-preview:-1"},"canonical":"https:\/\/lascriticas.com\/index.php\/lascriticas\/ana-maria-portugal\/","og_locale":"es_ES","og_type":"article","og_title":"Ana Mar\u00eda Portugal - Las Cr\u00edticas","og_description":"Ana Mar\u00eda Portugal es escritora y periodista feminista peruana, especialista en historia de las mujeres en Am\u00e9rica Latina y el Caribe.","og_url":"https:\/\/lascriticas.com\/index.php\/lascriticas\/ana-maria-portugal\/","og_site_name":"Las Cr\u00edticas","article_publisher":"https:\/\/www.facebook.com\/lascriticas\/","article_modified_time":"2021-03-31T15:02:57+00:00","og_image":[{"width":348,"height":494,"url":"https:\/\/lascriticas.com\/wp-content\/uploads\/2021\/03\/anamariaportugal.jpg","type":"image\/jpeg"}],"twitter_card":"summary_large_image","twitter_site":"@LasCriticas_com","twitter_misc":{"Tiempo de lectura":"1 minuto"},"schema":{"@context":"https:\/\/schema.org","@graph":[{"@type":"WebPage","@id":"https:\/\/lascriticas.com\/index.php\/lascriticas\/ana-maria-portugal\/","url":"https:\/\/lascriticas.com\/index.php\/lascriticas\/ana-maria-portugal\/","name":"Ana Mar\u00eda Portugal - Las Cr\u00edticas","isPartOf":{"@id":"https:\/\/lascriticas.com\/#website"},"primaryImageOfPage":{"@id":"https:\/\/lascriticas.com\/index.php\/lascriticas\/ana-maria-portugal\/#primaryimage"},"image":{"@id":"https:\/\/lascriticas.com\/index.php\/lascriticas\/ana-maria-portugal\/#primaryimage"},"thumbnailUrl":"https:\/\/lascriticas.com\/wp-content\/uploads\/2021\/03\/anamariaportugal.jpg","datePublished":"2021-03-31T14:59:51+00:00","dateModified":"2021-03-31T15:02:57+00:00","description":"Ana Mar\u00eda Portugal es escritora y periodista feminista peruana, especialista en historia de las mujeres en Am\u00e9rica Latina y el Caribe.","breadcrumb":{"@id":"https:\/\/lascriticas.com\/index.php\/lascriticas\/ana-maria-portugal\/#breadcrumb"},"inLanguage":"es","potentialAction":[{"@type":"ReadAction","target":["https:\/\/lascriticas.com\/index.php\/lascriticas\/ana-maria-portugal\/"]}]},{"@type":"ImageObject","inLanguage":"es","@id":"https:\/\/lascriticas.com\/index.php\/lascriticas\/ana-maria-portugal\/#primaryimage","url":"https:\/\/lascriticas.com\/wp-content\/uploads\/2021\/03\/anamariaportugal.jpg","contentUrl":"https:\/\/lascriticas.com\/wp-content\/uploads\/2021\/03\/anamariaportugal.jpg","width":348,"height":494},{"@type":"BreadcrumbList","@id":"https:\/\/lascriticas.com\/index.php\/lascriticas\/ana-maria-portugal\/#breadcrumb","itemListElement":[{"@type":"ListItem","position":1,"name":"Inicio","item":"https:\/\/lascriticas.com\/"},{"@type":"ListItem","position":2,"name":"Las Cr\u00edticas","item":"https:\/\/lascriticas.com\/index.php\/lascriticas\/"},{"@type":"ListItem","position":3,"name":"Ana Mar\u00eda Portugal"}]},{"@type":"WebSite","@id":"https:\/\/lascriticas.com\/#website","url":"https:\/\/lascriticas.com\/","name":"Las Cr\u00edticas","description":"Cr\u00edtica literaria hecha por mujeres","publisher":{"@id":"https:\/\/lascriticas.com\/#organization"},"potentialAction":[{"@type":"SearchAction","target":{"@type":"EntryPoint","urlTemplate":"https:\/\/lascriticas.com\/?s={search_term_string}"},"query-input":{"@type":"PropertyValueSpecification","valueRequired":true,"valueName":"search_term_string"}}],"inLanguage":"es"},{"@type":"Organization","@id":"https:\/\/lascriticas.com\/#organization","name":"Las Cr\u00edticas","url":"https:\/\/lascriticas.com\/","logo":{"@type":"ImageObject","inLanguage":"es","@id":"https:\/\/lascriticas.com\/#\/schema\/logo\/image\/","url":"https:\/\/lascriticas.com\/wp-content\/uploads\/2016\/09\/Las-Cr\u00edticas.png","contentUrl":"https:\/\/lascriticas.com\/wp-content\/uploads\/2016\/09\/Las-Cr\u00edticas.png","width":372,"height":201,"caption":"Las Cr\u00edticas"},"image":{"@id":"https:\/\/lascriticas.com\/#\/schema\/logo\/image\/"},"sameAs":["https:\/\/www.facebook.com\/lascriticas\/","https:\/\/x.com\/LasCriticas_com","https:\/\/www.instagram.com\/lascriticas_com\/","https:\/\/www.youtube.com\/channel\/UCd7r-H6EJA4sSXGLX33_iHQ"]}]}},"_links":{"self":[{"href":"https:\/\/lascriticas.com\/index.php\/wp-json\/wp\/v2\/pages\/4292"}],"collection":[{"href":"https:\/\/lascriticas.com\/index.php\/wp-json\/wp\/v2\/pages"}],"about":[{"href":"https:\/\/lascriticas.com\/index.php\/wp-json\/wp\/v2\/types\/page"}],"author":[{"embeddable":true,"href":"https:\/\/lascriticas.com\/index.php\/wp-json\/wp\/v2\/users\/1"}],"replies":[{"embeddable":true,"href":"https:\/\/lascriticas.com\/index.php\/wp-json\/wp\/v2\/comments?post=4292"}],"version-history":[{"count":3,"href":"https:\/\/lascriticas.com\/index.php\/wp-json\/wp\/v2\/pages\/4292\/revisions"}],"predecessor-version":[{"id":4299,"href":"https:\/\/lascriticas.com\/index.php\/wp-json\/wp\/v2\/pages\/4292\/revisions\/4299"}],"up":[{"embeddable":true,"href":"https:\/\/lascriticas.com\/index.php\/wp-json\/wp\/v2\/pages\/68"}],"wp:featuredmedia":[{"embeddable":true,"href":"https:\/\/lascriticas.com\/index.php\/wp-json\/wp\/v2\/media\/4294"}],"wp:attachment":[{"href":"https:\/\/lascriticas.com\/index.php\/wp-json\/wp\/v2\/media?parent=4292"}],"curies":[{"name":"wp","href":"https:\/\/api.w.org\/{rel}","templated":true}]}}

Ana María Portugal

<p style="text-align: justify;"><span style="font-size: 16px;"><strong>Ana María Portugal Speedie</strong> es escritora y periodista feminista. Fue Coordinadora General de la Fundación Internacional (2002-2012) en Santiago, Chile. Es especialista en periodismo de investigación sobre la historia de las mujeres en América Latina y el Caribe. Integra el Grupo Cultural Adela Montesinos.</span></p>
<p style="text-align: justify;"><span style="font-size: 16px;">Es autora de <em>Ser Mujer en el Perú</em>, en coautoría con Esther Andradi (1978). <em>Mercedes Cabello de Carbonera, o el riesgo de ser mujer,</em> Ediciones Centro de Documentación de la Mujer CENDOC-Mujer (1986); <em>Veinte años de historia no contada,</em> Fundación Isis Internacional (1995); <em>Las olvidadas del milenio. Herejes, sabias y visionarias, </em>Fundación Isis Internacional (2000); <em>Efemérides de las mujeres,</em> Fundación Isis Internacional (2010). Tiene en preparación <em>Las herejías de Clorinda, </em>sobre la vida y obra de Clorinda Matto de Turner.</span></p>
<p style="text-align: justify;"><span style="font-size: 16px;">Actualmente radica en Arequipa.</span></p>
<p><a href="https://lascriticas.com/index.php/author/ana-maria-portugal-y-esther-andradi/"><strong>Sus críticas</strong></a></p>
<p>&nbsp;</p>
<p>&nbsp;</p>

<p>Ana María Portugal Speedie es escritora y periodista feminista. Fue Coordinadora General de la Fundación Internacional (2002-2012) en Santiago, Chile. Es especialista en periodismo de investigación sobre la historia de las mujeres en América Latina y el Caribe. Integra el Grupo Cultural Adela Montesinos. Es autora de Ser Mujer en el Perú, en coautoría con Esther&#8230;</p>

<!-- This site is optimized with the Yoast SEO plugin v23.5 - https://yoast.com/wordpress/plugins/seo/ -->
<title>Ana María Portugal - Las Críticas</title>
<meta name="description" content="Ana María Portugal es escritora y periodista feminista peruana, especialista en historia de las mujeres en América Latina y el Caribe." />
<meta name="robots" content="index, follow, max-snippet:-1, max-image-preview:large, max-video-preview:-1" />
<link rel="canonical" href="https://lascriticas.com/index.php/lascriticas/ana-maria-portugal/" />
<meta property="og:locale" content="es_ES" />
<meta property="og:type" content="article" />
<meta property="og:title" content="Ana María Portugal - Las Críticas" />
<meta property="og:description" content="Ana María Portugal es escritora y periodista feminista peruana, especialista en historia de las mujeres en América Latina y el Caribe." />
<meta property="og:url" content="https://lascriticas.com/index.php/lascriticas/ana-maria-portugal/" />
<meta property="og:site_name" content="Las Críticas" />
<meta property="article:publisher" content="https://www.facebook.com/lascriticas/" />
<meta property="article:modified_time" content="2021-03-31T15:02:57+00:00" />
<meta property="og:image" content="https://lascriticas.com/wp-content/uploads/2021/03/anamariaportugal.jpg" />
	<meta property="og:image:width" content="348" />
	<meta property="og:image:height" content="494" />
	<meta property="og:image:type" content="image/jpeg" />
<meta name="twitter:card" content="summary_large_image" />
<meta name="twitter:site" content="@LasCriticas_com" />
<meta name="twitter:label1" content="Tiempo de lectura" />
	<meta name="twitter:data1" content="1 minuto" />
<script type="application/ld+json" class="yoast-schema-graph">{"@context":"https://schema.org","@graph":[{"@type":"WebPage","@id":"https://lascriticas.com/index.php/lascriticas/ana-maria-portugal/","url":"https://lascriticas.com/index.php/lascriticas/ana-maria-portugal/","name":"Ana María Portugal - Las Críticas","isPartOf":{"@id":"https://lascriticas.com/#website"},"primaryImageOfPage":{"@id":"https://lascriticas.com/index.php/lascriticas/ana-maria-portugal/#primaryimage"},"image":{"@id":"https://lascriticas.com/index.php/lascriticas/ana-maria-portugal/#primaryimage"},"thumbnailUrl":"https://lascriticas.com/wp-content/uploads/2021/03/anamariaportugal.jpg","datePublished":"2021-03-31T14:59:51+00:00","dateModified":"2021-03-31T15:02:57+00:00","description":"Ana María Portugal es escritora y periodista feminista peruana, especialista en historia de las mujeres en América Latina y el Caribe.","breadcrumb":{"@id":"https://lascriticas.com/index.php/lascriticas/ana-maria-portugal/#breadcrumb"},"inLanguage":"es","potentialAction":[{"@type":"ReadAction","target":["https://lascriticas.com/index.php/lascriticas/ana-maria-portugal/"]}]},{"@type":"ImageObject","inLanguage":"es","@id":"https://lascriticas.com/index.php/lascriticas/ana-maria-portugal/#primaryimage","url":"https://lascriticas.com/wp-content/uploads/2021/03/anamariaportugal.jpg","contentUrl":"https://lascriticas.com/wp-content/uploads/2021/03/anamariaportugal.jpg","width":348,"height":494},{"@type":"BreadcrumbList","@id":"https://lascriticas.com/index.php/lascriticas/ana-maria-portugal/#breadcrumb","itemListElement":[{"@type":"ListItem","position":1,"name":"Inicio","item":"https://lascriticas.com/"},{"@type":"ListItem","position":2,"name":"Las Críticas","item":"https://lascriticas.com/index.php/lascriticas/"},{"@type":"ListItem","position":3,"name":"Ana María Portugal"}]},{"@type":"WebSite","@id":"https://lascriticas.com/#website","url":"https://lascriticas.com/","name":"Las Críticas","description":"Crítica literaria hecha por mujeres","publisher":{"@id":"https://lascriticas.com/#organization"},"potentialAction":[{"@type":"SearchAction","target":{"@type":"EntryPoint","urlTemplate":"https://lascriticas.com/?s={search_term_string}"},"query-input":{"@type":"PropertyValueSpecification","valueRequired":true,"valueName":"search_term_string"}}],"inLanguage":"es"},{"@type":"Organization","@id":"https://lascriticas.com/#organization","name":"Las Críticas","url":"https://lascriticas.com/","logo":{"@type":"ImageObject","inLanguage":"es","@id":"https://lascriticas.com/#/schema/logo/image/","url":"https://lascriticas.com/wp-content/uploads/2016/09/Las-Críticas.png","contentUrl":"https://lascriticas.com/wp-content/uploads/2016/09/Las-Críticas.png","width":372,"height":201,"caption":"Las Críticas"},"image":{"@id":"https://lascriticas.com/#/schema/logo/image/"},"sameAs":["https://www.facebook.com/lascriticas/","https://x.com/LasCriticas_com","https://www.instagram.com/lascriticas_com/","https://www.youtube.com/channel/UCd7r-H6EJA4sSXGLX33_iHQ"]}]}</script>
<!-- / Yoast SEO plugin. -->

Ana María Portugal - Las Críticas

Ana María Portugal es escritora y periodista feminista peruana, especialista en historia de las mujeres en América Latina y el Caribe.

Las Críticas

Crítica literaria hecha por mujeres

https://lascriticas.com/wp-content/uploads/2016/09/Las-Críticas.png
