{"id":4022,"date":"2021-02-28T20:31:01","date_gmt":"2021-02-28T19:31:01","guid":{"rendered":"https:\/\/lascriticas.com\/?page_id=4022"},"modified":"2021-03-02T15:46:30","modified_gmt":"2021-03-02T14:46:30","slug":"soledad-sevilla","status":"publish","type":"page","link":"https:\/\/lascriticas.com\/index.php\/lascriticas\/soledad-sevilla\/","title":{"rendered":"Soledad Sevilla"},"content":{"rendered":"<p><span style=\"font-size: 16px;\"><strong>Soledad Sevilla<\/strong> (Lima, 1992) es licenciada en Filosof\u00eda por la Pontificia Universidad Cat\u00f3lica del Per\u00fa, donde tiene tambi\u00e9n estudios de maestr\u00eda en Antropolog\u00eda. Es coordinadora editorial en la Universidad del Pac\u00edfico. La literatura es y siempre ha sido parte de su vida.<\/span><\/p>\n<p><a href=\"https:\/\/lascriticas.com\/index.php\/author\/soledad-sevilla\/\"><strong><span style=\"font-size: 16px;\">Sus cr\u00edticas<\/span><\/strong><\/a><\/p>\n","protected":false},"excerpt":{"rendered":"<p>Soledad Sevilla (Lima, 1992) es licenciada en Filosof\u00eda por la Pontificia Universidad Cat\u00f3lica del Per\u00fa, donde tiene tambi\u00e9n estudios de maestr\u00eda en Antropolog\u00eda. Es coordinadora editorial en la Universidad del Pac\u00edfico. La literatura es y siempre ha sido parte de su vida. Sus cr\u00edticas<\/p>\n","protected":false},"author":1,"featured_media":4053,"parent":68,"menu_order":0,"comment_status":"closed","ping_status":"closed","template":"","meta":{"footnotes":""},"yoast_head":"<!-- This site is optimized with the Yoast SEO plugin v23.5 - https:\/\/yoast.com\/wordpress\/plugins\/seo\/ -->\n<title>Soledad Sevilla - Las Cr\u00edticas<\/title>\n<meta name=\"description\" content=\"Soledad Sevilla es licenciada en Filosof\u00eda y m\u00e1ster en antropolog\u00eda por la Pontificia Universidad Cat\u00f3lica del Per\u00fa.\" \/>\n<meta name=\"robots\" content=\"index, follow, max-snippet:-1, max-image-preview:large, max-video-preview:-1\" \/>\n<link rel=\"canonical\" href=\"https:\/\/lascriticas.com\/index.php\/lascriticas\/soledad-sevilla\/\" \/>\n<meta property=\"og:locale\" content=\"es_ES\" \/>\n<meta property=\"og:type\" content=\"article\" \/>\n<meta property=\"og:title\" content=\"Soledad Sevilla - Las Cr\u00edticas\" \/>\n<meta property=\"og:description\" content=\"Soledad Sevilla es licenciada en Filosof\u00eda y m\u00e1ster en antropolog\u00eda por la Pontificia Universidad Cat\u00f3lica del Per\u00fa.\" \/>\n<meta property=\"og:url\" content=\"https:\/\/lascriticas.com\/index.php\/lascriticas\/soledad-sevilla\/\" \/>\n<meta property=\"og:site_name\" content=\"Las Cr\u00edticas\" \/>\n<meta property=\"article:publisher\" content=\"https:\/\/www.facebook.com\/lascriticas\/\" \/>\n<meta property=\"article:modified_time\" content=\"2021-03-02T14:46:30+00:00\" \/>\n<meta property=\"og:image\" content=\"https:\/\/lascriticas.com\/wp-content\/uploads\/2021\/03\/Soledad-Sevilla.jpeg\" \/>\n\t<meta property=\"og:image:width\" content=\"1080\" \/>\n\t<meta property=\"og:image:height\" content=\"530\" \/>\n\t<meta property=\"og:image:type\" content=\"image\/jpeg\" \/>\n<meta name=\"twitter:card\" content=\"summary_large_image\" \/>\n<meta name=\"twitter:site\" content=\"@LasCriticas_com\" \/>\n<meta name=\"twitter:label1\" content=\"Tiempo de lectura\" \/>\n\t<meta name=\"twitter:data1\" content=\"1 minuto\" \/>\n<script type=\"application\/ld+json\" class=\"yoast-schema-graph\">{\"@context\":\"https:\/\/schema.org\",\"@graph\":[{\"@type\":\"WebPage\",\"@id\":\"https:\/\/lascriticas.com\/index.php\/lascriticas\/soledad-sevilla\/\",\"url\":\"https:\/\/lascriticas.com\/index.php\/lascriticas\/soledad-sevilla\/\",\"name\":\"Soledad Sevilla - Las Cr\u00edticas\",\"isPartOf\":{\"@id\":\"https:\/\/lascriticas.com\/#website\"},\"primaryImageOfPage\":{\"@id\":\"https:\/\/lascriticas.com\/index.php\/lascriticas\/soledad-sevilla\/#primaryimage\"},\"image\":{\"@id\":\"https:\/\/lascriticas.com\/index.php\/lascriticas\/soledad-sevilla\/#primaryimage\"},\"thumbnailUrl\":\"https:\/\/lascriticas.com\/wp-content\/uploads\/2021\/03\/Soledad-Sevilla.jpeg\",\"datePublished\":\"2021-02-28T19:31:01+00:00\",\"dateModified\":\"2021-03-02T14:46:30+00:00\",\"description\":\"Soledad Sevilla es licenciada en Filosof\u00eda y m\u00e1ster en antropolog\u00eda por la Pontificia Universidad Cat\u00f3lica del Per\u00fa.\",\"breadcrumb\":{\"@id\":\"https:\/\/lascriticas.com\/index.php\/lascriticas\/soledad-sevilla\/#breadcrumb\"},\"inLanguage\":\"es\",\"potentialAction\":[{\"@type\":\"ReadAction\",\"target\":[\"https:\/\/lascriticas.com\/index.php\/lascriticas\/soledad-sevilla\/\"]}]},{\"@type\":\"ImageObject\",\"inLanguage\":\"es\",\"@id\":\"https:\/\/lascriticas.com\/index.php\/lascriticas\/soledad-sevilla\/#primaryimage\",\"url\":\"https:\/\/lascriticas.com\/wp-content\/uploads\/2021\/03\/Soledad-Sevilla.jpeg\",\"contentUrl\":\"https:\/\/lascriticas.com\/wp-content\/uploads\/2021\/03\/Soledad-Sevilla.jpeg\",\"width\":1080,\"height\":530},{\"@type\":\"BreadcrumbList\",\"@id\":\"https:\/\/lascriticas.com\/index.php\/lascriticas\/soledad-sevilla\/#breadcrumb\",\"itemListElement\":[{\"@type\":\"ListItem\",\"position\":1,\"name\":\"Inicio\",\"item\":\"https:\/\/lascriticas.com\/\"},{\"@type\":\"ListItem\",\"position\":2,\"name\":\"Las Cr\u00edticas\",\"item\":\"https:\/\/lascriticas.com\/index.php\/lascriticas\/\"},{\"@type\":\"ListItem\",\"position\":3,\"name\":\"Soledad Sevilla\"}]},{\"@type\":\"WebSite\",\"@id\":\"https:\/\/lascriticas.com\/#website\",\"url\":\"https:\/\/lascriticas.com\/\",\"name\":\"Las Cr\u00edticas\",\"description\":\"Cr\u00edtica literaria hecha por mujeres\",\"publisher\":{\"@id\":\"https:\/\/lascriticas.com\/#organization\"},\"potentialAction\":[{\"@type\":\"SearchAction\",\"target\":{\"@type\":\"EntryPoint\",\"urlTemplate\":\"https:\/\/lascriticas.com\/?s={search_term_string}\"},\"query-input\":{\"@type\":\"PropertyValueSpecification\",\"valueRequired\":true,\"valueName\":\"search_term_string\"}}],\"inLanguage\":\"es\"},{\"@type\":\"Organization\",\"@id\":\"https:\/\/lascriticas.com\/#organization\",\"name\":\"Las Cr\u00edticas\",\"url\":\"https:\/\/lascriticas.com\/\",\"logo\":{\"@type\":\"ImageObject\",\"inLanguage\":\"es\",\"@id\":\"https:\/\/lascriticas.com\/#\/schema\/logo\/image\/\",\"url\":\"https:\/\/lascriticas.com\/wp-content\/uploads\/2016\/09\/Las-Cr\u00edticas.png\",\"contentUrl\":\"https:\/\/lascriticas.com\/wp-content\/uploads\/2016\/09\/Las-Cr\u00edticas.png\",\"width\":372,\"height\":201,\"caption\":\"Las Cr\u00edticas\"},\"image\":{\"@id\":\"https:\/\/lascriticas.com\/#\/schema\/logo\/image\/\"},\"sameAs\":[\"https:\/\/www.facebook.com\/lascriticas\/\",\"https:\/\/x.com\/LasCriticas_com\",\"https:\/\/www.instagram.com\/lascriticas_com\/\",\"https:\/\/www.youtube.com\/channel\/UCd7r-H6EJA4sSXGLX33_iHQ\"]}]}<\/script>\n<!-- \/ Yoast SEO plugin. -->","yoast_head_json":{"title":"Soledad Sevilla - Las Cr\u00edticas","description":"Soledad Sevilla es licenciada en Filosof\u00eda y m\u00e1ster en antropolog\u00eda por la Pontificia Universidad Cat\u00f3lica del Per\u00fa.","robots":{"index":"index","follow":"follow","max-snippet":"max-snippet:-1","max-image-preview":"max-image-preview:large","max-video-preview":"max-video-preview:-1"},"canonical":"https:\/\/lascriticas.com\/index.php\/lascriticas\/soledad-sevilla\/","og_locale":"es_ES","og_type":"article","og_title":"Soledad Sevilla - Las Cr\u00edticas","og_description":"Soledad Sevilla es licenciada en Filosof\u00eda y m\u00e1ster en antropolog\u00eda por la Pontificia Universidad Cat\u00f3lica del Per\u00fa.","og_url":"https:\/\/lascriticas.com\/index.php\/lascriticas\/soledad-sevilla\/","og_site_name":"Las Cr\u00edticas","article_publisher":"https:\/\/www.facebook.com\/lascriticas\/","article_modified_time":"2021-03-02T14:46:30+00:00","og_image":[{"width":1080,"height":530,"url":"https:\/\/lascriticas.com\/wp-content\/uploads\/2021\/03\/Soledad-Sevilla.jpeg","type":"image\/jpeg"}],"twitter_card":"summary_large_image","twitter_site":"@LasCriticas_com","twitter_misc":{"Tiempo de lectura":"1 minuto"},"schema":{"@context":"https:\/\/schema.org","@graph":[{"@type":"WebPage","@id":"https:\/\/lascriticas.com\/index.php\/lascriticas\/soledad-sevilla\/","url":"https:\/\/lascriticas.com\/index.php\/lascriticas\/soledad-sevilla\/","name":"Soledad Sevilla - Las Cr\u00edticas","isPartOf":{"@id":"https:\/\/lascriticas.com\/#website"},"primaryImageOfPage":{"@id":"https:\/\/lascriticas.com\/index.php\/lascriticas\/soledad-sevilla\/#primaryimage"},"image":{"@id":"https:\/\/lascriticas.com\/index.php\/lascriticas\/soledad-sevilla\/#primaryimage"},"thumbnailUrl":"https:\/\/lascriticas.com\/wp-content\/uploads\/2021\/03\/Soledad-Sevilla.jpeg","datePublished":"2021-02-28T19:31:01+00:00","dateModified":"2021-03-02T14:46:30+00:00","description":"Soledad Sevilla es licenciada en Filosof\u00eda y m\u00e1ster en antropolog\u00eda por la Pontificia Universidad Cat\u00f3lica del Per\u00fa.","breadcrumb":{"@id":"https:\/\/lascriticas.com\/index.php\/lascriticas\/soledad-sevilla\/#breadcrumb"},"inLanguage":"es","potentialAction":[{"@type":"ReadAction","target":["https:\/\/lascriticas.com\/index.php\/lascriticas\/soledad-sevilla\/"]}]},{"@type":"ImageObject","inLanguage":"es","@id":"https:\/\/lascriticas.com\/index.php\/lascriticas\/soledad-sevilla\/#primaryimage","url":"https:\/\/lascriticas.com\/wp-content\/uploads\/2021\/03\/Soledad-Sevilla.jpeg","contentUrl":"https:\/\/lascriticas.com\/wp-content\/uploads\/2021\/03\/Soledad-Sevilla.jpeg","width":1080,"height":530},{"@type":"BreadcrumbList","@id":"https:\/\/lascriticas.com\/index.php\/lascriticas\/soledad-sevilla\/#breadcrumb","itemListElement":[{"@type":"ListItem","position":1,"name":"Inicio","item":"https:\/\/lascriticas.com\/"},{"@type":"ListItem","position":2,"name":"Las Cr\u00edticas","item":"https:\/\/lascriticas.com\/index.php\/lascriticas\/"},{"@type":"ListItem","position":3,"name":"Soledad Sevilla"}]},{"@type":"WebSite","@id":"https:\/\/lascriticas.com\/#website","url":"https:\/\/lascriticas.com\/","name":"Las Cr\u00edticas","description":"Cr\u00edtica literaria hecha por mujeres","publisher":{"@id":"https:\/\/lascriticas.com\/#organization"},"potentialAction":[{"@type":"SearchAction","target":{"@type":"EntryPoint","urlTemplate":"https:\/\/lascriticas.com\/?s={search_term_string}"},"query-input":{"@type":"PropertyValueSpecification","valueRequired":true,"valueName":"search_term_string"}}],"inLanguage":"es"},{"@type":"Organization","@id":"https:\/\/lascriticas.com\/#organization","name":"Las Cr\u00edticas","url":"https:\/\/lascriticas.com\/","logo":{"@type":"ImageObject","inLanguage":"es","@id":"https:\/\/lascriticas.com\/#\/schema\/logo\/image\/","url":"https:\/\/lascriticas.com\/wp-content\/uploads\/2016\/09\/Las-Cr\u00edticas.png","contentUrl":"https:\/\/lascriticas.com\/wp-content\/uploads\/2016\/09\/Las-Cr\u00edticas.png","width":372,"height":201,"caption":"Las Cr\u00edticas"},"image":{"@id":"https:\/\/lascriticas.com\/#\/schema\/logo\/image\/"},"sameAs":["https:\/\/www.facebook.com\/lascriticas\/","https:\/\/x.com\/LasCriticas_com","https:\/\/www.instagram.com\/lascriticas_com\/","https:\/\/www.youtube.com\/channel\/UCd7r-H6EJA4sSXGLX33_iHQ"]}]}},"_links":{"self":[{"href":"https:\/\/lascriticas.com\/index.php\/wp-json\/wp\/v2\/pages\/4022"}],"collection":[{"href":"https:\/\/lascriticas.com\/index.php\/wp-json\/wp\/v2\/pages"}],"about":[{"href":"https:\/\/lascriticas.com\/index.php\/wp-json\/wp\/v2\/types\/page"}],"author":[{"embeddable":true,"href":"https:\/\/lascriticas.com\/index.php\/wp-json\/wp\/v2\/users\/1"}],"replies":[{"embeddable":true,"href":"https:\/\/lascriticas.com\/index.php\/wp-json\/wp\/v2\/comments?post=4022"}],"version-history":[{"count":3,"href":"https:\/\/lascriticas.com\/index.php\/wp-json\/wp\/v2\/pages\/4022\/revisions"}],"predecessor-version":[{"id":4126,"href":"https:\/\/lascriticas.com\/index.php\/wp-json\/wp\/v2\/pages\/4022\/revisions\/4126"}],"up":[{"embeddable":true,"href":"https:\/\/lascriticas.com\/index.php\/wp-json\/wp\/v2\/pages\/68"}],"wp:featuredmedia":[{"embeddable":true,"href":"https:\/\/lascriticas.com\/index.php\/wp-json\/wp\/v2\/media\/4053"}],"wp:attachment":[{"href":"https:\/\/lascriticas.com\/index.php\/wp-json\/wp\/v2\/media?parent=4022"}],"curies":[{"name":"wp","href":"https:\/\/api.w.org\/{rel}","templated":true}]}}

<p><span style="font-size: 16px;"><strong>Soledad Sevilla</strong> (Lima, 1992) es licenciada en Filosofía por la Pontificia Universidad Católica del Perú, donde tiene también estudios de maestría en Antropología. Es coordinadora editorial en la Universidad del Pacífico. La literatura es y siempre ha sido parte de su vida.</span></p>
<p><a href="https://lascriticas.com/index.php/author/soledad-sevilla/"><strong><span style="font-size: 16px;">Sus críticas</span></strong></a></p>

<p>Soledad Sevilla (Lima, 1992) es licenciada en Filosofía por la Pontificia Universidad Católica del Perú, donde tiene también estudios de maestría en Antropología. Es coordinadora editorial en la Universidad del Pacífico. La literatura es y siempre ha sido parte de su vida. Sus críticas</p>

<!-- This site is optimized with the Yoast SEO plugin v23.5 - https://yoast.com/wordpress/plugins/seo/ -->
<title>Soledad Sevilla - Las Críticas</title>
<meta name="description" content="Soledad Sevilla es licenciada en Filosofía y máster en antropología por la Pontificia Universidad Católica del Perú." />
<meta name="robots" content="index, follow, max-snippet:-1, max-image-preview:large, max-video-preview:-1" />
<link rel="canonical" href="https://lascriticas.com/index.php/lascriticas/soledad-sevilla/" />
<meta property="og:locale" content="es_ES" />
<meta property="og:type" content="article" />
<meta property="og:title" content="Soledad Sevilla - Las Críticas" />
<meta property="og:description" content="Soledad Sevilla es licenciada en Filosofía y máster en antropología por la Pontificia Universidad Católica del Perú." />
<meta property="og:url" content="https://lascriticas.com/index.php/lascriticas/soledad-sevilla/" />
<meta property="og:site_name" content="Las Críticas" />
<meta property="article:publisher" content="https://www.facebook.com/lascriticas/" />
<meta property="article:modified_time" content="2021-03-02T14:46:30+00:00" />
<meta property="og:image" content="https://lascriticas.com/wp-content/uploads/2021/03/Soledad-Sevilla.jpeg" />
	<meta property="og:image:width" content="1080" />
	<meta property="og:image:height" content="530" />
	<meta property="og:image:type" content="image/jpeg" />
<meta name="twitter:card" content="summary_large_image" />
<meta name="twitter:site" content="@LasCriticas_com" />
<meta name="twitter:label1" content="Tiempo de lectura" />
	<meta name="twitter:data1" content="1 minuto" />
<script type="application/ld+json" class="yoast-schema-graph">{"@context":"https://schema.org","@graph":[{"@type":"WebPage","@id":"https://lascriticas.com/index.php/lascriticas/soledad-sevilla/","url":"https://lascriticas.com/index.php/lascriticas/soledad-sevilla/","name":"Soledad Sevilla - Las Críticas","isPartOf":{"@id":"https://lascriticas.com/#website"},"primaryImageOfPage":{"@id":"https://lascriticas.com/index.php/lascriticas/soledad-sevilla/#primaryimage"},"image":{"@id":"https://lascriticas.com/index.php/lascriticas/soledad-sevilla/#primaryimage"},"thumbnailUrl":"https://lascriticas.com/wp-content/uploads/2021/03/Soledad-Sevilla.jpeg","datePublished":"2021-02-28T19:31:01+00:00","dateModified":"2021-03-02T14:46:30+00:00","description":"Soledad Sevilla es licenciada en Filosofía y máster en antropología por la Pontificia Universidad Católica del Perú.","breadcrumb":{"@id":"https://lascriticas.com/index.php/lascriticas/soledad-sevilla/#breadcrumb"},"inLanguage":"es","potentialAction":[{"@type":"ReadAction","target":["https://lascriticas.com/index.php/lascriticas/soledad-sevilla/"]}]},{"@type":"ImageObject","inLanguage":"es","@id":"https://lascriticas.com/index.php/lascriticas/soledad-sevilla/#primaryimage","url":"https://lascriticas.com/wp-content/uploads/2021/03/Soledad-Sevilla.jpeg","contentUrl":"https://lascriticas.com/wp-content/uploads/2021/03/Soledad-Sevilla.jpeg","width":1080,"height":530},{"@type":"BreadcrumbList","@id":"https://lascriticas.com/index.php/lascriticas/soledad-sevilla/#breadcrumb","itemListElement":[{"@type":"ListItem","position":1,"name":"Inicio","item":"https://lascriticas.com/"},{"@type":"ListItem","position":2,"name":"Las Críticas","item":"https://lascriticas.com/index.php/lascriticas/"},{"@type":"ListItem","position":3,"name":"Soledad Sevilla"}]},{"@type":"WebSite","@id":"https://lascriticas.com/#website","url":"https://lascriticas.com/","name":"Las Críticas","description":"Crítica literaria hecha por mujeres","publisher":{"@id":"https://lascriticas.com/#organization"},"potentialAction":[{"@type":"SearchAction","target":{"@type":"EntryPoint","urlTemplate":"https://lascriticas.com/?s={search_term_string}"},"query-input":{"@type":"PropertyValueSpecification","valueRequired":true,"valueName":"search_term_string"}}],"inLanguage":"es"},{"@type":"Organization","@id":"https://lascriticas.com/#organization","name":"Las Críticas","url":"https://lascriticas.com/","logo":{"@type":"ImageObject","inLanguage":"es","@id":"https://lascriticas.com/#/schema/logo/image/","url":"https://lascriticas.com/wp-content/uploads/2016/09/Las-Críticas.png","contentUrl":"https://lascriticas.com/wp-content/uploads/2016/09/Las-Críticas.png","width":372,"height":201,"caption":"Las Críticas"},"image":{"@id":"https://lascriticas.com/#/schema/logo/image/"},"sameAs":["https://www.facebook.com/lascriticas/","https://x.com/LasCriticas_com","https://www.instagram.com/lascriticas_com/","https://www.youtube.com/channel/UCd7r-H6EJA4sSXGLX33_iHQ"]}]}</script>
<!-- / Yoast SEO plugin. -->

Soledad Sevilla - Las Críticas

Soledad Sevilla es licenciada en Filosofía y máster en antropología por la Pontificia Universidad Católica del Perú.

Las Críticas

Crítica literaria hecha por mujeres

https://lascriticas.com/wp-content/uploads/2016/09/Las-Críticas.png
