{"id":386,"date":"2016-10-12T12:26:08","date_gmt":"2016-10-12T10:26:08","guid":{"rendered":"http:\/\/lascriticas.com\/?page_id=386"},"modified":"2021-01-19T22:00:39","modified_gmt":"2021-01-19T21:00:39","slug":"julia-wong","status":"publish","type":"page","link":"https:\/\/lascriticas.com\/index.php\/lascriticas\/julia-wong\/","title":{"rendered":"Julia Wong"},"content":{"rendered":"<p style=\"text-align: justify;\"><span style=\"font-size: 16px;\"><strong>Julia Wong Kcomt<\/strong>, es poeta, narradora y gestora cultural. Hija de migrantes chinos, naci\u00f3 en Chep\u00e9n, Per\u00fa. Curs\u00f3 estudios de Derecho y Ciencias pol\u00edticas en la Universidad de Lima y Literatura en la PUC. Cosmopolita y viajera, ha vivido en China, M\u00e9xico, Alemania y Argentina.\u00a0<\/span><\/p>\n<p style=\"text-align: justify;\"><span style=\"font-size: 16px;\">Ha publicado las novelas\u00a0<em>Mongolia<\/em> (Animal de invierno, 2015) y <em>Aquello que perdimos en la arena<\/em> (2019) y los poemarios\u00a0<em>Un vaso de leche fr\u00eda para el rapsoda<\/em> (Celacanto, 2016); <em>Pessoa por Wong<\/em> (2018), <em>Tequila prayers<\/em> (2018) y\u00a0la\u00a0<i>Antolog\u00eda po\u00e9tica (1993-2019)<\/i> (2020).<\/span><\/p>\n<p style=\"text-align: justify;\"><span style=\"font-size: 16px;\">Actualmente vive en Portugal.<\/span><\/p>\n<p style=\"text-align: justify;\"><span style=\"font-size: 16px;\"><strong><a href=\"https:\/\/lascriticas.com\/index.php\/author\/julia-wong\/\">Sus cr\u00edticas<\/a><\/strong><\/span><\/p>\n","protected":false},"excerpt":{"rendered":"<p>Julia Wong Kcomt, es poeta, narradora y gestora cultural. Hija de migrantes chinos, naci\u00f3 en Chep\u00e9n, Per\u00fa. Curs\u00f3 estudios de Derecho y Ciencias pol\u00edticas en la Universidad de Lima y Literatura en la PUC. Cosmopolita y viajera, ha vivido en China, M\u00e9xico, Alemania y Argentina.\u00a0 Ha publicado las novelas\u00a0Mongolia (Animal de invierno, 2015) y Aquello&#8230;<\/p>\n","protected":false},"author":1,"featured_media":2039,"parent":68,"menu_order":0,"comment_status":"closed","ping_status":"closed","template":"","meta":{"footnotes":""},"yoast_head":"<!-- This site is optimized with the Yoast SEO plugin v23.5 - https:\/\/yoast.com\/wordpress\/plugins\/seo\/ -->\n<title>Julia Wong - Las Cr\u00edticas<\/title>\n<meta name=\"description\" content=\"Poeta, narradora y gestora cultural, Julia Wong es peruana de origen chino. Ha publicado novelas y poemas. Vive en M\u00e9xico.\" \/>\n<meta name=\"robots\" content=\"index, follow, max-snippet:-1, max-image-preview:large, max-video-preview:-1\" \/>\n<link rel=\"canonical\" href=\"https:\/\/lascriticas.com\/index.php\/lascriticas\/julia-wong\/\" \/>\n<meta property=\"og:locale\" content=\"es_ES\" \/>\n<meta property=\"og:type\" content=\"article\" \/>\n<meta property=\"og:title\" content=\"Julia Wong - Las Cr\u00edticas\" \/>\n<meta property=\"og:description\" content=\"Poeta, narradora y gestora cultural, Julia Wong es peruana de origen chino. Ha publicado novelas y poemas. Vive en M\u00e9xico.\" \/>\n<meta property=\"og:url\" content=\"https:\/\/lascriticas.com\/index.php\/lascriticas\/julia-wong\/\" \/>\n<meta property=\"og:site_name\" content=\"Las Cr\u00edticas\" \/>\n<meta property=\"article:publisher\" content=\"https:\/\/www.facebook.com\/lascriticas\/\" \/>\n<meta property=\"article:modified_time\" content=\"2021-01-19T21:00:39+00:00\" \/>\n<meta property=\"og:image\" content=\"https:\/\/lascriticas.com\/wp-content\/uploads\/2017\/11\/julia-wong.gif\" \/>\n\t<meta property=\"og:image:width\" content=\"1079\" \/>\n\t<meta property=\"og:image:height\" content=\"530\" \/>\n\t<meta property=\"og:image:type\" content=\"image\/gif\" \/>\n<meta name=\"twitter:card\" content=\"summary_large_image\" \/>\n<meta name=\"twitter:site\" content=\"@LasCriticas_com\" \/>\n<meta name=\"twitter:label1\" content=\"Tiempo de lectura\" \/>\n\t<meta name=\"twitter:data1\" content=\"1 minuto\" \/>\n<script type=\"application\/ld+json\" class=\"yoast-schema-graph\">{\"@context\":\"https:\/\/schema.org\",\"@graph\":[{\"@type\":\"WebPage\",\"@id\":\"https:\/\/lascriticas.com\/index.php\/lascriticas\/julia-wong\/\",\"url\":\"https:\/\/lascriticas.com\/index.php\/lascriticas\/julia-wong\/\",\"name\":\"Julia Wong - Las Cr\u00edticas\",\"isPartOf\":{\"@id\":\"https:\/\/lascriticas.com\/#website\"},\"primaryImageOfPage\":{\"@id\":\"https:\/\/lascriticas.com\/index.php\/lascriticas\/julia-wong\/#primaryimage\"},\"image\":{\"@id\":\"https:\/\/lascriticas.com\/index.php\/lascriticas\/julia-wong\/#primaryimage\"},\"thumbnailUrl\":\"https:\/\/lascriticas.com\/wp-content\/uploads\/2017\/11\/julia-wong.gif\",\"datePublished\":\"2016-10-12T10:26:08+00:00\",\"dateModified\":\"2021-01-19T21:00:39+00:00\",\"description\":\"Poeta, narradora y gestora cultural, Julia Wong es peruana de origen chino. Ha publicado novelas y poemas. Vive en M\u00e9xico.\",\"breadcrumb\":{\"@id\":\"https:\/\/lascriticas.com\/index.php\/lascriticas\/julia-wong\/#breadcrumb\"},\"inLanguage\":\"es\",\"potentialAction\":[{\"@type\":\"ReadAction\",\"target\":[\"https:\/\/lascriticas.com\/index.php\/lascriticas\/julia-wong\/\"]}]},{\"@type\":\"ImageObject\",\"inLanguage\":\"es\",\"@id\":\"https:\/\/lascriticas.com\/index.php\/lascriticas\/julia-wong\/#primaryimage\",\"url\":\"https:\/\/lascriticas.com\/wp-content\/uploads\/2017\/11\/julia-wong.gif\",\"contentUrl\":\"https:\/\/lascriticas.com\/wp-content\/uploads\/2017\/11\/julia-wong.gif\",\"width\":1079,\"height\":530,\"caption\":\"Julia Wong\"},{\"@type\":\"BreadcrumbList\",\"@id\":\"https:\/\/lascriticas.com\/index.php\/lascriticas\/julia-wong\/#breadcrumb\",\"itemListElement\":[{\"@type\":\"ListItem\",\"position\":1,\"name\":\"Inicio\",\"item\":\"https:\/\/lascriticas.com\/\"},{\"@type\":\"ListItem\",\"position\":2,\"name\":\"Las Cr\u00edticas\",\"item\":\"https:\/\/lascriticas.com\/index.php\/lascriticas\/\"},{\"@type\":\"ListItem\",\"position\":3,\"name\":\"Julia Wong\"}]},{\"@type\":\"WebSite\",\"@id\":\"https:\/\/lascriticas.com\/#website\",\"url\":\"https:\/\/lascriticas.com\/\",\"name\":\"Las Cr\u00edticas\",\"description\":\"Cr\u00edtica literaria hecha por mujeres\",\"publisher\":{\"@id\":\"https:\/\/lascriticas.com\/#organization\"},\"potentialAction\":[{\"@type\":\"SearchAction\",\"target\":{\"@type\":\"EntryPoint\",\"urlTemplate\":\"https:\/\/lascriticas.com\/?s={search_term_string}\"},\"query-input\":{\"@type\":\"PropertyValueSpecification\",\"valueRequired\":true,\"valueName\":\"search_term_string\"}}],\"inLanguage\":\"es\"},{\"@type\":\"Organization\",\"@id\":\"https:\/\/lascriticas.com\/#organization\",\"name\":\"Las Cr\u00edticas\",\"url\":\"https:\/\/lascriticas.com\/\",\"logo\":{\"@type\":\"ImageObject\",\"inLanguage\":\"es\",\"@id\":\"https:\/\/lascriticas.com\/#\/schema\/logo\/image\/\",\"url\":\"https:\/\/lascriticas.com\/wp-content\/uploads\/2016\/09\/Las-Cr\u00edticas.png\",\"contentUrl\":\"https:\/\/lascriticas.com\/wp-content\/uploads\/2016\/09\/Las-Cr\u00edticas.png\",\"width\":372,\"height\":201,\"caption\":\"Las Cr\u00edticas\"},\"image\":{\"@id\":\"https:\/\/lascriticas.com\/#\/schema\/logo\/image\/\"},\"sameAs\":[\"https:\/\/www.facebook.com\/lascriticas\/\",\"https:\/\/x.com\/LasCriticas_com\",\"https:\/\/www.instagram.com\/lascriticas_com\/\",\"https:\/\/www.youtube.com\/channel\/UCd7r-H6EJA4sSXGLX33_iHQ\"]}]}<\/script>\n<!-- \/ Yoast SEO plugin. -->","yoast_head_json":{"title":"Julia Wong - Las Cr\u00edticas","description":"Poeta, narradora y gestora cultural, Julia Wong es peruana de origen chino. Ha publicado novelas y poemas. Vive en M\u00e9xico.","robots":{"index":"index","follow":"follow","max-snippet":"max-snippet:-1","max-image-preview":"max-image-preview:large","max-video-preview":"max-video-preview:-1"},"canonical":"https:\/\/lascriticas.com\/index.php\/lascriticas\/julia-wong\/","og_locale":"es_ES","og_type":"article","og_title":"Julia Wong - Las Cr\u00edticas","og_description":"Poeta, narradora y gestora cultural, Julia Wong es peruana de origen chino. Ha publicado novelas y poemas. Vive en M\u00e9xico.","og_url":"https:\/\/lascriticas.com\/index.php\/lascriticas\/julia-wong\/","og_site_name":"Las Cr\u00edticas","article_publisher":"https:\/\/www.facebook.com\/lascriticas\/","article_modified_time":"2021-01-19T21:00:39+00:00","og_image":[{"width":1079,"height":530,"url":"https:\/\/lascriticas.com\/wp-content\/uploads\/2017\/11\/julia-wong.gif","type":"image\/gif"}],"twitter_card":"summary_large_image","twitter_site":"@LasCriticas_com","twitter_misc":{"Tiempo de lectura":"1 minuto"},"schema":{"@context":"https:\/\/schema.org","@graph":[{"@type":"WebPage","@id":"https:\/\/lascriticas.com\/index.php\/lascriticas\/julia-wong\/","url":"https:\/\/lascriticas.com\/index.php\/lascriticas\/julia-wong\/","name":"Julia Wong - Las Cr\u00edticas","isPartOf":{"@id":"https:\/\/lascriticas.com\/#website"},"primaryImageOfPage":{"@id":"https:\/\/lascriticas.com\/index.php\/lascriticas\/julia-wong\/#primaryimage"},"image":{"@id":"https:\/\/lascriticas.com\/index.php\/lascriticas\/julia-wong\/#primaryimage"},"thumbnailUrl":"https:\/\/lascriticas.com\/wp-content\/uploads\/2017\/11\/julia-wong.gif","datePublished":"2016-10-12T10:26:08+00:00","dateModified":"2021-01-19T21:00:39+00:00","description":"Poeta, narradora y gestora cultural, Julia Wong es peruana de origen chino. Ha publicado novelas y poemas. Vive en M\u00e9xico.","breadcrumb":{"@id":"https:\/\/lascriticas.com\/index.php\/lascriticas\/julia-wong\/#breadcrumb"},"inLanguage":"es","potentialAction":[{"@type":"ReadAction","target":["https:\/\/lascriticas.com\/index.php\/lascriticas\/julia-wong\/"]}]},{"@type":"ImageObject","inLanguage":"es","@id":"https:\/\/lascriticas.com\/index.php\/lascriticas\/julia-wong\/#primaryimage","url":"https:\/\/lascriticas.com\/wp-content\/uploads\/2017\/11\/julia-wong.gif","contentUrl":"https:\/\/lascriticas.com\/wp-content\/uploads\/2017\/11\/julia-wong.gif","width":1079,"height":530,"caption":"Julia Wong"},{"@type":"BreadcrumbList","@id":"https:\/\/lascriticas.com\/index.php\/lascriticas\/julia-wong\/#breadcrumb","itemListElement":[{"@type":"ListItem","position":1,"name":"Inicio","item":"https:\/\/lascriticas.com\/"},{"@type":"ListItem","position":2,"name":"Las Cr\u00edticas","item":"https:\/\/lascriticas.com\/index.php\/lascriticas\/"},{"@type":"ListItem","position":3,"name":"Julia Wong"}]},{"@type":"WebSite","@id":"https:\/\/lascriticas.com\/#website","url":"https:\/\/lascriticas.com\/","name":"Las Cr\u00edticas","description":"Cr\u00edtica literaria hecha por mujeres","publisher":{"@id":"https:\/\/lascriticas.com\/#organization"},"potentialAction":[{"@type":"SearchAction","target":{"@type":"EntryPoint","urlTemplate":"https:\/\/lascriticas.com\/?s={search_term_string}"},"query-input":{"@type":"PropertyValueSpecification","valueRequired":true,"valueName":"search_term_string"}}],"inLanguage":"es"},{"@type":"Organization","@id":"https:\/\/lascriticas.com\/#organization","name":"Las Cr\u00edticas","url":"https:\/\/lascriticas.com\/","logo":{"@type":"ImageObject","inLanguage":"es","@id":"https:\/\/lascriticas.com\/#\/schema\/logo\/image\/","url":"https:\/\/lascriticas.com\/wp-content\/uploads\/2016\/09\/Las-Cr\u00edticas.png","contentUrl":"https:\/\/lascriticas.com\/wp-content\/uploads\/2016\/09\/Las-Cr\u00edticas.png","width":372,"height":201,"caption":"Las Cr\u00edticas"},"image":{"@id":"https:\/\/lascriticas.com\/#\/schema\/logo\/image\/"},"sameAs":["https:\/\/www.facebook.com\/lascriticas\/","https:\/\/x.com\/LasCriticas_com","https:\/\/www.instagram.com\/lascriticas_com\/","https:\/\/www.youtube.com\/channel\/UCd7r-H6EJA4sSXGLX33_iHQ"]}]}},"_links":{"self":[{"href":"https:\/\/lascriticas.com\/index.php\/wp-json\/wp\/v2\/pages\/386"}],"collection":[{"href":"https:\/\/lascriticas.com\/index.php\/wp-json\/wp\/v2\/pages"}],"about":[{"href":"https:\/\/lascriticas.com\/index.php\/wp-json\/wp\/v2\/types\/page"}],"author":[{"embeddable":true,"href":"https:\/\/lascriticas.com\/index.php\/wp-json\/wp\/v2\/users\/1"}],"replies":[{"embeddable":true,"href":"https:\/\/lascriticas.com\/index.php\/wp-json\/wp\/v2\/comments?post=386"}],"version-history":[{"count":8,"href":"https:\/\/lascriticas.com\/index.php\/wp-json\/wp\/v2\/pages\/386\/revisions"}],"predecessor-version":[{"id":3847,"href":"https:\/\/lascriticas.com\/index.php\/wp-json\/wp\/v2\/pages\/386\/revisions\/3847"}],"up":[{"embeddable":true,"href":"https:\/\/lascriticas.com\/index.php\/wp-json\/wp\/v2\/pages\/68"}],"wp:featuredmedia":[{"embeddable":true,"href":"https:\/\/lascriticas.com\/index.php\/wp-json\/wp\/v2\/media\/2039"}],"wp:attachment":[{"href":"https:\/\/lascriticas.com\/index.php\/wp-json\/wp\/v2\/media?parent=386"}],"curies":[{"name":"wp","href":"https:\/\/api.w.org\/{rel}","templated":true}]}}

<p style="text-align: justify;"><span style="font-size: 16px;"><strong>Julia Wong Kcomt</strong>, es poeta, narradora y gestora cultural. Hija de migrantes chinos, nació en Chepén, Perú. Cursó estudios de Derecho y Ciencias políticas en la Universidad de Lima y Literatura en la PUC. Cosmopolita y viajera, ha vivido en China, México, Alemania y Argentina. </span></p>
<p style="text-align: justify;"><span style="font-size: 16px;">Ha publicado las novelas <em>Mongolia</em> (Animal de invierno, 2015) y <em>Aquello que perdimos en la arena</em> (2019) y los poemarios <em>Un vaso de leche fría para el rapsoda</em> (Celacanto, 2016); <em>Pessoa por Wong</em> (2018), <em>Tequila prayers</em> (2018) y la <i>Antología poética (1993-2019)</i> (2020).</span></p>
<p style="text-align: justify;"><span style="font-size: 16px;">Actualmente vive en Portugal.</span></p>
<p style="text-align: justify;"><span style="font-size: 16px;"><strong><a href="https://lascriticas.com/index.php/author/julia-wong/">Sus críticas</a></strong></span></p>

<p>Julia Wong Kcomt, es poeta, narradora y gestora cultural. Hija de migrantes chinos, nació en Chepén, Perú. Cursó estudios de Derecho y Ciencias políticas en la Universidad de Lima y Literatura en la PUC. Cosmopolita y viajera, ha vivido en China, México, Alemania y Argentina.  Ha publicado las novelas Mongolia (Animal de invierno, 2015) y Aquello&#8230;</p>

<!-- This site is optimized with the Yoast SEO plugin v23.5 - https://yoast.com/wordpress/plugins/seo/ -->
<title>Julia Wong - Las Críticas</title>
<meta name="description" content="Poeta, narradora y gestora cultural, Julia Wong es peruana de origen chino. Ha publicado novelas y poemas. Vive en México." />
<meta name="robots" content="index, follow, max-snippet:-1, max-image-preview:large, max-video-preview:-1" />
<link rel="canonical" href="https://lascriticas.com/index.php/lascriticas/julia-wong/" />
<meta property="og:locale" content="es_ES" />
<meta property="og:type" content="article" />
<meta property="og:title" content="Julia Wong - Las Críticas" />
<meta property="og:description" content="Poeta, narradora y gestora cultural, Julia Wong es peruana de origen chino. Ha publicado novelas y poemas. Vive en México." />
<meta property="og:url" content="https://lascriticas.com/index.php/lascriticas/julia-wong/" />
<meta property="og:site_name" content="Las Críticas" />
<meta property="article:publisher" content="https://www.facebook.com/lascriticas/" />
<meta property="article:modified_time" content="2021-01-19T21:00:39+00:00" />
<meta property="og:image" content="https://lascriticas.com/wp-content/uploads/2017/11/julia-wong.gif" />
	<meta property="og:image:width" content="1079" />
	<meta property="og:image:height" content="530" />
	<meta property="og:image:type" content="image/gif" />
<meta name="twitter:card" content="summary_large_image" />
<meta name="twitter:site" content="@LasCriticas_com" />
<meta name="twitter:label1" content="Tiempo de lectura" />
	<meta name="twitter:data1" content="1 minuto" />
<script type="application/ld+json" class="yoast-schema-graph">{"@context":"https://schema.org","@graph":[{"@type":"WebPage","@id":"https://lascriticas.com/index.php/lascriticas/julia-wong/","url":"https://lascriticas.com/index.php/lascriticas/julia-wong/","name":"Julia Wong - Las Críticas","isPartOf":{"@id":"https://lascriticas.com/#website"},"primaryImageOfPage":{"@id":"https://lascriticas.com/index.php/lascriticas/julia-wong/#primaryimage"},"image":{"@id":"https://lascriticas.com/index.php/lascriticas/julia-wong/#primaryimage"},"thumbnailUrl":"https://lascriticas.com/wp-content/uploads/2017/11/julia-wong.gif","datePublished":"2016-10-12T10:26:08+00:00","dateModified":"2021-01-19T21:00:39+00:00","description":"Poeta, narradora y gestora cultural, Julia Wong es peruana de origen chino. Ha publicado novelas y poemas. Vive en México.","breadcrumb":{"@id":"https://lascriticas.com/index.php/lascriticas/julia-wong/#breadcrumb"},"inLanguage":"es","potentialAction":[{"@type":"ReadAction","target":["https://lascriticas.com/index.php/lascriticas/julia-wong/"]}]},{"@type":"ImageObject","inLanguage":"es","@id":"https://lascriticas.com/index.php/lascriticas/julia-wong/#primaryimage","url":"https://lascriticas.com/wp-content/uploads/2017/11/julia-wong.gif","contentUrl":"https://lascriticas.com/wp-content/uploads/2017/11/julia-wong.gif","width":1079,"height":530,"caption":"Julia Wong"},{"@type":"BreadcrumbList","@id":"https://lascriticas.com/index.php/lascriticas/julia-wong/#breadcrumb","itemListElement":[{"@type":"ListItem","position":1,"name":"Inicio","item":"https://lascriticas.com/"},{"@type":"ListItem","position":2,"name":"Las Críticas","item":"https://lascriticas.com/index.php/lascriticas/"},{"@type":"ListItem","position":3,"name":"Julia Wong"}]},{"@type":"WebSite","@id":"https://lascriticas.com/#website","url":"https://lascriticas.com/","name":"Las Críticas","description":"Crítica literaria hecha por mujeres","publisher":{"@id":"https://lascriticas.com/#organization"},"potentialAction":[{"@type":"SearchAction","target":{"@type":"EntryPoint","urlTemplate":"https://lascriticas.com/?s={search_term_string}"},"query-input":{"@type":"PropertyValueSpecification","valueRequired":true,"valueName":"search_term_string"}}],"inLanguage":"es"},{"@type":"Organization","@id":"https://lascriticas.com/#organization","name":"Las Críticas","url":"https://lascriticas.com/","logo":{"@type":"ImageObject","inLanguage":"es","@id":"https://lascriticas.com/#/schema/logo/image/","url":"https://lascriticas.com/wp-content/uploads/2016/09/Las-Críticas.png","contentUrl":"https://lascriticas.com/wp-content/uploads/2016/09/Las-Críticas.png","width":372,"height":201,"caption":"Las Críticas"},"image":{"@id":"https://lascriticas.com/#/schema/logo/image/"},"sameAs":["https://www.facebook.com/lascriticas/","https://x.com/LasCriticas_com","https://www.instagram.com/lascriticas_com/","https://www.youtube.com/channel/UCd7r-H6EJA4sSXGLX33_iHQ"]}]}</script>
<!-- / Yoast SEO plugin. -->

Julia Wong - Las Críticas

Poeta, narradora y gestora cultural, Julia Wong es peruana de origen chino. Ha publicado novelas y poemas. Vive en México.

Las Críticas

Crítica literaria hecha por mujeres

https://lascriticas.com/wp-content/uploads/2016/09/Las-Críticas.png
