{"id":2319,"date":"2018-04-29T19:22:31","date_gmt":"2018-04-29T17:22:31","guid":{"rendered":"http:\/\/lascriticas.com\/?page_id=2319"},"modified":"2021-01-19T21:15:02","modified_gmt":"2021-01-19T20:15:02","slug":"eva-valero-juan","status":"publish","type":"page","link":"https:\/\/lascriticas.com\/index.php\/lascriticas\/eva-valero-juan\/","title":{"rendered":"Eva Valero Juan"},"content":{"rendered":"<p style=\"text-align: justify;\"><span style=\"font-size: 16px;\"><strong>Eva Valero<\/strong> es doctora en Filolog\u00eda Hisp\u00e1nica por la Universidad de Alicante, Profesora Titular de Literatura Hispanoamericana en la misma y Directora del Centro de Estudios Iberoamericanos Mario Benedetti de la misma universidad. Su trayectoria investigadora se ha centrado en la literatura hispanoamericana, con especial dedicaci\u00f3n a la literatura peruana y a las relaciones entre ciudad y literatura. En esta l\u00ednea de investigaci\u00f3n, destacan los libros <em>Lima en la tradici\u00f3n literaria del Per\u00fa, de la leyenda urbana a la disoluci\u00f3n del mito<\/em> (2003), <em>La ciudad en la obra de Julio Ram\u00f3n Ribeyro<\/em> (2003), y la edici\u00f3n de <em>La casa de cart\u00f3n<\/em> del escritor peruano Mart\u00edn Ad\u00e1n (Huerga y Fierro, 2006), as\u00ed como trabajos publicados en libros y revistas en los que aborda las perspectivas urbanas en varios autores latinoamericanos: Ricardo Palma, Mart\u00edn Ad\u00e1n, Aberto Hidalgo, Carlos Oquendo de Amat, Abraham Valdelomar, Clorinda Matto de Turner, Rub\u00e9n Dar\u00edo, Pablo Neruda, Jorge Eduardo Benavides, Blanca Varela, Ra\u00fal Zurita\u2026 Otro tema principal de su trayectoria investigadora se centra en las relaciones culturales entre Espa\u00f1a y Am\u00e9rica Latina en los albores del siglo XX. Es editora de las antolog\u00edas <em>El Quijote en Per\u00fa<\/em> y <em>El Quijote en M\u00e9xico<\/em> en el Centro Virtual del Instituto Cervantes. La investigaci\u00f3n sobre El Quijote en Am\u00e9rica dio lugar al libro: <em>Tras las huellas del Quijote en la Am\u00e9rica virreinal<\/em> (Roma, Bulzoni, 2010). En la l\u00ednea de los estudios coloniales, ha publicado recientemente el libro <em>Ercilla y La Araucana en dos tiempos. Del Siglo de Oro a la posteridad<\/em>, Sevilla, Renacimiento, 2016. Es editora de diversos libros colectivos. Es Secretaria de la revista <em>Am\u00e9rica sin nombre<\/em> y miembro del Comit\u00e9 cient\u00edfico de la colecci\u00f3n <em>Cuadernos de Am\u00e9rica sin nombre<\/em> que edita el grupo de investigaci\u00f3n en Literatura Latinoamericana de la Universidad de Alicante, as\u00ed como del Comit\u00e9 editorial de la revista Anales de Literatura Espa\u00f1ola, del Consejo de redacci\u00f3n de la revista Mitolog\u00edas, hoy, y del Comit\u00e9 editorial de la Colecci\u00f3n \u201cHispanoamericana\u201d (Colecci\u00f3n de estudios hispanoamericanos), Universit\u00e0 Editrice Sapienza (Roma). Es miembro correspondiente extranjero del Instituto Ricardo Palma (Per\u00fa) y\u00a0miembro del Patronato de la Fundaci\u00f3n Biblioteca Virtual Miguel de Cervantes.<\/span><\/p>\n<p><strong><a href=\"https:\/\/lascriticas.com\/index.php\/author\/eva-valero-juan\/\"><span style=\"font-size: 16px;\">Sus cr\u00edticas<\/span><\/a><\/strong><\/p>\n","protected":false},"excerpt":{"rendered":"<p>Eva Valero es doctora en Filolog\u00eda Hisp\u00e1nica por la Universidad de Alicante, Profesora Titular de Literatura Hispanoamericana en la misma y Directora del Centro de Estudios Iberoamericanos Mario Benedetti de la misma universidad. Su trayectoria investigadora se ha centrado en la literatura hispanoamericana, con especial dedicaci\u00f3n a la literatura peruana y a las relaciones entre&#8230;<\/p>\n","protected":false},"author":1,"featured_media":3828,"parent":68,"menu_order":0,"comment_status":"closed","ping_status":"closed","template":"","meta":{"footnotes":""},"yoast_head":"<!-- This site is optimized with the Yoast SEO plugin v23.5 - https:\/\/yoast.com\/wordpress\/plugins\/seo\/ -->\n<title>Eva Valero Juan - Las Cr\u00edticas<\/title>\n<meta name=\"description\" content=\"Eva Valero es doctora en Filolog\u00eda Hisp\u00e1nica por la Universidad de Alicante, Profesora Titular de Literatura Hispanoamericana en la misma y Directora del\" \/>\n<meta name=\"robots\" content=\"index, follow, max-snippet:-1, max-image-preview:large, max-video-preview:-1\" \/>\n<link rel=\"canonical\" href=\"https:\/\/lascriticas.com\/index.php\/lascriticas\/eva-valero-juan\/\" \/>\n<meta property=\"og:locale\" content=\"es_ES\" \/>\n<meta property=\"og:type\" content=\"article\" \/>\n<meta property=\"og:title\" content=\"Eva Valero Juan - Las Cr\u00edticas\" \/>\n<meta property=\"og:description\" content=\"Eva Valero es doctora en Filolog\u00eda Hisp\u00e1nica por la Universidad de Alicante, Profesora Titular de Literatura Hispanoamericana en la misma y Directora del\" \/>\n<meta property=\"og:url\" content=\"https:\/\/lascriticas.com\/index.php\/lascriticas\/eva-valero-juan\/\" \/>\n<meta property=\"og:site_name\" content=\"Las Cr\u00edticas\" \/>\n<meta property=\"article:publisher\" content=\"https:\/\/www.facebook.com\/lascriticas\/\" \/>\n<meta property=\"article:modified_time\" content=\"2021-01-19T20:15:02+00:00\" \/>\n<meta property=\"og:image\" content=\"https:\/\/lascriticas.com\/wp-content\/uploads\/2021\/01\/Eva-Valero.jpeg\" \/>\n\t<meta property=\"og:image:width\" content=\"1080\" \/>\n\t<meta property=\"og:image:height\" content=\"530\" \/>\n\t<meta property=\"og:image:type\" content=\"image\/jpeg\" \/>\n<meta name=\"twitter:card\" content=\"summary_large_image\" \/>\n<meta name=\"twitter:site\" content=\"@LasCriticas_com\" \/>\n<meta name=\"twitter:label1\" content=\"Tiempo de lectura\" \/>\n\t<meta name=\"twitter:data1\" content=\"2 minutos\" \/>\n<script type=\"application\/ld+json\" class=\"yoast-schema-graph\">{\"@context\":\"https:\/\/schema.org\",\"@graph\":[{\"@type\":\"WebPage\",\"@id\":\"https:\/\/lascriticas.com\/index.php\/lascriticas\/eva-valero-juan\/\",\"url\":\"https:\/\/lascriticas.com\/index.php\/lascriticas\/eva-valero-juan\/\",\"name\":\"Eva Valero Juan - Las Cr\u00edticas\",\"isPartOf\":{\"@id\":\"https:\/\/lascriticas.com\/#website\"},\"primaryImageOfPage\":{\"@id\":\"https:\/\/lascriticas.com\/index.php\/lascriticas\/eva-valero-juan\/#primaryimage\"},\"image\":{\"@id\":\"https:\/\/lascriticas.com\/index.php\/lascriticas\/eva-valero-juan\/#primaryimage\"},\"thumbnailUrl\":\"https:\/\/lascriticas.com\/wp-content\/uploads\/2021\/01\/Eva-Valero.jpeg\",\"datePublished\":\"2018-04-29T17:22:31+00:00\",\"dateModified\":\"2021-01-19T20:15:02+00:00\",\"description\":\"Eva Valero es doctora en Filolog\u00eda Hisp\u00e1nica por la Universidad de Alicante, Profesora Titular de Literatura Hispanoamericana en la misma y Directora del\",\"breadcrumb\":{\"@id\":\"https:\/\/lascriticas.com\/index.php\/lascriticas\/eva-valero-juan\/#breadcrumb\"},\"inLanguage\":\"es\",\"potentialAction\":[{\"@type\":\"ReadAction\",\"target\":[\"https:\/\/lascriticas.com\/index.php\/lascriticas\/eva-valero-juan\/\"]}]},{\"@type\":\"ImageObject\",\"inLanguage\":\"es\",\"@id\":\"https:\/\/lascriticas.com\/index.php\/lascriticas\/eva-valero-juan\/#primaryimage\",\"url\":\"https:\/\/lascriticas.com\/wp-content\/uploads\/2021\/01\/Eva-Valero.jpeg\",\"contentUrl\":\"https:\/\/lascriticas.com\/wp-content\/uploads\/2021\/01\/Eva-Valero.jpeg\",\"width\":1080,\"height\":530,\"caption\":\"Eva Valero\"},{\"@type\":\"BreadcrumbList\",\"@id\":\"https:\/\/lascriticas.com\/index.php\/lascriticas\/eva-valero-juan\/#breadcrumb\",\"itemListElement\":[{\"@type\":\"ListItem\",\"position\":1,\"name\":\"Inicio\",\"item\":\"https:\/\/lascriticas.com\/\"},{\"@type\":\"ListItem\",\"position\":2,\"name\":\"Las Cr\u00edticas\",\"item\":\"https:\/\/lascriticas.com\/index.php\/lascriticas\/\"},{\"@type\":\"ListItem\",\"position\":3,\"name\":\"Eva Valero Juan\"}]},{\"@type\":\"WebSite\",\"@id\":\"https:\/\/lascriticas.com\/#website\",\"url\":\"https:\/\/lascriticas.com\/\",\"name\":\"Las Cr\u00edticas\",\"description\":\"Cr\u00edtica literaria hecha por mujeres\",\"publisher\":{\"@id\":\"https:\/\/lascriticas.com\/#organization\"},\"potentialAction\":[{\"@type\":\"SearchAction\",\"target\":{\"@type\":\"EntryPoint\",\"urlTemplate\":\"https:\/\/lascriticas.com\/?s={search_term_string}\"},\"query-input\":{\"@type\":\"PropertyValueSpecification\",\"valueRequired\":true,\"valueName\":\"search_term_string\"}}],\"inLanguage\":\"es\"},{\"@type\":\"Organization\",\"@id\":\"https:\/\/lascriticas.com\/#organization\",\"name\":\"Las Cr\u00edticas\",\"url\":\"https:\/\/lascriticas.com\/\",\"logo\":{\"@type\":\"ImageObject\",\"inLanguage\":\"es\",\"@id\":\"https:\/\/lascriticas.com\/#\/schema\/logo\/image\/\",\"url\":\"https:\/\/lascriticas.com\/wp-content\/uploads\/2016\/09\/Las-Cr\u00edticas.png\",\"contentUrl\":\"https:\/\/lascriticas.com\/wp-content\/uploads\/2016\/09\/Las-Cr\u00edticas.png\",\"width\":372,\"height\":201,\"caption\":\"Las Cr\u00edticas\"},\"image\":{\"@id\":\"https:\/\/lascriticas.com\/#\/schema\/logo\/image\/\"},\"sameAs\":[\"https:\/\/www.facebook.com\/lascriticas\/\",\"https:\/\/x.com\/LasCriticas_com\",\"https:\/\/www.instagram.com\/lascriticas_com\/\",\"https:\/\/www.youtube.com\/channel\/UCd7r-H6EJA4sSXGLX33_iHQ\"]}]}<\/script>\n<!-- \/ Yoast SEO plugin. -->","yoast_head_json":{"title":"Eva Valero Juan - Las Cr\u00edticas","description":"Eva Valero es doctora en Filolog\u00eda Hisp\u00e1nica por la Universidad de Alicante, Profesora Titular de Literatura Hispanoamericana en la misma y Directora del","robots":{"index":"index","follow":"follow","max-snippet":"max-snippet:-1","max-image-preview":"max-image-preview:large","max-video-preview":"max-video-preview:-1"},"canonical":"https:\/\/lascriticas.com\/index.php\/lascriticas\/eva-valero-juan\/","og_locale":"es_ES","og_type":"article","og_title":"Eva Valero Juan - Las Cr\u00edticas","og_description":"Eva Valero es doctora en Filolog\u00eda Hisp\u00e1nica por la Universidad de Alicante, Profesora Titular de Literatura Hispanoamericana en la misma y Directora del","og_url":"https:\/\/lascriticas.com\/index.php\/lascriticas\/eva-valero-juan\/","og_site_name":"Las Cr\u00edticas","article_publisher":"https:\/\/www.facebook.com\/lascriticas\/","article_modified_time":"2021-01-19T20:15:02+00:00","og_image":[{"width":1080,"height":530,"url":"https:\/\/lascriticas.com\/wp-content\/uploads\/2021\/01\/Eva-Valero.jpeg","type":"image\/jpeg"}],"twitter_card":"summary_large_image","twitter_site":"@LasCriticas_com","twitter_misc":{"Tiempo de lectura":"2 minutos"},"schema":{"@context":"https:\/\/schema.org","@graph":[{"@type":"WebPage","@id":"https:\/\/lascriticas.com\/index.php\/lascriticas\/eva-valero-juan\/","url":"https:\/\/lascriticas.com\/index.php\/lascriticas\/eva-valero-juan\/","name":"Eva Valero Juan - Las Cr\u00edticas","isPartOf":{"@id":"https:\/\/lascriticas.com\/#website"},"primaryImageOfPage":{"@id":"https:\/\/lascriticas.com\/index.php\/lascriticas\/eva-valero-juan\/#primaryimage"},"image":{"@id":"https:\/\/lascriticas.com\/index.php\/lascriticas\/eva-valero-juan\/#primaryimage"},"thumbnailUrl":"https:\/\/lascriticas.com\/wp-content\/uploads\/2021\/01\/Eva-Valero.jpeg","datePublished":"2018-04-29T17:22:31+00:00","dateModified":"2021-01-19T20:15:02+00:00","description":"Eva Valero es doctora en Filolog\u00eda Hisp\u00e1nica por la Universidad de Alicante, Profesora Titular de Literatura Hispanoamericana en la misma y Directora del","breadcrumb":{"@id":"https:\/\/lascriticas.com\/index.php\/lascriticas\/eva-valero-juan\/#breadcrumb"},"inLanguage":"es","potentialAction":[{"@type":"ReadAction","target":["https:\/\/lascriticas.com\/index.php\/lascriticas\/eva-valero-juan\/"]}]},{"@type":"ImageObject","inLanguage":"es","@id":"https:\/\/lascriticas.com\/index.php\/lascriticas\/eva-valero-juan\/#primaryimage","url":"https:\/\/lascriticas.com\/wp-content\/uploads\/2021\/01\/Eva-Valero.jpeg","contentUrl":"https:\/\/lascriticas.com\/wp-content\/uploads\/2021\/01\/Eva-Valero.jpeg","width":1080,"height":530,"caption":"Eva Valero"},{"@type":"BreadcrumbList","@id":"https:\/\/lascriticas.com\/index.php\/lascriticas\/eva-valero-juan\/#breadcrumb","itemListElement":[{"@type":"ListItem","position":1,"name":"Inicio","item":"https:\/\/lascriticas.com\/"},{"@type":"ListItem","position":2,"name":"Las Cr\u00edticas","item":"https:\/\/lascriticas.com\/index.php\/lascriticas\/"},{"@type":"ListItem","position":3,"name":"Eva Valero Juan"}]},{"@type":"WebSite","@id":"https:\/\/lascriticas.com\/#website","url":"https:\/\/lascriticas.com\/","name":"Las Cr\u00edticas","description":"Cr\u00edtica literaria hecha por mujeres","publisher":{"@id":"https:\/\/lascriticas.com\/#organization"},"potentialAction":[{"@type":"SearchAction","target":{"@type":"EntryPoint","urlTemplate":"https:\/\/lascriticas.com\/?s={search_term_string}"},"query-input":{"@type":"PropertyValueSpecification","valueRequired":true,"valueName":"search_term_string"}}],"inLanguage":"es"},{"@type":"Organization","@id":"https:\/\/lascriticas.com\/#organization","name":"Las Cr\u00edticas","url":"https:\/\/lascriticas.com\/","logo":{"@type":"ImageObject","inLanguage":"es","@id":"https:\/\/lascriticas.com\/#\/schema\/logo\/image\/","url":"https:\/\/lascriticas.com\/wp-content\/uploads\/2016\/09\/Las-Cr\u00edticas.png","contentUrl":"https:\/\/lascriticas.com\/wp-content\/uploads\/2016\/09\/Las-Cr\u00edticas.png","width":372,"height":201,"caption":"Las Cr\u00edticas"},"image":{"@id":"https:\/\/lascriticas.com\/#\/schema\/logo\/image\/"},"sameAs":["https:\/\/www.facebook.com\/lascriticas\/","https:\/\/x.com\/LasCriticas_com","https:\/\/www.instagram.com\/lascriticas_com\/","https:\/\/www.youtube.com\/channel\/UCd7r-H6EJA4sSXGLX33_iHQ"]}]}},"_links":{"self":[{"href":"https:\/\/lascriticas.com\/index.php\/wp-json\/wp\/v2\/pages\/2319"}],"collection":[{"href":"https:\/\/lascriticas.com\/index.php\/wp-json\/wp\/v2\/pages"}],"about":[{"href":"https:\/\/lascriticas.com\/index.php\/wp-json\/wp\/v2\/types\/page"}],"author":[{"embeddable":true,"href":"https:\/\/lascriticas.com\/index.php\/wp-json\/wp\/v2\/users\/1"}],"replies":[{"embeddable":true,"href":"https:\/\/lascriticas.com\/index.php\/wp-json\/wp\/v2\/comments?post=2319"}],"version-history":[{"count":3,"href":"https:\/\/lascriticas.com\/index.php\/wp-json\/wp\/v2\/pages\/2319\/revisions"}],"predecessor-version":[{"id":3830,"href":"https:\/\/lascriticas.com\/index.php\/wp-json\/wp\/v2\/pages\/2319\/revisions\/3830"}],"up":[{"embeddable":true,"href":"https:\/\/lascriticas.com\/index.php\/wp-json\/wp\/v2\/pages\/68"}],"wp:featuredmedia":[{"embeddable":true,"href":"https:\/\/lascriticas.com\/index.php\/wp-json\/wp\/v2\/media\/3828"}],"wp:attachment":[{"href":"https:\/\/lascriticas.com\/index.php\/wp-json\/wp\/v2\/media?parent=2319"}],"curies":[{"name":"wp","href":"https:\/\/api.w.org\/{rel}","templated":true}]}}