{"id":1999,"date":"2017-11-13T22:14:11","date_gmt":"2017-11-13T21:14:11","guid":{"rendered":"http:\/\/lascriticas.com\/?page_id=1999"},"modified":"2021-01-19T20:09:29","modified_gmt":"2021-01-19T19:09:29","slug":"alejandra-correa","status":"publish","type":"page","link":"https:\/\/lascriticas.com\/index.php\/lascriticas\/alejandra-correa\/","title":{"rendered":"Alejandra Correa"},"content":{"rendered":"<p style=\"text-align: justify;\"><span style=\"font-size: 16px;\"><strong>Alejandra Correa<\/strong> es poeta, artista visual y gestora cultural. Naci\u00f3 en Uruguay en 1965, pero residen desde ni\u00f1a en Argentina. Posee ambas nacionalidades.<\/span><\/p>\n<p style=\"text-align: justify;\"><span style=\"font-size: 16px;\">Public\u00f3 los libros de poes\u00eda <em>R\u00edo partido<\/em>, <em>El grito<\/em>, <em>Donde olvido mi nombre<\/em>, <em>Los ni\u00f1os de Jap\u00f3n<\/em>, <em>Cuadernos de Caligraf\u00eda<\/em>, <em>Maneras de ver morir a un p\u00e1jaro<\/em> y <em>Si tuviera que escribirte<\/em>. Su obra obtuvo el Primer Premio Nacional de Literatura Infantil y Juvenil y el Segundo Premio Nacional de Poes\u00eda de Uruguay. Junto a la poeta Julia Magistratti lleva adelante la editorial independiente La Gran Nilson.<\/span><\/p>\n<p style=\"text-align: justify;\"><span style=\"font-size: 16px;\">Como gestora cultural, fue una de las creadoras y codirectora de la Audiovideoteca de Escritores de Buenos Aires (Argentina) entre 2004 y 2011. <a href=\"http:\/\/www.audiovideotecaba.com\">www.audiovideotecaba.com<\/a><\/span><\/p>\n<p style=\"text-align: justify;\"><span style=\"font-size: 16px;\">Desde 2010 coordina junto a Marisa Negri el Festival de Poes\u00eda en la Escuela, un proyecto autogestivo desde el que ya han participado 50.000 j\u00f3venes y ni\u00f1os de todo el pa\u00eds y que a\u00f1o a a\u00f1o se realiza gracias al trabajo de 300 voluntarios (poetas, docentes, artistas). <a href=\"http:\/\/www.poesiaenlaescuela.blogspot.com.ar\">www.poesiaenlaescuela.blogspot.com.ar<\/a><\/span><\/p>\n<p style=\"text-align: justify;\"><span style=\"font-size: 16px;\">En 2015, fue una de las coordinadoras de la Red Federal de Poes\u00eda de Argentina y del Primer Festival Federal de Poes\u00eda.<\/span><\/p>\n<p style=\"text-align: justify;\"><span style=\"font-size: 16px;\">Como artista visual ha recibido el Tercer premio del Sal\u00f3n Nacional de Artes visuales de Argentina, en el rubro textil en 2013.\u00a0 <a href=\"http:\/\/www.ale-correa.com\">www.ale-correa.com<\/a><\/span><\/p>\n<p style=\"text-align: justify;\"><span style=\"font-size: 16px;\">Desde 2016, junto a la escritora Angela Pradelli coordina el proyecto de libro colectivo <em>\u00bfPor qu\u00e9 llora esa mujer?<\/em>, que se propone recopilar de testimonios sobre violencia contra las mujeres en Argentina.<\/span><\/p>\n<p><span style=\"font-size: 16px;\"><strong><a href=\"https:\/\/lascriticas.com\/index.php\/author\/alejandra-correa\/\">Sus cr\u00edticas<\/a><\/strong><\/span><\/p>\n","protected":false},"excerpt":{"rendered":"<p>Alejandra Correa es poeta, artista visual y gestora cultural. Naci\u00f3 en Uruguay en 1965, pero residen desde ni\u00f1a en Argentina. Posee ambas nacionalidades. Public\u00f3 los libros de poes\u00eda R\u00edo partido, El grito, Donde olvido mi nombre, Los ni\u00f1os de Jap\u00f3n, Cuadernos de Caligraf\u00eda, Maneras de ver morir a un p\u00e1jaro y Si tuviera que escribirte&#8230;.<\/p>\n","protected":false},"author":1,"featured_media":3785,"parent":68,"menu_order":0,"comment_status":"closed","ping_status":"closed","template":"","meta":{"footnotes":""},"yoast_head":"<!-- This site is optimized with the Yoast SEO plugin v23.5 - https:\/\/yoast.com\/wordpress\/plugins\/seo\/ -->\n<title>Alejandra Correa - Las Cr\u00edticas<\/title>\n<meta name=\"description\" content=\"Alejandra Correa es poeta, artista visual y gestora cultural. Ha recibido numerosos premios y es editora fundadora de La Gran Nilson.\" \/>\n<meta name=\"robots\" content=\"index, follow, max-snippet:-1, max-image-preview:large, max-video-preview:-1\" \/>\n<link rel=\"canonical\" href=\"https:\/\/lascriticas.com\/index.php\/lascriticas\/alejandra-correa\/\" \/>\n<meta property=\"og:locale\" content=\"es_ES\" \/>\n<meta property=\"og:type\" content=\"article\" \/>\n<meta property=\"og:title\" content=\"Alejandra Correa - Las Cr\u00edticas\" \/>\n<meta property=\"og:description\" content=\"Alejandra Correa es poeta, artista visual y gestora cultural. Ha recibido numerosos premios y es editora fundadora de La Gran Nilson.\" \/>\n<meta property=\"og:url\" content=\"https:\/\/lascriticas.com\/index.php\/lascriticas\/alejandra-correa\/\" \/>\n<meta property=\"og:site_name\" content=\"Las Cr\u00edticas\" \/>\n<meta property=\"article:publisher\" content=\"https:\/\/www.facebook.com\/lascriticas\/\" \/>\n<meta property=\"article:modified_time\" content=\"2021-01-19T19:09:29+00:00\" \/>\n<meta property=\"og:image\" content=\"https:\/\/lascriticas.com\/wp-content\/uploads\/2021\/01\/Alejandra-Correa.jpeg\" \/>\n\t<meta property=\"og:image:width\" content=\"1080\" \/>\n\t<meta property=\"og:image:height\" content=\"530\" \/>\n\t<meta property=\"og:image:type\" content=\"image\/jpeg\" \/>\n<meta name=\"twitter:card\" content=\"summary_large_image\" \/>\n<meta name=\"twitter:site\" content=\"@LasCriticas_com\" \/>\n<meta name=\"twitter:label1\" content=\"Tiempo de lectura\" \/>\n\t<meta name=\"twitter:data1\" content=\"2 minutos\" \/>\n<script type=\"application\/ld+json\" class=\"yoast-schema-graph\">{\"@context\":\"https:\/\/schema.org\",\"@graph\":[{\"@type\":\"WebPage\",\"@id\":\"https:\/\/lascriticas.com\/index.php\/lascriticas\/alejandra-correa\/\",\"url\":\"https:\/\/lascriticas.com\/index.php\/lascriticas\/alejandra-correa\/\",\"name\":\"Alejandra Correa - Las Cr\u00edticas\",\"isPartOf\":{\"@id\":\"https:\/\/lascriticas.com\/#website\"},\"primaryImageOfPage\":{\"@id\":\"https:\/\/lascriticas.com\/index.php\/lascriticas\/alejandra-correa\/#primaryimage\"},\"image\":{\"@id\":\"https:\/\/lascriticas.com\/index.php\/lascriticas\/alejandra-correa\/#primaryimage\"},\"thumbnailUrl\":\"https:\/\/lascriticas.com\/wp-content\/uploads\/2021\/01\/Alejandra-Correa.jpeg\",\"datePublished\":\"2017-11-13T21:14:11+00:00\",\"dateModified\":\"2021-01-19T19:09:29+00:00\",\"description\":\"Alejandra Correa es poeta, artista visual y gestora cultural. Ha recibido numerosos premios y es editora fundadora de La Gran Nilson.\",\"breadcrumb\":{\"@id\":\"https:\/\/lascriticas.com\/index.php\/lascriticas\/alejandra-correa\/#breadcrumb\"},\"inLanguage\":\"es\",\"potentialAction\":[{\"@type\":\"ReadAction\",\"target\":[\"https:\/\/lascriticas.com\/index.php\/lascriticas\/alejandra-correa\/\"]}]},{\"@type\":\"ImageObject\",\"inLanguage\":\"es\",\"@id\":\"https:\/\/lascriticas.com\/index.php\/lascriticas\/alejandra-correa\/#primaryimage\",\"url\":\"https:\/\/lascriticas.com\/wp-content\/uploads\/2021\/01\/Alejandra-Correa.jpeg\",\"contentUrl\":\"https:\/\/lascriticas.com\/wp-content\/uploads\/2021\/01\/Alejandra-Correa.jpeg\",\"width\":1080,\"height\":530,\"caption\":\"Alejandra Correa\"},{\"@type\":\"BreadcrumbList\",\"@id\":\"https:\/\/lascriticas.com\/index.php\/lascriticas\/alejandra-correa\/#breadcrumb\",\"itemListElement\":[{\"@type\":\"ListItem\",\"position\":1,\"name\":\"Inicio\",\"item\":\"https:\/\/lascriticas.com\/\"},{\"@type\":\"ListItem\",\"position\":2,\"name\":\"Las Cr\u00edticas\",\"item\":\"https:\/\/lascriticas.com\/index.php\/lascriticas\/\"},{\"@type\":\"ListItem\",\"position\":3,\"name\":\"Alejandra Correa\"}]},{\"@type\":\"WebSite\",\"@id\":\"https:\/\/lascriticas.com\/#website\",\"url\":\"https:\/\/lascriticas.com\/\",\"name\":\"Las Cr\u00edticas\",\"description\":\"Cr\u00edtica literaria hecha por mujeres\",\"publisher\":{\"@id\":\"https:\/\/lascriticas.com\/#organization\"},\"potentialAction\":[{\"@type\":\"SearchAction\",\"target\":{\"@type\":\"EntryPoint\",\"urlTemplate\":\"https:\/\/lascriticas.com\/?s={search_term_string}\"},\"query-input\":{\"@type\":\"PropertyValueSpecification\",\"valueRequired\":true,\"valueName\":\"search_term_string\"}}],\"inLanguage\":\"es\"},{\"@type\":\"Organization\",\"@id\":\"https:\/\/lascriticas.com\/#organization\",\"name\":\"Las Cr\u00edticas\",\"url\":\"https:\/\/lascriticas.com\/\",\"logo\":{\"@type\":\"ImageObject\",\"inLanguage\":\"es\",\"@id\":\"https:\/\/lascriticas.com\/#\/schema\/logo\/image\/\",\"url\":\"https:\/\/lascriticas.com\/wp-content\/uploads\/2016\/09\/Las-Cr\u00edticas.png\",\"contentUrl\":\"https:\/\/lascriticas.com\/wp-content\/uploads\/2016\/09\/Las-Cr\u00edticas.png\",\"width\":372,\"height\":201,\"caption\":\"Las Cr\u00edticas\"},\"image\":{\"@id\":\"https:\/\/lascriticas.com\/#\/schema\/logo\/image\/\"},\"sameAs\":[\"https:\/\/www.facebook.com\/lascriticas\/\",\"https:\/\/x.com\/LasCriticas_com\",\"https:\/\/www.instagram.com\/lascriticas_com\/\",\"https:\/\/www.youtube.com\/channel\/UCd7r-H6EJA4sSXGLX33_iHQ\"]}]}<\/script>\n<!-- \/ Yoast SEO plugin. -->","yoast_head_json":{"title":"Alejandra Correa - Las Cr\u00edticas","description":"Alejandra Correa es poeta, artista visual y gestora cultural. Ha recibido numerosos premios y es editora fundadora de La Gran Nilson.","robots":{"index":"index","follow":"follow","max-snippet":"max-snippet:-1","max-image-preview":"max-image-preview:large","max-video-preview":"max-video-preview:-1"},"canonical":"https:\/\/lascriticas.com\/index.php\/lascriticas\/alejandra-correa\/","og_locale":"es_ES","og_type":"article","og_title":"Alejandra Correa - Las Cr\u00edticas","og_description":"Alejandra Correa es poeta, artista visual y gestora cultural. Ha recibido numerosos premios y es editora fundadora de La Gran Nilson.","og_url":"https:\/\/lascriticas.com\/index.php\/lascriticas\/alejandra-correa\/","og_site_name":"Las Cr\u00edticas","article_publisher":"https:\/\/www.facebook.com\/lascriticas\/","article_modified_time":"2021-01-19T19:09:29+00:00","og_image":[{"width":1080,"height":530,"url":"https:\/\/lascriticas.com\/wp-content\/uploads\/2021\/01\/Alejandra-Correa.jpeg","type":"image\/jpeg"}],"twitter_card":"summary_large_image","twitter_site":"@LasCriticas_com","twitter_misc":{"Tiempo de lectura":"2 minutos"},"schema":{"@context":"https:\/\/schema.org","@graph":[{"@type":"WebPage","@id":"https:\/\/lascriticas.com\/index.php\/lascriticas\/alejandra-correa\/","url":"https:\/\/lascriticas.com\/index.php\/lascriticas\/alejandra-correa\/","name":"Alejandra Correa - Las Cr\u00edticas","isPartOf":{"@id":"https:\/\/lascriticas.com\/#website"},"primaryImageOfPage":{"@id":"https:\/\/lascriticas.com\/index.php\/lascriticas\/alejandra-correa\/#primaryimage"},"image":{"@id":"https:\/\/lascriticas.com\/index.php\/lascriticas\/alejandra-correa\/#primaryimage"},"thumbnailUrl":"https:\/\/lascriticas.com\/wp-content\/uploads\/2021\/01\/Alejandra-Correa.jpeg","datePublished":"2017-11-13T21:14:11+00:00","dateModified":"2021-01-19T19:09:29+00:00","description":"Alejandra Correa es poeta, artista visual y gestora cultural. Ha recibido numerosos premios y es editora fundadora de La Gran Nilson.","breadcrumb":{"@id":"https:\/\/lascriticas.com\/index.php\/lascriticas\/alejandra-correa\/#breadcrumb"},"inLanguage":"es","potentialAction":[{"@type":"ReadAction","target":["https:\/\/lascriticas.com\/index.php\/lascriticas\/alejandra-correa\/"]}]},{"@type":"ImageObject","inLanguage":"es","@id":"https:\/\/lascriticas.com\/index.php\/lascriticas\/alejandra-correa\/#primaryimage","url":"https:\/\/lascriticas.com\/wp-content\/uploads\/2021\/01\/Alejandra-Correa.jpeg","contentUrl":"https:\/\/lascriticas.com\/wp-content\/uploads\/2021\/01\/Alejandra-Correa.jpeg","width":1080,"height":530,"caption":"Alejandra Correa"},{"@type":"BreadcrumbList","@id":"https:\/\/lascriticas.com\/index.php\/lascriticas\/alejandra-correa\/#breadcrumb","itemListElement":[{"@type":"ListItem","position":1,"name":"Inicio","item":"https:\/\/lascriticas.com\/"},{"@type":"ListItem","position":2,"name":"Las Cr\u00edticas","item":"https:\/\/lascriticas.com\/index.php\/lascriticas\/"},{"@type":"ListItem","position":3,"name":"Alejandra Correa"}]},{"@type":"WebSite","@id":"https:\/\/lascriticas.com\/#website","url":"https:\/\/lascriticas.com\/","name":"Las Cr\u00edticas","description":"Cr\u00edtica literaria hecha por mujeres","publisher":{"@id":"https:\/\/lascriticas.com\/#organization"},"potentialAction":[{"@type":"SearchAction","target":{"@type":"EntryPoint","urlTemplate":"https:\/\/lascriticas.com\/?s={search_term_string}"},"query-input":{"@type":"PropertyValueSpecification","valueRequired":true,"valueName":"search_term_string"}}],"inLanguage":"es"},{"@type":"Organization","@id":"https:\/\/lascriticas.com\/#organization","name":"Las Cr\u00edticas","url":"https:\/\/lascriticas.com\/","logo":{"@type":"ImageObject","inLanguage":"es","@id":"https:\/\/lascriticas.com\/#\/schema\/logo\/image\/","url":"https:\/\/lascriticas.com\/wp-content\/uploads\/2016\/09\/Las-Cr\u00edticas.png","contentUrl":"https:\/\/lascriticas.com\/wp-content\/uploads\/2016\/09\/Las-Cr\u00edticas.png","width":372,"height":201,"caption":"Las Cr\u00edticas"},"image":{"@id":"https:\/\/lascriticas.com\/#\/schema\/logo\/image\/"},"sameAs":["https:\/\/www.facebook.com\/lascriticas\/","https:\/\/x.com\/LasCriticas_com","https:\/\/www.instagram.com\/lascriticas_com\/","https:\/\/www.youtube.com\/channel\/UCd7r-H6EJA4sSXGLX33_iHQ"]}]}},"_links":{"self":[{"href":"https:\/\/lascriticas.com\/index.php\/wp-json\/wp\/v2\/pages\/1999"}],"collection":[{"href":"https:\/\/lascriticas.com\/index.php\/wp-json\/wp\/v2\/pages"}],"about":[{"href":"https:\/\/lascriticas.com\/index.php\/wp-json\/wp\/v2\/types\/page"}],"author":[{"embeddable":true,"href":"https:\/\/lascriticas.com\/index.php\/wp-json\/wp\/v2\/users\/1"}],"replies":[{"embeddable":true,"href":"https:\/\/lascriticas.com\/index.php\/wp-json\/wp\/v2\/comments?post=1999"}],"version-history":[{"count":10,"href":"https:\/\/lascriticas.com\/index.php\/wp-json\/wp\/v2\/pages\/1999\/revisions"}],"predecessor-version":[{"id":3791,"href":"https:\/\/lascriticas.com\/index.php\/wp-json\/wp\/v2\/pages\/1999\/revisions\/3791"}],"up":[{"embeddable":true,"href":"https:\/\/lascriticas.com\/index.php\/wp-json\/wp\/v2\/pages\/68"}],"wp:featuredmedia":[{"embeddable":true,"href":"https:\/\/lascriticas.com\/index.php\/wp-json\/wp\/v2\/media\/3785"}],"wp:attachment":[{"href":"https:\/\/lascriticas.com\/index.php\/wp-json\/wp\/v2\/media?parent=1999"}],"curies":[{"name":"wp","href":"https:\/\/api.w.org\/{rel}","templated":true}]}}

<p style="text-align: justify;"><span style="font-size: 16px;"><strong>Alejandra Correa</strong> es poeta, artista visual y gestora cultural. Nació en Uruguay en 1965, pero residen desde niña en Argentina. Posee ambas nacionalidades.</span></p>
<p style="text-align: justify;"><span style="font-size: 16px;">Publicó los libros de poesía <em>Río partido</em>, <em>El grito</em>, <em>Donde olvido mi nombre</em>, <em>Los niños de Japón</em>, <em>Cuadernos de Caligrafía</em>, <em>Maneras de ver morir a un pájaro</em> y <em>Si tuviera que escribirte</em>. Su obra obtuvo el Primer Premio Nacional de Literatura Infantil y Juvenil y el Segundo Premio Nacional de Poesía de Uruguay. Junto a la poeta Julia Magistratti lleva adelante la editorial independiente La Gran Nilson.</span></p>
<p style="text-align: justify;"><span style="font-size: 16px;">Como gestora cultural, fue una de las creadoras y codirectora de la Audiovideoteca de Escritores de Buenos Aires (Argentina) entre 2004 y 2011. <a href="http://www.audiovideotecaba.com">www.audiovideotecaba.com</a></span></p>
<p style="text-align: justify;"><span style="font-size: 16px;">Desde 2010 coordina junto a Marisa Negri el Festival de Poesía en la Escuela, un proyecto autogestivo desde el que ya han participado 50.000 jóvenes y niños de todo el país y que año a año se realiza gracias al trabajo de 300 voluntarios (poetas, docentes, artistas). <a href="http://www.poesiaenlaescuela.blogspot.com.ar">www.poesiaenlaescuela.blogspot.com.ar</a></span></p>
<p style="text-align: justify;"><span style="font-size: 16px;">En 2015, fue una de las coordinadoras de la Red Federal de Poesía de Argentina y del Primer Festival Federal de Poesía.</span></p>
<p style="text-align: justify;"><span style="font-size: 16px;">Como artista visual ha recibido el Tercer premio del Salón Nacional de Artes visuales de Argentina, en el rubro textil en 2013.  <a href="http://www.ale-correa.com">www.ale-correa.com</a></span></p>
<p style="text-align: justify;"><span style="font-size: 16px;">Desde 2016, junto a la escritora Angela Pradelli coordina el proyecto de libro colectivo <em>¿Por qué llora esa mujer?</em>, que se propone recopilar de testimonios sobre violencia contra las mujeres en Argentina.</span></p>
<p><span style="font-size: 16px;"><strong><a href="https://lascriticas.com/index.php/author/alejandra-correa/">Sus críticas</a></strong></span></p>

<p>Alejandra Correa es poeta, artista visual y gestora cultural. Nació en Uruguay en 1965, pero residen desde niña en Argentina. Posee ambas nacionalidades. Publicó los libros de poesía Río partido, El grito, Donde olvido mi nombre, Los niños de Japón, Cuadernos de Caligrafía, Maneras de ver morir a un pájaro y Si tuviera que escribirte&#8230;.</p>

<!-- This site is optimized with the Yoast SEO plugin v23.5 - https://yoast.com/wordpress/plugins/seo/ -->
<title>Alejandra Correa - Las Críticas</title>
<meta name="description" content="Alejandra Correa es poeta, artista visual y gestora cultural. Ha recibido numerosos premios y es editora fundadora de La Gran Nilson." />
<meta name="robots" content="index, follow, max-snippet:-1, max-image-preview:large, max-video-preview:-1" />
<link rel="canonical" href="https://lascriticas.com/index.php/lascriticas/alejandra-correa/" />
<meta property="og:locale" content="es_ES" />
<meta property="og:type" content="article" />
<meta property="og:title" content="Alejandra Correa - Las Críticas" />
<meta property="og:description" content="Alejandra Correa es poeta, artista visual y gestora cultural. Ha recibido numerosos premios y es editora fundadora de La Gran Nilson." />
<meta property="og:url" content="https://lascriticas.com/index.php/lascriticas/alejandra-correa/" />
<meta property="og:site_name" content="Las Críticas" />
<meta property="article:publisher" content="https://www.facebook.com/lascriticas/" />
<meta property="article:modified_time" content="2021-01-19T19:09:29+00:00" />
<meta property="og:image" content="https://lascriticas.com/wp-content/uploads/2021/01/Alejandra-Correa.jpeg" />
	<meta property="og:image:width" content="1080" />
	<meta property="og:image:height" content="530" />
	<meta property="og:image:type" content="image/jpeg" />
<meta name="twitter:card" content="summary_large_image" />
<meta name="twitter:site" content="@LasCriticas_com" />
<meta name="twitter:label1" content="Tiempo de lectura" />
	<meta name="twitter:data1" content="2 minutos" />
<script type="application/ld+json" class="yoast-schema-graph">{"@context":"https://schema.org","@graph":[{"@type":"WebPage","@id":"https://lascriticas.com/index.php/lascriticas/alejandra-correa/","url":"https://lascriticas.com/index.php/lascriticas/alejandra-correa/","name":"Alejandra Correa - Las Críticas","isPartOf":{"@id":"https://lascriticas.com/#website"},"primaryImageOfPage":{"@id":"https://lascriticas.com/index.php/lascriticas/alejandra-correa/#primaryimage"},"image":{"@id":"https://lascriticas.com/index.php/lascriticas/alejandra-correa/#primaryimage"},"thumbnailUrl":"https://lascriticas.com/wp-content/uploads/2021/01/Alejandra-Correa.jpeg","datePublished":"2017-11-13T21:14:11+00:00","dateModified":"2021-01-19T19:09:29+00:00","description":"Alejandra Correa es poeta, artista visual y gestora cultural. Ha recibido numerosos premios y es editora fundadora de La Gran Nilson.","breadcrumb":{"@id":"https://lascriticas.com/index.php/lascriticas/alejandra-correa/#breadcrumb"},"inLanguage":"es","potentialAction":[{"@type":"ReadAction","target":["https://lascriticas.com/index.php/lascriticas/alejandra-correa/"]}]},{"@type":"ImageObject","inLanguage":"es","@id":"https://lascriticas.com/index.php/lascriticas/alejandra-correa/#primaryimage","url":"https://lascriticas.com/wp-content/uploads/2021/01/Alejandra-Correa.jpeg","contentUrl":"https://lascriticas.com/wp-content/uploads/2021/01/Alejandra-Correa.jpeg","width":1080,"height":530,"caption":"Alejandra Correa"},{"@type":"BreadcrumbList","@id":"https://lascriticas.com/index.php/lascriticas/alejandra-correa/#breadcrumb","itemListElement":[{"@type":"ListItem","position":1,"name":"Inicio","item":"https://lascriticas.com/"},{"@type":"ListItem","position":2,"name":"Las Críticas","item":"https://lascriticas.com/index.php/lascriticas/"},{"@type":"ListItem","position":3,"name":"Alejandra Correa"}]},{"@type":"WebSite","@id":"https://lascriticas.com/#website","url":"https://lascriticas.com/","name":"Las Críticas","description":"Crítica literaria hecha por mujeres","publisher":{"@id":"https://lascriticas.com/#organization"},"potentialAction":[{"@type":"SearchAction","target":{"@type":"EntryPoint","urlTemplate":"https://lascriticas.com/?s={search_term_string}"},"query-input":{"@type":"PropertyValueSpecification","valueRequired":true,"valueName":"search_term_string"}}],"inLanguage":"es"},{"@type":"Organization","@id":"https://lascriticas.com/#organization","name":"Las Críticas","url":"https://lascriticas.com/","logo":{"@type":"ImageObject","inLanguage":"es","@id":"https://lascriticas.com/#/schema/logo/image/","url":"https://lascriticas.com/wp-content/uploads/2016/09/Las-Críticas.png","contentUrl":"https://lascriticas.com/wp-content/uploads/2016/09/Las-Críticas.png","width":372,"height":201,"caption":"Las Críticas"},"image":{"@id":"https://lascriticas.com/#/schema/logo/image/"},"sameAs":["https://www.facebook.com/lascriticas/","https://x.com/LasCriticas_com","https://www.instagram.com/lascriticas_com/","https://www.youtube.com/channel/UCd7r-H6EJA4sSXGLX33_iHQ"]}]}</script>
<!-- / Yoast SEO plugin. -->

Alejandra Correa - Las Críticas

Las Críticas

Crítica literaria hecha por mujeres

https://lascriticas.com/wp-content/uploads/2016/09/Las-Críticas.png
